{"id":100241,"date":"2023-10-25T09:21:19","date_gmt":"2023-10-25T06:21:19","guid":{"rendered":"https:\/\/eurotech-iasi.ro\/magazinonline\/?post_type=product&#038;p=100241"},"modified":"2025-06-10T14:30:29","modified_gmt":"2025-06-10T11:30:29","slug":"tractoras-tuns-iarba-seco-challenge-aj92-intek-putere-16cp","status":"publish","type":"product","link":"https:\/\/eurotech-iasi.ro\/magazinonline\/produs\/tractoras-tuns-iarba-seco-challenge-aj92-intek-putere-16cp\/","title":{"rendered":"Tractoras tuns iarba SECO CHALLENGE AJ92 Intek putere 16CP"},"content":{"rendered":"<p><strong>Tractoras tuns iarba SECO CHALLENGE AJ92 Intek putere 16CP, <\/strong>motor Briggs&amp;Stratton latime lucru 92 cm<strong>,<\/strong> de gradina, din gama\u00a0<strong>Challenge<\/strong> este fabricat de <strong>SECO<\/strong> in Cehia si este recomandat pentru utilizatorii casnici, avand o manevrabilitate excelenta si este ideal pentru suprafete mici si medii de <strong>1.000 \u2013 15.000 mp<\/strong>. Raza redusa de virare permite manevre extrem de flexibile si lucrul in zone inguste si sunt adecvate pentru utilizare in toate sezoanele (taiat, tocat, curatat de frunze sau zapada).<\/p>\n<p><strong>Tractoras tuns iarba SECO CHALLENGE AJ92 Intek putere 16CP<\/strong>este considerat datorita constructiei sale, unul dintre cele mai robuste modele de tractor de gradina mic din categoria sa de pe piata.<\/p>\n<div class=\"x11i5rnm xat24cr x1mh8g0r x1vvkbs xtlvy1s x126k92a\">\n<ul>\n<li dir=\"auto\">\ud835\udde3\ud835\uddf2\ud835\uddff\ud835\uddf3\ud835\uddfc\ud835\uddff\ud835\uddfa\ud835\uddee\ud835\uddfb\ud835\ude01\u0326\ud835\uddee\u0306 \ud835\udddc\ud835\uddfa\ud835\uddfd\ud835\uddf2\ud835\uddf0\ud835\uddee\ud835\uddef\ud835\uddf6\ud835\uddf9\ud835\uddee\u0306: Cu o l\u0103\u021bime de t\u0103iere de 92 cm \u0219i un motor puternic Briggs &amp; Stratton, acest tractora\u0219 ofer\u0103 performan\u021b\u0103 \u0219i eficien\u021b\u0103 f\u0103r\u0103 compromisuri, asigur\u00e2ndu-te c\u0103 gazonul t\u0103u va ar\u0103ta \u00eentotdeauna perfect, economisindu-\u021bi timp \u0219i energie.<\/li>\n<li dir=\"auto\">\ud835\udde9\ud835\uddf2\ud835\uddff\ud835\ude00\ud835\uddee\ud835\ude01\ud835\uddf6\ud835\uddf9\ud835\uddf6\ud835\ude01\ud835\uddee\ud835\ude01\ud835\uddf2 \ud835\uddd4\ud835\uddfb\ud835\ude02\ud835\uddee\ud835\uddf9\ud835\uddee\u0306: Datorit\u0103 accesoriilor suplimentare, acesta poate fi adaptat pentru a face fa\u021b\u0103 diferitelor sarcini \u00een fiecare sezon. De la t\u0103iatul ierbii \u00een timpul verii, la tocatul frunzelor toamna sau cur\u0103\u021barea z\u0103pezii pe timp de iarn\u0103, acest tractora\u0219 este preg\u0103tit pentru orice provocare.<\/li>\n<li dir=\"auto\">\ud835\uddd6\ud835\uddfc\ud835\ude00\u0326 \ud835\uddd6\ud835\uddfc\ud835\uddf9\ud835\uddf2\ud835\uddf0\ud835\ude01\ud835\uddfc\ud835\uddff \ud835\uddf1\ud835\uddf2 \ud835\udfef\ud835\udfec\ud835\udfec \ud835\uddf1\ud835\uddf2 \ud835\udddf\ud835\uddf6\ud835\ude01\ud835\uddff\ud835\uddf6: Cu un co\u0219 colector de dimensiuni mari, acest tractora\u0219 poate gestiona o cantitate semnificativ\u0103 de iarb\u0103 t\u0103iat\u0103, reduc\u00e2nd num\u0103rul de opriri pentru golire \u0219i optimiz\u00e2nd timpul petrecut \u00een cur\u0103\u021barea gr\u0103dinii.<\/li>\n<li dir=\"auto\">\ud835\uddd4\ud835\uddf9\ud835\uddf6\ud835\uddfa\ud835\uddf2\ud835\uddfb\ud835\ude01\ud835\uddee\ud835\uddff\ud835\uddf2 \ud835\uddf0\ud835\ude02 \ud835\uddd5\ud835\uddf2\ud835\uddfb\ud835\ude07\ud835\uddf6\ud835\uddfb\ud835\uddee\u0306 \ud835\uddfd\ud835\uddf2\ud835\uddfb\ud835\ude01\ud835\uddff\ud835\ude02 \ud835\uddd9\ud835\uddf9\ud835\uddf2\ud835\ude05\ud835\uddf6\ud835\uddef\ud835\uddf6\ud835\uddf9\ud835\uddf6\ud835\ude01\ud835\uddee\ud835\ude01\ud835\uddf2 \ud835\udde0\ud835\uddee\ud835\ude05\ud835\uddf6\ud835\uddfa\ud835\uddee\u0306: Utiliz\u00e2nd ca \u0219i combustibil benzina, tractora\u0219ul SAECO AJ 92\/16 H ofer\u0103 libertatea de a lucra f\u0103r\u0103 restric\u021bii, elimin\u00e2nd necesitatea unei surse de alimentare electric\u0103 \u0219i oferind astfel mobilitate maxim\u0103 pe \u00eentreaga suprafa\u021b\u0103 a propriet\u0103\u021bii.<\/li>\n<li dir=\"auto\">\ud835\uddd7\ud835\uddf2\ud835\ude00\ud835\uddf6\ud835\uddf4\ud835\uddfb \ud835\uddd8\ud835\uddff\ud835\uddf4\ud835\uddfc\ud835\uddfb\ud835\uddfc\ud835\uddfa\ud835\uddf6\ud835\uddf0 \ud835\uddfd\ud835\uddf2\ud835\uddfb\ud835\ude01\ud835\uddff\ud835\ude02 \ud835\uddd6\ud835\uddfc\ud835\uddfb\ud835\uddf3\ud835\uddfc\ud835\uddff\ud835\ude01: Cu un design ergonomic \u0219i o manevrabilitate u\u0219oar\u0103, acest tractora\u0219 asigur\u0103 o experien\u021b\u0103 confortabil\u0103 \u0219i pl\u0103cut\u0103 pentru utilizator, reduc\u00e2nd oboseala \u0219i facilit\u00e2nd utilizarea pe termen lung.<\/li>\n<li dir=\"auto\">\ud835\udde3\ud835\uddf2\ud835\uddff\ud835\uddf3\ud835\uddfc\ud835\uddff\ud835\uddfa\ud835\uddee\ud835\uddfb\ud835\ude01\u0326\ud835\uddee\u0306 \ud835\ude00\u0326\ud835\uddf6 \ud835\uddd8\ud835\uddf3\ud835\uddf6\ud835\uddf0\ud835\uddf6\ud835\uddf2\ud835\uddfb\ud835\ude01\u0326\ud835\uddee\u0306 : Cu toate aceste caracteristici superioare combinate, tractora\u0219ul de tuns iarb\u0103 SAECO AJ 92\/16 H \u00ee\u021bi permite s\u0103 finalizezi munca de \u00eentre\u021binere a gazonului cu u\u0219urin\u021b\u0103 \u0219i eficien\u021b\u0103, oferind rezultate de calitate profesional\u0103 \u00een fiecare utilizare.<\/li>\n<\/ul>\n<\/div>\n<div class=\"x11i5rnm xat24cr x1mh8g0r x1vvkbs xtlvy1s x126k92a\">\n<div dir=\"auto\">Indiferent de dimensiunea gr\u0103dinii tale sau de necesit\u0103\u021bile specifice de \u00eentre\u021binere, acest tractora\u0219 este partenerul perfect pentru a-\u021bi transforma curtea \u00eentr-un spa\u021biu verde \u0219i frumos \u00eentr-un mod rapid, eficient \u0219i confortabil.<\/div>\n<\/div>\n<h2>Avantaje &#8211; Tractoras tuns iarba SECO CHALLENGE AJ92 Intek putere 16CP:<\/h2>\n<p>\u2022 Transmisie hidrostatica<br \/>\n\u2022 Ax anterior masiv din fonta<br \/>\n\u2022 Roti anterioare pe rulmenti<br \/>\n\u2022 Flanse si suporturi pentru cutite din fonta cu grafit nodular<br \/>\n\u2022 Bolturi de siguranta pentru cutitele de taiere<br \/>\n\u2022 Curele rezistente cu insertie din fibre de Kevlar<br \/>\n\u2022 Manevrabilitate excelenta cu raza redusa de virare<br \/>\n\u2022 Baterie fara intretinere de 12V 28Ah<\/p>\n<h3>Specificatii tehnice &#8211; Tractoras tuns iarba SECO CHALLENGE AJ92 Intek putere 16CP:<\/h3>\n<ul>\n<li>Tip motor: BRIGGS &amp; STRATTON 16 CP 2 cilindri si pompa de ungere<\/li>\n<li>Model motor: 7160EXi (Intek)<\/li>\n<li>Transmisie: Hydro Gear T2, diam. ax 19 mm<\/li>\n<li>Latime de taiere: 92 cm<\/li>\n<li>Unitate de taiere: 2 rotoare, oblica<\/li>\n<li>Suport cu\u021bite: din font\u0103, sustinerea cu\u021bitului cu bolturi de siguranta<\/li>\n<li>Curele: cu insertie de fibre din Kevlar<\/li>\n<li>Actionare mecanism de taiere: ambreiaj electromagnetic<\/li>\n<li>Inaltime de taiere: de la 30 mm la 85 mm, 6 pozitii<\/li>\n<li>Roti anterioare \/ posterioare: 15&#215;6\u201c \/ 18&#215;8.5\u201c<\/li>\n<li>Rezervor carburant: 8 l<\/li>\n<li>Baterie: 12 V, 28 Ah<\/li>\n<li>Cos colector: 300 L<\/li>\n<li>Faruri: LED<\/li>\n<li>Echipamente speciale: contor ore de functionare, claxon + functie AUTO-MAN, mecanism de taiere conbinat (colectare \/ maruntire)<\/li>\n<li>Dimensiuni (Lxlxi): 2445 x 950 x 1120 mm<\/li>\n<li>Greutate: 226 kg<\/li>\n<\/ul>\n","protected":false},"excerpt":{"rendered":"<p class=\"product-title\"><strong>Tractoras tuns iarba SECO CHALLENGE AJ92 Intek putere 16CP, <\/strong>motor Briggs&amp;Stratton latime lucru 92 cm este ideal pentru suprafete mici si medii de 1.000 \u2013 15.000 mp<\/p>\n<p><em><strong>Cod produs: S536026047033<\/strong><\/em><\/p>\n<p><span style=\"color: #ff0000;\"><em><strong>*Din cauza greutatii acest tip de echipament nu poate fi expediat prin intermediul serviciului de curierat rapid. Dupa plasarea comenzii va vom confirma pe e-mail sau veti fi contactat\/a telefonic pentru a vi se comunica modaliatea de transport.<\/strong><\/em><\/span><\/p>\n","protected":false},"featured_media":100242,"comment_status":"open","ping_status":"closed","template":"","meta":{"_acf_changed":false},"product_cat":[4337,14028],"product_tag":[],"woo-feed-brand":[],"class_list":{"0":"post-100241","1":"product","2":"type-product","3":"status-publish","4":"has-post-thumbnail","6":"product_brand-producator-de-tractoare-de-gradina-avand-o-cu-traditie-din-1888","7":"product_cat-gradinarit-agricultura","8":"product_cat-tractorase-de-tuns-iarba","9":"pa_brand-agent-trade","10":"pa_capacitate-rezervor-8-l","11":"pa_putere-motor-16-cp","13":"first","14":"instock","15":"shipping-taxable","16":"purchasable","17":"product-type-simple"},"acf":[],"yoast_head":"<!-- This site is optimized with the Yoast SEO plugin v27.3 - https:\/\/yoast.com\/product\/yoast-seo-wordpress\/ -->\n<title>Tractoras tuns iarba SECO CHALLENGE AJ92 Intek putere 16CP - Eurotech Iasi<\/title>\n<meta name=\"robots\" content=\"index, follow, max-snippet:-1, max-image-preview:large, max-video-preview:-1\" \/>\n<link rel=\"canonical\" href=\"https:\/\/eurotech-iasi.ro\/magazinonline\/produs\/tractoras-tuns-iarba-seco-challenge-aj92-intek-putere-16cp\/\" \/>\n<meta property=\"og:locale\" content=\"ro_RO\" \/>\n<meta property=\"og:type\" content=\"article\" \/>\n<meta property=\"og:title\" content=\"Tractoras tuns iarba SECO CHALLENGE AJ92 Intek putere 16CP - Eurotech Iasi\" \/>\n<meta property=\"og:description\" content=\"Tractoras tuns iarba SECO CHALLENGE AJ92 Intek putere 16CP, motor Briggs&amp;Stratton latime lucru 92 cm este ideal pentru suprafete mici si medii de 1.000 \u2013 15.000 mp Cod produs: S536026047033  *Din cauza greutatii acest tip de echipament nu poate fi expediat prin intermediul serviciului de curierat rapid. Dupa plasarea comenzii va vom confirma pe e-mail sau veti fi contactat\/a telefonic pentru a vi se comunica modaliatea de transport.\" \/>\n<meta property=\"og:url\" content=\"https:\/\/eurotech-iasi.ro\/magazinonline\/produs\/tractoras-tuns-iarba-seco-challenge-aj92-intek-putere-16cp\/\" \/>\n<meta property=\"og:site_name\" content=\"Eurotech Iasi\" \/>\n<meta property=\"article:publisher\" content=\"https:\/\/www.facebook.com\/EurotechIasi\/\" \/>\n<meta property=\"article:modified_time\" content=\"2025-06-10T11:30:29+00:00\" \/>\n<meta property=\"og:image\" content=\"https:\/\/eurotech-iasi.ro\/magazinonline\/wp-content\/uploads\/2023\/10\/Tractoras-de-tuns-iarba-SECO-CHALLENGE-AJ92-Intek-putere-16CP-BriggsStratton-latime-lucru-92-cm-1.png\" \/>\n\t<meta property=\"og:image:width\" content=\"750\" \/>\n\t<meta property=\"og:image:height\" content=\"750\" \/>\n\t<meta property=\"og:image:type\" content=\"image\/png\" \/>\n<meta name=\"twitter:label1\" content=\"Timp estimat pentru citire\" \/>\n\t<meta name=\"twitter:data1\" content=\"3 minute\" \/>\n<script type=\"application\/ld+json\" class=\"yoast-schema-graph\">{\"@context\":\"https:\\\/\\\/schema.org\",\"@graph\":[{\"@type\":\"WebPage\",\"@id\":\"https:\\\/\\\/eurotech-iasi.ro\\\/magazinonline\\\/produs\\\/tractoras-tuns-iarba-seco-challenge-aj92-intek-putere-16cp\\\/\",\"url\":\"https:\\\/\\\/eurotech-iasi.ro\\\/magazinonline\\\/produs\\\/tractoras-tuns-iarba-seco-challenge-aj92-intek-putere-16cp\\\/\",\"name\":\"Tractoras tuns iarba SECO CHALLENGE AJ92 Intek putere 16CP - Eurotech Iasi\",\"isPartOf\":{\"@id\":\"https:\\\/\\\/eurotech-iasi.ro\\\/magazinonline\\\/#website\"},\"primaryImageOfPage\":{\"@id\":\"https:\\\/\\\/eurotech-iasi.ro\\\/magazinonline\\\/produs\\\/tractoras-tuns-iarba-seco-challenge-aj92-intek-putere-16cp\\\/#primaryimage\"},\"image\":{\"@id\":\"https:\\\/\\\/eurotech-iasi.ro\\\/magazinonline\\\/produs\\\/tractoras-tuns-iarba-seco-challenge-aj92-intek-putere-16cp\\\/#primaryimage\"},\"thumbnailUrl\":\"https:\\\/\\\/eurotech-iasi.ro\\\/magazinonline\\\/wp-content\\\/uploads\\\/2023\\\/10\\\/Tractoras-de-tuns-iarba-SECO-CHALLENGE-AJ92-Intek-putere-16CP-BriggsStratton-latime-lucru-92-cm-1.png\",\"datePublished\":\"2023-10-25T06:21:19+00:00\",\"dateModified\":\"2025-06-10T11:30:29+00:00\",\"breadcrumb\":{\"@id\":\"https:\\\/\\\/eurotech-iasi.ro\\\/magazinonline\\\/produs\\\/tractoras-tuns-iarba-seco-challenge-aj92-intek-putere-16cp\\\/#breadcrumb\"},\"inLanguage\":\"ro-RO\",\"potentialAction\":[{\"@type\":\"ReadAction\",\"target\":[\"https:\\\/\\\/eurotech-iasi.ro\\\/magazinonline\\\/produs\\\/tractoras-tuns-iarba-seco-challenge-aj92-intek-putere-16cp\\\/\"]}]},{\"@type\":\"ImageObject\",\"inLanguage\":\"ro-RO\",\"@id\":\"https:\\\/\\\/eurotech-iasi.ro\\\/magazinonline\\\/produs\\\/tractoras-tuns-iarba-seco-challenge-aj92-intek-putere-16cp\\\/#primaryimage\",\"url\":\"https:\\\/\\\/eurotech-iasi.ro\\\/magazinonline\\\/wp-content\\\/uploads\\\/2023\\\/10\\\/Tractoras-de-tuns-iarba-SECO-CHALLENGE-AJ92-Intek-putere-16CP-BriggsStratton-latime-lucru-92-cm-1.png\",\"contentUrl\":\"https:\\\/\\\/eurotech-iasi.ro\\\/magazinonline\\\/wp-content\\\/uploads\\\/2023\\\/10\\\/Tractoras-de-tuns-iarba-SECO-CHALLENGE-AJ92-Intek-putere-16CP-BriggsStratton-latime-lucru-92-cm-1.png\",\"width\":750,\"height\":750,\"caption\":\"Tractoras tuns iarba SECO CHALLENGE AJ92 Intek putere 16CP\"},{\"@type\":\"BreadcrumbList\",\"@id\":\"https:\\\/\\\/eurotech-iasi.ro\\\/magazinonline\\\/produs\\\/tractoras-tuns-iarba-seco-challenge-aj92-intek-putere-16cp\\\/#breadcrumb\",\"itemListElement\":[{\"@type\":\"ListItem\",\"position\":1,\"name\":\"Prima pagin\u0103\",\"item\":\"https:\\\/\\\/eurotech-iasi.ro\\\/magazinonline\\\/\"},{\"@type\":\"ListItem\",\"position\":2,\"name\":\"Shop\",\"item\":\"https:\\\/\\\/eurotech-iasi.ro\\\/magazinonline\\\/shop\\\/\"},{\"@type\":\"ListItem\",\"position\":3,\"name\":\"Tractoras tuns iarba SECO CHALLENGE AJ92 Intek putere 16CP\"}]},{\"@type\":\"WebSite\",\"@id\":\"https:\\\/\\\/eurotech-iasi.ro\\\/magazinonline\\\/#website\",\"url\":\"https:\\\/\\\/eurotech-iasi.ro\\\/magazinonline\\\/\",\"name\":\"Eurotech Iasi\",\"description\":\"Cu oameni seriosi\",\"publisher\":{\"@id\":\"https:\\\/\\\/eurotech-iasi.ro\\\/magazinonline\\\/#organization\"},\"potentialAction\":[{\"@type\":\"SearchAction\",\"target\":{\"@type\":\"EntryPoint\",\"urlTemplate\":\"https:\\\/\\\/eurotech-iasi.ro\\\/magazinonline\\\/?s={search_term_string}\"},\"query-input\":{\"@type\":\"PropertyValueSpecification\",\"valueRequired\":true,\"valueName\":\"search_term_string\"}}],\"inLanguage\":\"ro-RO\"},{\"@type\":\"Organization\",\"@id\":\"https:\\\/\\\/eurotech-iasi.ro\\\/magazinonline\\\/#organization\",\"name\":\"Eurotech Iasi\",\"url\":\"https:\\\/\\\/eurotech-iasi.ro\\\/magazinonline\\\/\",\"logo\":{\"@type\":\"ImageObject\",\"inLanguage\":\"ro-RO\",\"@id\":\"https:\\\/\\\/eurotech-iasi.ro\\\/magazinonline\\\/#\\\/schema\\\/logo\\\/image\\\/\",\"url\":\"https:\\\/\\\/eurotech-iasi.ro\\\/magazinonline\\\/wp-content\\\/uploads\\\/2020\\\/08\\\/logo-eurotech.png\",\"contentUrl\":\"https:\\\/\\\/eurotech-iasi.ro\\\/magazinonline\\\/wp-content\\\/uploads\\\/2020\\\/08\\\/logo-eurotech.png\",\"width\":290,\"height\":70,\"caption\":\"Eurotech Iasi\"},\"image\":{\"@id\":\"https:\\\/\\\/eurotech-iasi.ro\\\/magazinonline\\\/#\\\/schema\\\/logo\\\/image\\\/\"},\"sameAs\":[\"https:\\\/\\\/www.facebook.com\\\/EurotechIasi\\\/\"]}]}<\/script>\n<!-- \/ Yoast SEO plugin. -->","yoast_head_json":{"title":"Tractoras tuns iarba SECO CHALLENGE AJ92 Intek putere 16CP - Eurotech Iasi","robots":{"index":"index","follow":"follow","max-snippet":"max-snippet:-1","max-image-preview":"max-image-preview:large","max-video-preview":"max-video-preview:-1"},"canonical":"https:\/\/eurotech-iasi.ro\/magazinonline\/produs\/tractoras-tuns-iarba-seco-challenge-aj92-intek-putere-16cp\/","og_locale":"ro_RO","og_type":"article","og_title":"Tractoras tuns iarba SECO CHALLENGE AJ92 Intek putere 16CP - Eurotech Iasi","og_description":"Tractoras tuns iarba SECO CHALLENGE AJ92 Intek putere 16CP, motor Briggs&amp;Stratton latime lucru 92 cm este ideal pentru suprafete mici si medii de 1.000 \u2013 15.000 mp Cod produs: S536026047033  *Din cauza greutatii acest tip de echipament nu poate fi expediat prin intermediul serviciului de curierat rapid. Dupa plasarea comenzii va vom confirma pe e-mail sau veti fi contactat\/a telefonic pentru a vi se comunica modaliatea de transport.","og_url":"https:\/\/eurotech-iasi.ro\/magazinonline\/produs\/tractoras-tuns-iarba-seco-challenge-aj92-intek-putere-16cp\/","og_site_name":"Eurotech Iasi","article_publisher":"https:\/\/www.facebook.com\/EurotechIasi\/","article_modified_time":"2025-06-10T11:30:29+00:00","og_image":[{"width":750,"height":750,"url":"https:\/\/eurotech-iasi.ro\/magazinonline\/wp-content\/uploads\/2023\/10\/Tractoras-de-tuns-iarba-SECO-CHALLENGE-AJ92-Intek-putere-16CP-BriggsStratton-latime-lucru-92-cm-1.png","type":"image\/png"}],"twitter_misc":{"Timp estimat pentru citire":"3 minute"},"schema":{"@context":"https:\/\/schema.org","@graph":[{"@type":"WebPage","@id":"https:\/\/eurotech-iasi.ro\/magazinonline\/produs\/tractoras-tuns-iarba-seco-challenge-aj92-intek-putere-16cp\/","url":"https:\/\/eurotech-iasi.ro\/magazinonline\/produs\/tractoras-tuns-iarba-seco-challenge-aj92-intek-putere-16cp\/","name":"Tractoras tuns iarba SECO CHALLENGE AJ92 Intek putere 16CP - Eurotech Iasi","isPartOf":{"@id":"https:\/\/eurotech-iasi.ro\/magazinonline\/#website"},"primaryImageOfPage":{"@id":"https:\/\/eurotech-iasi.ro\/magazinonline\/produs\/tractoras-tuns-iarba-seco-challenge-aj92-intek-putere-16cp\/#primaryimage"},"image":{"@id":"https:\/\/eurotech-iasi.ro\/magazinonline\/produs\/tractoras-tuns-iarba-seco-challenge-aj92-intek-putere-16cp\/#primaryimage"},"thumbnailUrl":"https:\/\/eurotech-iasi.ro\/magazinonline\/wp-content\/uploads\/2023\/10\/Tractoras-de-tuns-iarba-SECO-CHALLENGE-AJ92-Intek-putere-16CP-BriggsStratton-latime-lucru-92-cm-1.png","datePublished":"2023-10-25T06:21:19+00:00","dateModified":"2025-06-10T11:30:29+00:00","breadcrumb":{"@id":"https:\/\/eurotech-iasi.ro\/magazinonline\/produs\/tractoras-tuns-iarba-seco-challenge-aj92-intek-putere-16cp\/#breadcrumb"},"inLanguage":"ro-RO","potentialAction":[{"@type":"ReadAction","target":["https:\/\/eurotech-iasi.ro\/magazinonline\/produs\/tractoras-tuns-iarba-seco-challenge-aj92-intek-putere-16cp\/"]}]},{"@type":"ImageObject","inLanguage":"ro-RO","@id":"https:\/\/eurotech-iasi.ro\/magazinonline\/produs\/tractoras-tuns-iarba-seco-challenge-aj92-intek-putere-16cp\/#primaryimage","url":"https:\/\/eurotech-iasi.ro\/magazinonline\/wp-content\/uploads\/2023\/10\/Tractoras-de-tuns-iarba-SECO-CHALLENGE-AJ92-Intek-putere-16CP-BriggsStratton-latime-lucru-92-cm-1.png","contentUrl":"https:\/\/eurotech-iasi.ro\/magazinonline\/wp-content\/uploads\/2023\/10\/Tractoras-de-tuns-iarba-SECO-CHALLENGE-AJ92-Intek-putere-16CP-BriggsStratton-latime-lucru-92-cm-1.png","width":750,"height":750,"caption":"Tractoras tuns iarba SECO CHALLENGE AJ92 Intek putere 16CP"},{"@type":"BreadcrumbList","@id":"https:\/\/eurotech-iasi.ro\/magazinonline\/produs\/tractoras-tuns-iarba-seco-challenge-aj92-intek-putere-16cp\/#breadcrumb","itemListElement":[{"@type":"ListItem","position":1,"name":"Prima pagin\u0103","item":"https:\/\/eurotech-iasi.ro\/magazinonline\/"},{"@type":"ListItem","position":2,"name":"Shop","item":"https:\/\/eurotech-iasi.ro\/magazinonline\/shop\/"},{"@type":"ListItem","position":3,"name":"Tractoras tuns iarba SECO CHALLENGE AJ92 Intek putere 16CP"}]},{"@type":"WebSite","@id":"https:\/\/eurotech-iasi.ro\/magazinonline\/#website","url":"https:\/\/eurotech-iasi.ro\/magazinonline\/","name":"Eurotech Iasi","description":"Cu oameni seriosi","publisher":{"@id":"https:\/\/eurotech-iasi.ro\/magazinonline\/#organization"},"potentialAction":[{"@type":"SearchAction","target":{"@type":"EntryPoint","urlTemplate":"https:\/\/eurotech-iasi.ro\/magazinonline\/?s={search_term_string}"},"query-input":{"@type":"PropertyValueSpecification","valueRequired":true,"valueName":"search_term_string"}}],"inLanguage":"ro-RO"},{"@type":"Organization","@id":"https:\/\/eurotech-iasi.ro\/magazinonline\/#organization","name":"Eurotech Iasi","url":"https:\/\/eurotech-iasi.ro\/magazinonline\/","logo":{"@type":"ImageObject","inLanguage":"ro-RO","@id":"https:\/\/eurotech-iasi.ro\/magazinonline\/#\/schema\/logo\/image\/","url":"https:\/\/eurotech-iasi.ro\/magazinonline\/wp-content\/uploads\/2020\/08\/logo-eurotech.png","contentUrl":"https:\/\/eurotech-iasi.ro\/magazinonline\/wp-content\/uploads\/2020\/08\/logo-eurotech.png","width":290,"height":70,"caption":"Eurotech Iasi"},"image":{"@id":"https:\/\/eurotech-iasi.ro\/magazinonline\/#\/schema\/logo\/image\/"},"sameAs":["https:\/\/www.facebook.com\/EurotechIasi\/"]}]}},"_links":{"self":[{"href":"https:\/\/eurotech-iasi.ro\/magazinonline\/wp-json\/wp\/v2\/product\/100241","targetHints":{"allow":["GET"]}}],"collection":[{"href":"https:\/\/eurotech-iasi.ro\/magazinonline\/wp-json\/wp\/v2\/product"}],"about":[{"href":"https:\/\/eurotech-iasi.ro\/magazinonline\/wp-json\/wp\/v2\/types\/product"}],"replies":[{"embeddable":true,"href":"https:\/\/eurotech-iasi.ro\/magazinonline\/wp-json\/wp\/v2\/comments?post=100241"}],"wp:featuredmedia":[{"embeddable":true,"href":"https:\/\/eurotech-iasi.ro\/magazinonline\/wp-json\/wp\/v2\/media\/100242"}],"wp:attachment":[{"href":"https:\/\/eurotech-iasi.ro\/magazinonline\/wp-json\/wp\/v2\/media?parent=100241"}],"wp:term":[{"taxonomy":"product_cat","embeddable":true,"href":"https:\/\/eurotech-iasi.ro\/magazinonline\/wp-json\/wp\/v2\/product_cat?post=100241"},{"taxonomy":"product_tag","embeddable":true,"href":"https:\/\/eurotech-iasi.ro\/magazinonline\/wp-json\/wp\/v2\/product_tag?post=100241"},{"taxonomy":"woo-feed-brand","embeddable":true,"href":"https:\/\/eurotech-iasi.ro\/magazinonline\/wp-json\/wp\/v2\/woo-feed-brand?post=100241"}],"curies":[{"name":"wp","href":"https:\/\/api.w.org\/{rel}","templated":true}]}}