{"id":101138,"date":"2023-12-19T11:02:04","date_gmt":"2023-12-19T09:02:04","guid":{"rendered":"https:\/\/eurotech-iasi.ro\/magazinonline\/?post_type=product&#038;p=101138"},"modified":"2025-12-22T15:05:58","modified_gmt":"2025-12-22T13:05:58","slug":"surubelnita-cu-impact-cu-acumulatori-bosch-gds-18v-1050-h","status":"publish","type":"product","link":"https:\/\/eurotech-iasi.ro\/magazinonline\/produs\/surubelnita-cu-impact-cu-acumulatori-bosch-gds-18v-1050-h\/","title":{"rendered":"Surubelnita cu impact cu acumulatori BOSCH GDS 18V &#8211; 1050 H"},"content":{"rendered":"<p><strong>Surubelnita cu impact cu acumulatori BOSCH GDS 18V &#8211; 1050 H<\/strong> are o putere maxima la superlativ: masina de insurubat cu percutie si cuplu puternic cu sistem de prindere patrat de 3\/4&#8243; cu tehnologie BITURBO Brushless.<\/p>\n<p><em><strong>Beneficii pentru utilizatori:<\/strong><\/em><\/p>\n<ul>\n<li>Putere impresionanta cu libertate fara cablu de alimentare datorita acumulatorilor ProCORE 18V si motorului fara perii<\/li>\n<li>Motor de inalta performanta cu un cuplu de strangere de 1050 Nm si un cuplu de pornire de pana la 1700 Nm<\/li>\n<li>Versatilitate ideala si putere controlata datorita setarilor cu 3 turatii\/cupluri<\/li>\n<\/ul>\n<p><em><strong>Setul de livrare contine:<\/strong><\/em><\/p>\n<ul class=\"m-conversion_area__ul\">\n<li class=\"m-conversion_area__li\">Masina de gaurit cu percutie BOSCH GDS 18V &#8211; 1050 H<\/li>\n<li class=\"m-conversion_area__li\">2 x acumulatori GBA 18V 5.0Ah<\/li>\n<li>Incarcator rapid rapid GAL 18V-40 Professional<\/li>\n<\/ul>\n<div class=\"m-conversion_area__wrapper\">\n<h2 class=\"info\">Specificatii tehnice &#8211; Surubelnita cu impact cu acumulatori BOSCH GDS 18V &#8211; 1050 H:<\/h2>\n<p>Domeniu de reglare a cuplului, min.\/max., treapta 1 0\/350 Nm<br \/>\nDomeniu de reglare a cuplului, min.\/max., treapta 2 0\/750 Nm<br \/>\nDomeniu de reglare a cuplului, min.\/max., treapta 3 0\/1050 Nm<br \/>\nTuratie la mersul in gol 0-800 rot\/min<br \/>\nTuratie la mers in gol (treapta 1) 0-800 rot\/min<br \/>\nTuratie la mers in gol (treapta 2) 0-1.200 rot\/min<br \/>\nTuratie la mers in gol (treapta 3) 0-1.750 rot\/min<br \/>\nTrepte ale momentului de torsiune 3<br \/>\nGreutate excl. acumulator 2.9 kg<br \/>\nCuplu max. 1050 Nm<br \/>\nNumar percutii 0-2.600 percutii\/min<br \/>\nViteza percutii(treapta 1) 0-1.600 percutii\/min<br \/>\nViteza percutii (treapta 2) 0-2.400 percutii\/min<br \/>\nViteza percutii (treapta 3) 0-2.600 percutii\/min<br \/>\nSistem de prindere Patrat 3\/4&#8221;<br \/>\nCuplu de pornire, max. 1700 Nm<br \/>\nDimensiuni scula (latime) 86 mm<br \/>\nDimensiuni scula (lungime) 222 mm<br \/>\nDimensiuni scula (inaltime) 240 mm<br \/>\nCapacitate acumulator 5,0 Ah<br \/>\nMoment de torsiune maxim (insurubare dura) 1050 Nm<br \/>\nTensiunea acumulatorului 18,0 V<br \/>\nSubdiviziune categorie de produse Surubelnite cu impact cu acumulator<br \/>\nDiametru suruburi<br \/>\nDiam. suruburi M 14 \u2013 M 24<br \/>\nInformatii privind zgomotele\/vibratiile<br \/>\nNivel zgomot Nivelul de zgomot evaluat A al sculei electrice este in mod normal de: nivel presiune sonora 95 dB(A); nivel putere sonora 106 dB(A). Incertitudine K= 5 dB.<\/p>\n<\/div>\n","protected":false},"excerpt":{"rendered":"<p><strong>Surubelnita cu impact cu acumulatori BOSCH GDS 18V &#8211; 1050 H<\/strong> are o putere maxima la superlativ: ma\u015fina de in\u015furubat cu percu\u0163ie \u015fi cuplu puternic de 3\/4&#8243; cu tehnologie BITURBO Brushless.<\/p>\n<p><em><strong>Cod produs: 06019J8522<\/strong><\/em><\/p>\n","protected":false},"featured_media":101147,"comment_status":"open","ping_status":"closed","template":"","meta":{"_acf_changed":false},"product_cat":[4335,6190],"product_tag":[],"woo-feed-brand":[],"class_list":{"0":"post-101138","1":"product","2":"type-product","3":"status-publish","4":"has-post-thumbnail","6":"product_brand-bosch","7":"product_cat-scule-electrice-cu-acumulatori","8":"product_cat-surubelnite-cu-acumulator","9":"pa_brand-bosch","10":"pa_greutate-2-9-kg","11":"pa_tensiune-acumulatori-18-v","12":"pa_turatie-de-mers-in-gol-0-800-rot-min","14":"first","15":"instock","16":"purchasable","17":"product-type-simple"},"acf":[],"yoast_head":"<!-- This site is optimized with the Yoast SEO plugin v27.5 - https:\/\/yoast.com\/product\/yoast-seo-wordpress\/ -->\n<title>Surubelnita cu impact cu acumulatori BOSCH GDS 18V - 1050 H - Eurotech Iasi<\/title>\n<meta name=\"description\" content=\"Surubelnita cu impact cu acumulator BOSCH GDS 250-LI, masina de gaurit cu percutie, software ABR inovator, ideala pentru cresterea productivitatii lucrului.\" \/>\n<meta name=\"robots\" content=\"index, follow, max-snippet:-1, max-image-preview:large, max-video-preview:-1\" \/>\n<link rel=\"canonical\" href=\"https:\/\/eurotech-iasi.ro\/magazinonline\/produs\/surubelnita-cu-impact-cu-acumulatori-bosch-gds-18v-1050-h\/\" \/>\n<meta property=\"og:locale\" content=\"ro_RO\" \/>\n<meta property=\"og:type\" content=\"article\" \/>\n<meta property=\"og:title\" content=\"Surubelnita cu impact cu acumulatori BOSCH GDS 18V - 1050 H - Eurotech Iasi\" \/>\n<meta property=\"og:description\" content=\"Surubelnita cu impact cu acumulator BOSCH GDS 250-LI, masina de gaurit cu percutie, software ABR inovator, ideala pentru cresterea productivitatii lucrului.\" \/>\n<meta property=\"og:url\" content=\"https:\/\/eurotech-iasi.ro\/magazinonline\/produs\/surubelnita-cu-impact-cu-acumulatori-bosch-gds-18v-1050-h\/\" \/>\n<meta property=\"og:site_name\" content=\"Eurotech Iasi\" \/>\n<meta property=\"article:publisher\" content=\"https:\/\/www.facebook.com\/EurotechIasi\/\" \/>\n<meta property=\"article:modified_time\" content=\"2025-12-22T13:05:58+00:00\" \/>\n<meta property=\"og:image\" content=\"https:\/\/eurotech-iasi.ro\/magazinonline\/wp-content\/uploads\/2023\/12\/Surubelnita-cu-impact-cu-acumulatori-BOSCH-GDS-18V-1050-H-2.png\" \/>\n\t<meta property=\"og:image:width\" content=\"750\" \/>\n\t<meta property=\"og:image:height\" content=\"750\" \/>\n\t<meta property=\"og:image:type\" content=\"image\/png\" \/>\n<meta name=\"twitter:label1\" content=\"Timp estimat pentru citire\" \/>\n\t<meta name=\"twitter:data1\" content=\"2 minute\" \/>\n<script type=\"application\/ld+json\" class=\"yoast-schema-graph\">{\"@context\":\"https:\\\/\\\/schema.org\",\"@graph\":[{\"@type\":\"WebPage\",\"@id\":\"https:\\\/\\\/eurotech-iasi.ro\\\/magazinonline\\\/produs\\\/surubelnita-cu-impact-cu-acumulatori-bosch-gds-18v-1050-h\\\/\",\"url\":\"https:\\\/\\\/eurotech-iasi.ro\\\/magazinonline\\\/produs\\\/surubelnita-cu-impact-cu-acumulatori-bosch-gds-18v-1050-h\\\/\",\"name\":\"Surubelnita cu impact cu acumulatori BOSCH GDS 18V - 1050 H - Eurotech Iasi\",\"isPartOf\":{\"@id\":\"https:\\\/\\\/eurotech-iasi.ro\\\/magazinonline\\\/#website\"},\"primaryImageOfPage\":{\"@id\":\"https:\\\/\\\/eurotech-iasi.ro\\\/magazinonline\\\/produs\\\/surubelnita-cu-impact-cu-acumulatori-bosch-gds-18v-1050-h\\\/#primaryimage\"},\"image\":{\"@id\":\"https:\\\/\\\/eurotech-iasi.ro\\\/magazinonline\\\/produs\\\/surubelnita-cu-impact-cu-acumulatori-bosch-gds-18v-1050-h\\\/#primaryimage\"},\"thumbnailUrl\":\"https:\\\/\\\/eurotech-iasi.ro\\\/magazinonline\\\/wp-content\\\/uploads\\\/2023\\\/12\\\/Surubelnita-cu-impact-cu-acumulatori-BOSCH-GDS-18V-1050-H-2.png\",\"datePublished\":\"2023-12-19T09:02:04+00:00\",\"dateModified\":\"2025-12-22T13:05:58+00:00\",\"description\":\"Surubelnita cu impact cu acumulator BOSCH GDS 250-LI, masina de gaurit cu percutie, software ABR inovator, ideala pentru cresterea productivitatii lucrului.\",\"breadcrumb\":{\"@id\":\"https:\\\/\\\/eurotech-iasi.ro\\\/magazinonline\\\/produs\\\/surubelnita-cu-impact-cu-acumulatori-bosch-gds-18v-1050-h\\\/#breadcrumb\"},\"inLanguage\":\"ro-RO\",\"potentialAction\":[{\"@type\":\"ReadAction\",\"target\":[\"https:\\\/\\\/eurotech-iasi.ro\\\/magazinonline\\\/produs\\\/surubelnita-cu-impact-cu-acumulatori-bosch-gds-18v-1050-h\\\/\"]}]},{\"@type\":\"ImageObject\",\"inLanguage\":\"ro-RO\",\"@id\":\"https:\\\/\\\/eurotech-iasi.ro\\\/magazinonline\\\/produs\\\/surubelnita-cu-impact-cu-acumulatori-bosch-gds-18v-1050-h\\\/#primaryimage\",\"url\":\"https:\\\/\\\/eurotech-iasi.ro\\\/magazinonline\\\/wp-content\\\/uploads\\\/2023\\\/12\\\/Surubelnita-cu-impact-cu-acumulatori-BOSCH-GDS-18V-1050-H-2.png\",\"contentUrl\":\"https:\\\/\\\/eurotech-iasi.ro\\\/magazinonline\\\/wp-content\\\/uploads\\\/2023\\\/12\\\/Surubelnita-cu-impact-cu-acumulatori-BOSCH-GDS-18V-1050-H-2.png\",\"width\":750,\"height\":750,\"caption\":\"Surubelnita cu impact cu acumulatori BOSCH GDS 18V - 1050 H\"},{\"@type\":\"BreadcrumbList\",\"@id\":\"https:\\\/\\\/eurotech-iasi.ro\\\/magazinonline\\\/produs\\\/surubelnita-cu-impact-cu-acumulatori-bosch-gds-18v-1050-h\\\/#breadcrumb\",\"itemListElement\":[{\"@type\":\"ListItem\",\"position\":1,\"name\":\"Prima pagin\u0103\",\"item\":\"https:\\\/\\\/eurotech-iasi.ro\\\/magazinonline\\\/\"},{\"@type\":\"ListItem\",\"position\":2,\"name\":\"Shop\",\"item\":\"https:\\\/\\\/eurotech-iasi.ro\\\/magazinonline\\\/shop\\\/\"},{\"@type\":\"ListItem\",\"position\":3,\"name\":\"Surubelnita cu impact cu acumulatori BOSCH GDS 18V &#8211; 1050 H\"}]},{\"@type\":\"WebSite\",\"@id\":\"https:\\\/\\\/eurotech-iasi.ro\\\/magazinonline\\\/#website\",\"url\":\"https:\\\/\\\/eurotech-iasi.ro\\\/magazinonline\\\/\",\"name\":\"Eurotech Iasi\",\"description\":\"Cu oameni seriosi\",\"publisher\":{\"@id\":\"https:\\\/\\\/eurotech-iasi.ro\\\/magazinonline\\\/#organization\"},\"potentialAction\":[{\"@type\":\"SearchAction\",\"target\":{\"@type\":\"EntryPoint\",\"urlTemplate\":\"https:\\\/\\\/eurotech-iasi.ro\\\/magazinonline\\\/?s={search_term_string}\"},\"query-input\":{\"@type\":\"PropertyValueSpecification\",\"valueRequired\":true,\"valueName\":\"search_term_string\"}}],\"inLanguage\":\"ro-RO\"},{\"@type\":\"Organization\",\"@id\":\"https:\\\/\\\/eurotech-iasi.ro\\\/magazinonline\\\/#organization\",\"name\":\"Eurotech Iasi\",\"url\":\"https:\\\/\\\/eurotech-iasi.ro\\\/magazinonline\\\/\",\"logo\":{\"@type\":\"ImageObject\",\"inLanguage\":\"ro-RO\",\"@id\":\"https:\\\/\\\/eurotech-iasi.ro\\\/magazinonline\\\/#\\\/schema\\\/logo\\\/image\\\/\",\"url\":\"https:\\\/\\\/eurotech-iasi.ro\\\/magazinonline\\\/wp-content\\\/uploads\\\/2020\\\/08\\\/logo-eurotech.png\",\"contentUrl\":\"https:\\\/\\\/eurotech-iasi.ro\\\/magazinonline\\\/wp-content\\\/uploads\\\/2020\\\/08\\\/logo-eurotech.png\",\"width\":290,\"height\":70,\"caption\":\"Eurotech Iasi\"},\"image\":{\"@id\":\"https:\\\/\\\/eurotech-iasi.ro\\\/magazinonline\\\/#\\\/schema\\\/logo\\\/image\\\/\"},\"sameAs\":[\"https:\\\/\\\/www.facebook.com\\\/EurotechIasi\\\/\"]}]}<\/script>\n<!-- \/ Yoast SEO plugin. -->","yoast_head_json":{"title":"Surubelnita cu impact cu acumulatori BOSCH GDS 18V - 1050 H - Eurotech Iasi","description":"Surubelnita cu impact cu acumulator BOSCH GDS 250-LI, masina de gaurit cu percutie, software ABR inovator, ideala pentru cresterea productivitatii lucrului.","robots":{"index":"index","follow":"follow","max-snippet":"max-snippet:-1","max-image-preview":"max-image-preview:large","max-video-preview":"max-video-preview:-1"},"canonical":"https:\/\/eurotech-iasi.ro\/magazinonline\/produs\/surubelnita-cu-impact-cu-acumulatori-bosch-gds-18v-1050-h\/","og_locale":"ro_RO","og_type":"article","og_title":"Surubelnita cu impact cu acumulatori BOSCH GDS 18V - 1050 H - Eurotech Iasi","og_description":"Surubelnita cu impact cu acumulator BOSCH GDS 250-LI, masina de gaurit cu percutie, software ABR inovator, ideala pentru cresterea productivitatii lucrului.","og_url":"https:\/\/eurotech-iasi.ro\/magazinonline\/produs\/surubelnita-cu-impact-cu-acumulatori-bosch-gds-18v-1050-h\/","og_site_name":"Eurotech Iasi","article_publisher":"https:\/\/www.facebook.com\/EurotechIasi\/","article_modified_time":"2025-12-22T13:05:58+00:00","og_image":[{"width":750,"height":750,"url":"https:\/\/eurotech-iasi.ro\/magazinonline\/wp-content\/uploads\/2023\/12\/Surubelnita-cu-impact-cu-acumulatori-BOSCH-GDS-18V-1050-H-2.png","type":"image\/png"}],"twitter_misc":{"Timp estimat pentru citire":"2 minute"},"schema":{"@context":"https:\/\/schema.org","@graph":[{"@type":"WebPage","@id":"https:\/\/eurotech-iasi.ro\/magazinonline\/produs\/surubelnita-cu-impact-cu-acumulatori-bosch-gds-18v-1050-h\/","url":"https:\/\/eurotech-iasi.ro\/magazinonline\/produs\/surubelnita-cu-impact-cu-acumulatori-bosch-gds-18v-1050-h\/","name":"Surubelnita cu impact cu acumulatori BOSCH GDS 18V - 1050 H - Eurotech Iasi","isPartOf":{"@id":"https:\/\/eurotech-iasi.ro\/magazinonline\/#website"},"primaryImageOfPage":{"@id":"https:\/\/eurotech-iasi.ro\/magazinonline\/produs\/surubelnita-cu-impact-cu-acumulatori-bosch-gds-18v-1050-h\/#primaryimage"},"image":{"@id":"https:\/\/eurotech-iasi.ro\/magazinonline\/produs\/surubelnita-cu-impact-cu-acumulatori-bosch-gds-18v-1050-h\/#primaryimage"},"thumbnailUrl":"https:\/\/eurotech-iasi.ro\/magazinonline\/wp-content\/uploads\/2023\/12\/Surubelnita-cu-impact-cu-acumulatori-BOSCH-GDS-18V-1050-H-2.png","datePublished":"2023-12-19T09:02:04+00:00","dateModified":"2025-12-22T13:05:58+00:00","description":"Surubelnita cu impact cu acumulator BOSCH GDS 250-LI, masina de gaurit cu percutie, software ABR inovator, ideala pentru cresterea productivitatii lucrului.","breadcrumb":{"@id":"https:\/\/eurotech-iasi.ro\/magazinonline\/produs\/surubelnita-cu-impact-cu-acumulatori-bosch-gds-18v-1050-h\/#breadcrumb"},"inLanguage":"ro-RO","potentialAction":[{"@type":"ReadAction","target":["https:\/\/eurotech-iasi.ro\/magazinonline\/produs\/surubelnita-cu-impact-cu-acumulatori-bosch-gds-18v-1050-h\/"]}]},{"@type":"ImageObject","inLanguage":"ro-RO","@id":"https:\/\/eurotech-iasi.ro\/magazinonline\/produs\/surubelnita-cu-impact-cu-acumulatori-bosch-gds-18v-1050-h\/#primaryimage","url":"https:\/\/eurotech-iasi.ro\/magazinonline\/wp-content\/uploads\/2023\/12\/Surubelnita-cu-impact-cu-acumulatori-BOSCH-GDS-18V-1050-H-2.png","contentUrl":"https:\/\/eurotech-iasi.ro\/magazinonline\/wp-content\/uploads\/2023\/12\/Surubelnita-cu-impact-cu-acumulatori-BOSCH-GDS-18V-1050-H-2.png","width":750,"height":750,"caption":"Surubelnita cu impact cu acumulatori BOSCH GDS 18V - 1050 H"},{"@type":"BreadcrumbList","@id":"https:\/\/eurotech-iasi.ro\/magazinonline\/produs\/surubelnita-cu-impact-cu-acumulatori-bosch-gds-18v-1050-h\/#breadcrumb","itemListElement":[{"@type":"ListItem","position":1,"name":"Prima pagin\u0103","item":"https:\/\/eurotech-iasi.ro\/magazinonline\/"},{"@type":"ListItem","position":2,"name":"Shop","item":"https:\/\/eurotech-iasi.ro\/magazinonline\/shop\/"},{"@type":"ListItem","position":3,"name":"Surubelnita cu impact cu acumulatori BOSCH GDS 18V &#8211; 1050 H"}]},{"@type":"WebSite","@id":"https:\/\/eurotech-iasi.ro\/magazinonline\/#website","url":"https:\/\/eurotech-iasi.ro\/magazinonline\/","name":"Eurotech Iasi","description":"Cu oameni seriosi","publisher":{"@id":"https:\/\/eurotech-iasi.ro\/magazinonline\/#organization"},"potentialAction":[{"@type":"SearchAction","target":{"@type":"EntryPoint","urlTemplate":"https:\/\/eurotech-iasi.ro\/magazinonline\/?s={search_term_string}"},"query-input":{"@type":"PropertyValueSpecification","valueRequired":true,"valueName":"search_term_string"}}],"inLanguage":"ro-RO"},{"@type":"Organization","@id":"https:\/\/eurotech-iasi.ro\/magazinonline\/#organization","name":"Eurotech Iasi","url":"https:\/\/eurotech-iasi.ro\/magazinonline\/","logo":{"@type":"ImageObject","inLanguage":"ro-RO","@id":"https:\/\/eurotech-iasi.ro\/magazinonline\/#\/schema\/logo\/image\/","url":"https:\/\/eurotech-iasi.ro\/magazinonline\/wp-content\/uploads\/2020\/08\/logo-eurotech.png","contentUrl":"https:\/\/eurotech-iasi.ro\/magazinonline\/wp-content\/uploads\/2020\/08\/logo-eurotech.png","width":290,"height":70,"caption":"Eurotech Iasi"},"image":{"@id":"https:\/\/eurotech-iasi.ro\/magazinonline\/#\/schema\/logo\/image\/"},"sameAs":["https:\/\/www.facebook.com\/EurotechIasi\/"]}]}},"_links":{"self":[{"href":"https:\/\/eurotech-iasi.ro\/magazinonline\/wp-json\/wp\/v2\/product\/101138","targetHints":{"allow":["GET"]}}],"collection":[{"href":"https:\/\/eurotech-iasi.ro\/magazinonline\/wp-json\/wp\/v2\/product"}],"about":[{"href":"https:\/\/eurotech-iasi.ro\/magazinonline\/wp-json\/wp\/v2\/types\/product"}],"replies":[{"embeddable":true,"href":"https:\/\/eurotech-iasi.ro\/magazinonline\/wp-json\/wp\/v2\/comments?post=101138"}],"wp:featuredmedia":[{"embeddable":true,"href":"https:\/\/eurotech-iasi.ro\/magazinonline\/wp-json\/wp\/v2\/media\/101147"}],"wp:attachment":[{"href":"https:\/\/eurotech-iasi.ro\/magazinonline\/wp-json\/wp\/v2\/media?parent=101138"}],"wp:term":[{"taxonomy":"product_cat","embeddable":true,"href":"https:\/\/eurotech-iasi.ro\/magazinonline\/wp-json\/wp\/v2\/product_cat?post=101138"},{"taxonomy":"product_tag","embeddable":true,"href":"https:\/\/eurotech-iasi.ro\/magazinonline\/wp-json\/wp\/v2\/product_tag?post=101138"},{"taxonomy":"woo-feed-brand","embeddable":true,"href":"https:\/\/eurotech-iasi.ro\/magazinonline\/wp-json\/wp\/v2\/woo-feed-brand?post=101138"}],"curies":[{"name":"wp","href":"https:\/\/api.w.org\/{rel}","templated":true}]}}