{"id":10202,"date":"2018-04-03T15:56:09","date_gmt":"2018-04-03T12:56:09","guid":{"rendered":"https:\/\/eurotech-iasi.ro\/?post_type=product&#038;p=10202"},"modified":"2026-02-13T15:09:08","modified_gmt":"2026-02-13T13:09:08","slug":"motocoasa-pe-benzina-stihl-fs-131","status":"publish","type":"product","link":"https:\/\/eurotech-iasi.ro\/magazinonline\/produs\/motocoasa-pe-benzina-stihl-fs-131\/","title":{"rendered":"Motocoasa Stihl FS 131"},"content":{"rendered":"<p><a title=\"Motocoasa Stihl FS 131\" href=\"https:\/\/eurotech-iasi.ro\/magazinonline\/produs\/motocoasa-pe-benzina-stihl-fs-131-1-9-cp-36-3-cmc\/\" rel=\"nofollow\"><strong>Motocoasa Stihl FS 131<\/strong><\/a> este o motocoasa deosebit de puternica conceputa pentru lucrarile de peisagistica. <strong>FS 131<\/strong> este dotata cu motor <strong>STIHL 4-MIX <\/strong>care combina avantajele motorului in 2 timpi cu cele ale motorului in 4 timpi, ceea ce inseamna mai putine gaze de evacuare. Manerul circular si dispozitivele de taiat sunt concepute pentru lucrarile in conditii de spatii inguste.<\/p>\n<p>Confortul utilizarii <strong>motocoasa Stihl FS 131 <\/strong>este dat de centura de purtare <em><strong>Advance, <\/strong><\/em>dar si de sistemul anivibratie. Acesta din urma reduce transmiterea vibratiilor suparatoare generate de motor si unealta de taiere rotativa. Siguranta este asigurata de ochelarii de protectie bine ventilati, ce dispun de o protectie laterala lata.<\/p>\n<h2>Specificatii tehnice &#8211; <strong>Motocoasa Stihl FS 131:<\/strong><\/h2>\n<p>Putere: 1,4 kW\/ 1,9 CP<br \/>\nMotor: 4-MIX<br \/>\nCap taietor: Cu\u0163it t\u0103ietor cu doi din\u0163i 230-2<br \/>\nCapacitate cilindrica: 36,3 cm\u00b3<br \/>\nCapacitatea rezervorului: 0,53 l<br \/>\nGreutate (fara dispozitiv de taiere \/ protectie): 5,9 kg<br \/>\nLungime totala (fara unelte suplimentare): 1,8 m<br \/>\nNivel de putere acustica (Factor K conform Directivei 2006\/42\/EG = 2,5 dB(A)): 108 dB(A)<br \/>\nNivel de vibratii stanga\/dreapta (Factor K conform Directivei 2006\/42\/EG = 2 m\/s\u00b2): 4,5\/3,7 m\/s\u00b2<\/p>\n<p><em><strong>INSTRUCTIUNI DE UTILIZARE:<\/strong><\/em><br \/>\n<a href=\"https:\/\/eurotech-iasi.ro\/magazinonline\/wp-content\/uploads\/2020\/04\/STIHL-FS-131_-131-R.pdf\">Descarca de aici instructiuni generale privind siguranta de utilizare<\/a><\/p>\n<p>&nbsp;<\/p>\n","protected":false},"excerpt":{"rendered":"<p><strong>Motocoasa STIHL FS 131<\/strong> este o motocoasa deosebit de puternica, conceputa pentru <em><strong>suprafete mari<\/strong><\/em> cu <em><strong>iarba taioasa<\/strong><\/em>.<\/p>\n<p><em><strong>Cod produs: 41802000570<\/strong><\/em><\/p>\n<p><span style=\"color: #ff0000;\"><em><a href=\"https:\/\/eurotech-iasi.ro\/magazinonline\/?attachment_id=87685\" rel=\"attachment wp-att-87685\"><img loading=\"lazy\" decoding=\"async\" class=\"wp-image-87685 aligncenter\" src=\"https:\/\/eurotech-iasi.ro\/magazinonline\/wp-content\/uploads\/2019\/06\/2-1-150x150.png\" alt=\"\" width=\"72\" height=\"72\" srcset=\"https:\/\/eurotech-iasi.ro\/magazinonline\/wp-content\/uploads\/2019\/06\/2-1-150x150.png 150w, https:\/\/eurotech-iasi.ro\/magazinonline\/wp-content\/uploads\/2019\/06\/2-1-100x100.png 100w, https:\/\/eurotech-iasi.ro\/magazinonline\/wp-content\/uploads\/2019\/06\/2-1.png 200w\" sizes=\"auto, (max-width: 72px) 100vw, 72px\" \/><\/a><\/em><\/span><\/p>\n<h5><span style=\"color: #eb782b;\"><em><strong>\u00a0<a href=\"https:\/\/eurotech-iasi.ro\/magazinonline\/termeni-si-conditii\/\">*Garan\u021bie 2 ani<\/a> + 6 luni Extra Garan\u021bie. <\/strong><\/em><\/span><\/h5>\n<h5><span style=\"color: #eb782b;\"><em><strong>\u00cenregistreaz\u0103\u00a0 produsul achizi\u021bionat de la noi, \u00een termen de <\/strong><\/em><\/span><span style=\"color: #003366;\"><em><strong>30 de zile de la cump\u0103rare<\/strong><\/em><\/span><span style=\"color: #eb782b;\"><em><strong>, pe site-ul oficial STIHL la adresa<a href=\"https:\/\/preg.stihl.com\/?lang=RO_ro&amp;country=RO\">\u00a0preg.stihl.com<\/a> \u0219i profit\u0103 de prelungirea gratuit\u0103 a garan\u021biei cu 6 luni !<\/strong><\/em><\/span><\/h5>\n<p>&nbsp;<\/p>\n","protected":false},"featured_media":10203,"comment_status":"open","ping_status":"closed","template":"","meta":{"_acf_changed":false},"product_cat":[4337,4366],"product_tag":[2474,2396,2400,2397,2475],"woo-feed-brand":[],"class_list":{"0":"post-10202","1":"product","2":"type-product","3":"status-publish","4":"has-post-thumbnail","6":"product_brand-stihl","7":"product_cat-gradinarit-agricultura","8":"product_cat-motocoase","9":"product_tag-fs-131","10":"product_tag-motocoasa","11":"product_tag-motocoasa-pe-benzina","12":"product_tag-motocoasa-stihl","13":"product_tag-stihl-fs-131","14":"pa_brand-stihl","15":"pa_capacitate-cilindrica-36-3-cm","16":"pa_capacitate-rezervor-071-l","17":"pa_diametru-de-taiere-420-mm","18":"pa_greutate-58-kg","19":"pa_putere-14-19-kw-cp","21":"first","22":"instock","23":"purchasable","24":"product-type-simple"},"acf":[],"yoast_head":"<!-- This site is optimized with the Yoast SEO plugin v27.3 - https:\/\/yoast.com\/product\/yoast-seo-wordpress\/ -->\n<title>Motocoasa Stihl FS 131 - Eurotech Iasi<\/title>\n<meta name=\"description\" content=\"Motocoasa Stihl FS 131, putere 1,4\/1,9 kW\/CP, capacitate cilindric\u0103 36,3 cm3, capacitate rezervor 0,71 l, Greutate 5,8 kg.\" \/>\n<meta name=\"robots\" content=\"index, follow, max-snippet:-1, max-image-preview:large, max-video-preview:-1\" \/>\n<link rel=\"canonical\" href=\"https:\/\/eurotech-iasi.ro\/magazinonline\/produs\/motocoasa-pe-benzina-stihl-fs-131\/\" \/>\n<meta property=\"og:locale\" content=\"ro_RO\" \/>\n<meta property=\"og:type\" content=\"article\" \/>\n<meta property=\"og:title\" content=\"Motocoasa Stihl FS 131 - Eurotech Iasi\" \/>\n<meta property=\"og:description\" content=\"Motocoasa Stihl FS 131, putere 1,4\/1,9 kW\/CP, capacitate cilindric\u0103 36,3 cm3, capacitate rezervor 0,71 l, Greutate 5,8 kg.\" \/>\n<meta property=\"og:url\" content=\"https:\/\/eurotech-iasi.ro\/magazinonline\/produs\/motocoasa-pe-benzina-stihl-fs-131\/\" \/>\n<meta property=\"og:site_name\" content=\"Eurotech Iasi\" \/>\n<meta property=\"article:publisher\" content=\"https:\/\/www.facebook.com\/EurotechIasi\/\" \/>\n<meta property=\"article:modified_time\" content=\"2026-02-13T13:09:08+00:00\" \/>\n<meta property=\"og:image\" content=\"https:\/\/eurotech-iasi.ro\/magazinonline\/wp-content\/uploads\/2018\/04\/Motocoasa-pe-benzina-Stihl-FS-131-1.4-kW-36.3-cmc.jpg\" \/>\n\t<meta property=\"og:image:width\" content=\"710\" \/>\n\t<meta property=\"og:image:height\" content=\"710\" \/>\n\t<meta property=\"og:image:type\" content=\"image\/jpeg\" \/>\n<meta name=\"twitter:label1\" content=\"Timp estimat pentru citire\" \/>\n\t<meta name=\"twitter:data1\" content=\"1 minut\" \/>\n<script type=\"application\/ld+json\" class=\"yoast-schema-graph\">{\"@context\":\"https:\\\/\\\/schema.org\",\"@graph\":[{\"@type\":\"WebPage\",\"@id\":\"https:\\\/\\\/eurotech-iasi.ro\\\/magazinonline\\\/produs\\\/motocoasa-pe-benzina-stihl-fs-131\\\/\",\"url\":\"https:\\\/\\\/eurotech-iasi.ro\\\/magazinonline\\\/produs\\\/motocoasa-pe-benzina-stihl-fs-131\\\/\",\"name\":\"Motocoasa Stihl FS 131 - Eurotech Iasi\",\"isPartOf\":{\"@id\":\"https:\\\/\\\/eurotech-iasi.ro\\\/magazinonline\\\/#website\"},\"primaryImageOfPage\":{\"@id\":\"https:\\\/\\\/eurotech-iasi.ro\\\/magazinonline\\\/produs\\\/motocoasa-pe-benzina-stihl-fs-131\\\/#primaryimage\"},\"image\":{\"@id\":\"https:\\\/\\\/eurotech-iasi.ro\\\/magazinonline\\\/produs\\\/motocoasa-pe-benzina-stihl-fs-131\\\/#primaryimage\"},\"thumbnailUrl\":\"https:\\\/\\\/eurotech-iasi.ro\\\/magazinonline\\\/wp-content\\\/uploads\\\/2018\\\/04\\\/Motocoasa-pe-benzina-Stihl-FS-131-1.4-kW-36.3-cmc.jpg\",\"datePublished\":\"2018-04-03T12:56:09+00:00\",\"dateModified\":\"2026-02-13T13:09:08+00:00\",\"description\":\"Motocoasa Stihl FS 131, putere 1,4\\\/1,9 kW\\\/CP, capacitate cilindric\u0103 36,3 cm3, capacitate rezervor 0,71 l, Greutate 5,8 kg.\",\"breadcrumb\":{\"@id\":\"https:\\\/\\\/eurotech-iasi.ro\\\/magazinonline\\\/produs\\\/motocoasa-pe-benzina-stihl-fs-131\\\/#breadcrumb\"},\"inLanguage\":\"ro-RO\",\"potentialAction\":[{\"@type\":\"ReadAction\",\"target\":[\"https:\\\/\\\/eurotech-iasi.ro\\\/magazinonline\\\/produs\\\/motocoasa-pe-benzina-stihl-fs-131\\\/\"]}]},{\"@type\":\"ImageObject\",\"inLanguage\":\"ro-RO\",\"@id\":\"https:\\\/\\\/eurotech-iasi.ro\\\/magazinonline\\\/produs\\\/motocoasa-pe-benzina-stihl-fs-131\\\/#primaryimage\",\"url\":\"https:\\\/\\\/eurotech-iasi.ro\\\/magazinonline\\\/wp-content\\\/uploads\\\/2018\\\/04\\\/Motocoasa-pe-benzina-Stihl-FS-131-1.4-kW-36.3-cmc.jpg\",\"contentUrl\":\"https:\\\/\\\/eurotech-iasi.ro\\\/magazinonline\\\/wp-content\\\/uploads\\\/2018\\\/04\\\/Motocoasa-pe-benzina-Stihl-FS-131-1.4-kW-36.3-cmc.jpg\",\"width\":710,\"height\":710,\"caption\":\"Motocoasa Stihl FS 131\"},{\"@type\":\"BreadcrumbList\",\"@id\":\"https:\\\/\\\/eurotech-iasi.ro\\\/magazinonline\\\/produs\\\/motocoasa-pe-benzina-stihl-fs-131\\\/#breadcrumb\",\"itemListElement\":[{\"@type\":\"ListItem\",\"position\":1,\"name\":\"Prima pagin\u0103\",\"item\":\"https:\\\/\\\/eurotech-iasi.ro\\\/magazinonline\\\/\"},{\"@type\":\"ListItem\",\"position\":2,\"name\":\"Shop\",\"item\":\"https:\\\/\\\/eurotech-iasi.ro\\\/magazinonline\\\/shop\\\/\"},{\"@type\":\"ListItem\",\"position\":3,\"name\":\"Motocoasa Stihl FS 131\"}]},{\"@type\":\"WebSite\",\"@id\":\"https:\\\/\\\/eurotech-iasi.ro\\\/magazinonline\\\/#website\",\"url\":\"https:\\\/\\\/eurotech-iasi.ro\\\/magazinonline\\\/\",\"name\":\"Eurotech Iasi\",\"description\":\"Cu oameni seriosi\",\"publisher\":{\"@id\":\"https:\\\/\\\/eurotech-iasi.ro\\\/magazinonline\\\/#organization\"},\"potentialAction\":[{\"@type\":\"SearchAction\",\"target\":{\"@type\":\"EntryPoint\",\"urlTemplate\":\"https:\\\/\\\/eurotech-iasi.ro\\\/magazinonline\\\/?s={search_term_string}\"},\"query-input\":{\"@type\":\"PropertyValueSpecification\",\"valueRequired\":true,\"valueName\":\"search_term_string\"}}],\"inLanguage\":\"ro-RO\"},{\"@type\":\"Organization\",\"@id\":\"https:\\\/\\\/eurotech-iasi.ro\\\/magazinonline\\\/#organization\",\"name\":\"Eurotech Iasi\",\"url\":\"https:\\\/\\\/eurotech-iasi.ro\\\/magazinonline\\\/\",\"logo\":{\"@type\":\"ImageObject\",\"inLanguage\":\"ro-RO\",\"@id\":\"https:\\\/\\\/eurotech-iasi.ro\\\/magazinonline\\\/#\\\/schema\\\/logo\\\/image\\\/\",\"url\":\"https:\\\/\\\/eurotech-iasi.ro\\\/magazinonline\\\/wp-content\\\/uploads\\\/2020\\\/08\\\/logo-eurotech.png\",\"contentUrl\":\"https:\\\/\\\/eurotech-iasi.ro\\\/magazinonline\\\/wp-content\\\/uploads\\\/2020\\\/08\\\/logo-eurotech.png\",\"width\":290,\"height\":70,\"caption\":\"Eurotech Iasi\"},\"image\":{\"@id\":\"https:\\\/\\\/eurotech-iasi.ro\\\/magazinonline\\\/#\\\/schema\\\/logo\\\/image\\\/\"},\"sameAs\":[\"https:\\\/\\\/www.facebook.com\\\/EurotechIasi\\\/\"]}]}<\/script>\n<!-- \/ Yoast SEO plugin. -->","yoast_head_json":{"title":"Motocoasa Stihl FS 131 - Eurotech Iasi","description":"Motocoasa Stihl FS 131, putere 1,4\/1,9 kW\/CP, capacitate cilindric\u0103 36,3 cm3, capacitate rezervor 0,71 l, Greutate 5,8 kg.","robots":{"index":"index","follow":"follow","max-snippet":"max-snippet:-1","max-image-preview":"max-image-preview:large","max-video-preview":"max-video-preview:-1"},"canonical":"https:\/\/eurotech-iasi.ro\/magazinonline\/produs\/motocoasa-pe-benzina-stihl-fs-131\/","og_locale":"ro_RO","og_type":"article","og_title":"Motocoasa Stihl FS 131 - Eurotech Iasi","og_description":"Motocoasa Stihl FS 131, putere 1,4\/1,9 kW\/CP, capacitate cilindric\u0103 36,3 cm3, capacitate rezervor 0,71 l, Greutate 5,8 kg.","og_url":"https:\/\/eurotech-iasi.ro\/magazinonline\/produs\/motocoasa-pe-benzina-stihl-fs-131\/","og_site_name":"Eurotech Iasi","article_publisher":"https:\/\/www.facebook.com\/EurotechIasi\/","article_modified_time":"2026-02-13T13:09:08+00:00","og_image":[{"width":710,"height":710,"url":"https:\/\/eurotech-iasi.ro\/magazinonline\/wp-content\/uploads\/2018\/04\/Motocoasa-pe-benzina-Stihl-FS-131-1.4-kW-36.3-cmc.jpg","type":"image\/jpeg"}],"twitter_misc":{"Timp estimat pentru citire":"1 minut"},"schema":{"@context":"https:\/\/schema.org","@graph":[{"@type":"WebPage","@id":"https:\/\/eurotech-iasi.ro\/magazinonline\/produs\/motocoasa-pe-benzina-stihl-fs-131\/","url":"https:\/\/eurotech-iasi.ro\/magazinonline\/produs\/motocoasa-pe-benzina-stihl-fs-131\/","name":"Motocoasa Stihl FS 131 - Eurotech Iasi","isPartOf":{"@id":"https:\/\/eurotech-iasi.ro\/magazinonline\/#website"},"primaryImageOfPage":{"@id":"https:\/\/eurotech-iasi.ro\/magazinonline\/produs\/motocoasa-pe-benzina-stihl-fs-131\/#primaryimage"},"image":{"@id":"https:\/\/eurotech-iasi.ro\/magazinonline\/produs\/motocoasa-pe-benzina-stihl-fs-131\/#primaryimage"},"thumbnailUrl":"https:\/\/eurotech-iasi.ro\/magazinonline\/wp-content\/uploads\/2018\/04\/Motocoasa-pe-benzina-Stihl-FS-131-1.4-kW-36.3-cmc.jpg","datePublished":"2018-04-03T12:56:09+00:00","dateModified":"2026-02-13T13:09:08+00:00","description":"Motocoasa Stihl FS 131, putere 1,4\/1,9 kW\/CP, capacitate cilindric\u0103 36,3 cm3, capacitate rezervor 0,71 l, Greutate 5,8 kg.","breadcrumb":{"@id":"https:\/\/eurotech-iasi.ro\/magazinonline\/produs\/motocoasa-pe-benzina-stihl-fs-131\/#breadcrumb"},"inLanguage":"ro-RO","potentialAction":[{"@type":"ReadAction","target":["https:\/\/eurotech-iasi.ro\/magazinonline\/produs\/motocoasa-pe-benzina-stihl-fs-131\/"]}]},{"@type":"ImageObject","inLanguage":"ro-RO","@id":"https:\/\/eurotech-iasi.ro\/magazinonline\/produs\/motocoasa-pe-benzina-stihl-fs-131\/#primaryimage","url":"https:\/\/eurotech-iasi.ro\/magazinonline\/wp-content\/uploads\/2018\/04\/Motocoasa-pe-benzina-Stihl-FS-131-1.4-kW-36.3-cmc.jpg","contentUrl":"https:\/\/eurotech-iasi.ro\/magazinonline\/wp-content\/uploads\/2018\/04\/Motocoasa-pe-benzina-Stihl-FS-131-1.4-kW-36.3-cmc.jpg","width":710,"height":710,"caption":"Motocoasa Stihl FS 131"},{"@type":"BreadcrumbList","@id":"https:\/\/eurotech-iasi.ro\/magazinonline\/produs\/motocoasa-pe-benzina-stihl-fs-131\/#breadcrumb","itemListElement":[{"@type":"ListItem","position":1,"name":"Prima pagin\u0103","item":"https:\/\/eurotech-iasi.ro\/magazinonline\/"},{"@type":"ListItem","position":2,"name":"Shop","item":"https:\/\/eurotech-iasi.ro\/magazinonline\/shop\/"},{"@type":"ListItem","position":3,"name":"Motocoasa Stihl FS 131"}]},{"@type":"WebSite","@id":"https:\/\/eurotech-iasi.ro\/magazinonline\/#website","url":"https:\/\/eurotech-iasi.ro\/magazinonline\/","name":"Eurotech Iasi","description":"Cu oameni seriosi","publisher":{"@id":"https:\/\/eurotech-iasi.ro\/magazinonline\/#organization"},"potentialAction":[{"@type":"SearchAction","target":{"@type":"EntryPoint","urlTemplate":"https:\/\/eurotech-iasi.ro\/magazinonline\/?s={search_term_string}"},"query-input":{"@type":"PropertyValueSpecification","valueRequired":true,"valueName":"search_term_string"}}],"inLanguage":"ro-RO"},{"@type":"Organization","@id":"https:\/\/eurotech-iasi.ro\/magazinonline\/#organization","name":"Eurotech Iasi","url":"https:\/\/eurotech-iasi.ro\/magazinonline\/","logo":{"@type":"ImageObject","inLanguage":"ro-RO","@id":"https:\/\/eurotech-iasi.ro\/magazinonline\/#\/schema\/logo\/image\/","url":"https:\/\/eurotech-iasi.ro\/magazinonline\/wp-content\/uploads\/2020\/08\/logo-eurotech.png","contentUrl":"https:\/\/eurotech-iasi.ro\/magazinonline\/wp-content\/uploads\/2020\/08\/logo-eurotech.png","width":290,"height":70,"caption":"Eurotech Iasi"},"image":{"@id":"https:\/\/eurotech-iasi.ro\/magazinonline\/#\/schema\/logo\/image\/"},"sameAs":["https:\/\/www.facebook.com\/EurotechIasi\/"]}]}},"_links":{"self":[{"href":"https:\/\/eurotech-iasi.ro\/magazinonline\/wp-json\/wp\/v2\/product\/10202","targetHints":{"allow":["GET"]}}],"collection":[{"href":"https:\/\/eurotech-iasi.ro\/magazinonline\/wp-json\/wp\/v2\/product"}],"about":[{"href":"https:\/\/eurotech-iasi.ro\/magazinonline\/wp-json\/wp\/v2\/types\/product"}],"replies":[{"embeddable":true,"href":"https:\/\/eurotech-iasi.ro\/magazinonline\/wp-json\/wp\/v2\/comments?post=10202"}],"wp:featuredmedia":[{"embeddable":true,"href":"https:\/\/eurotech-iasi.ro\/magazinonline\/wp-json\/wp\/v2\/media\/10203"}],"wp:attachment":[{"href":"https:\/\/eurotech-iasi.ro\/magazinonline\/wp-json\/wp\/v2\/media?parent=10202"}],"wp:term":[{"taxonomy":"product_cat","embeddable":true,"href":"https:\/\/eurotech-iasi.ro\/magazinonline\/wp-json\/wp\/v2\/product_cat?post=10202"},{"taxonomy":"product_tag","embeddable":true,"href":"https:\/\/eurotech-iasi.ro\/magazinonline\/wp-json\/wp\/v2\/product_tag?post=10202"},{"taxonomy":"woo-feed-brand","embeddable":true,"href":"https:\/\/eurotech-iasi.ro\/magazinonline\/wp-json\/wp\/v2\/woo-feed-brand?post=10202"}],"curies":[{"name":"wp","href":"https:\/\/api.w.org\/{rel}","templated":true}]}}