{"id":102283,"date":"2024-02-22T11:54:30","date_gmt":"2024-02-22T09:54:30","guid":{"rendered":"https:\/\/eurotech-iasi.ro\/magazinonline\/?post_type=product&#038;p=102283"},"modified":"2026-02-12T10:58:06","modified_gmt":"2026-02-12T08:58:06","slug":"motor-combinat-stihl-km-94-rc-e","status":"publish","type":"product","link":"https:\/\/eurotech-iasi.ro\/magazinonline\/produs\/motor-combinat-stihl-km-94-rc-e\/","title":{"rendered":"Motor combinat STIHL KM 94 RC-E"},"content":{"rendered":"<p><strong>Motor combinat STIHL KM 94 RC-E <\/strong>ultra-usor KM 94 RC-E prezinta toate caracteristicile pentru a ajuta la acele sarcini de zi cu zi din jurul casei si gradinii. Proiectat atat pentru gradinari energici, cat si pentru profesionisti, sistemul combinat versatil va actiona in mod confortabil toate dispozitivele combinate din gama STIHL. Caracteristicile tehnice includ; STIHL ErgoStart pentru o pornire lina, fara eforturi, motorul economic STIHL 2-MIX si STIHL ECOSPEED pentru o ajustare simpla a vitezei motorului prin intermediul manerului de control.<\/p>\n<h2>Dotare standard &#8211; Motor combinat STIHL KM 94 RC-E:<\/h2>\n<ul>\n<li>STIHL ECOSPEED &#8211; STIHL ECOSPEED permite utilizatorului sa controleze turatia motorului in mod individual pe manerul de operare.<\/li>\n<li>STIHL ErgoStart (FT) &#8211; Un avans real in pornirea usoara. STIHL ErgoStart (E) reduce efortul necesar pentru a porni unealta la jumatate, in timp ce cablul de pornire poate fi tras la doar o treime din forta normala. Este nevoie doar de 2 degete si o actiune usoara de tragere.<\/li>\n<li>Maner cu bucla (R) &#8211; Masinile de tuns iarba si masinile de tuns cu bucla sunt ideale pentru lucrul in zonele in care spatiul este limitat, de ex. rarirea intre tufi\u015furi \u015fi arbu\u015fti.<\/li>\n<li>Tehnologia motorului cu emisii reduse &#8211; Motor in 2 timpi cu sarcina stratificata. Se creeaza un strat de aer fara combustibil intre sarcina arsa din camera de ardere si incarcatura proaspata din carter, reducand cantitatea de combustibil pierduta in timpul ciclului de incarcare. Acest lucru are ca rezultat mai multa putere cu o greutate mai mica, un consum de combustibil cu pana la 20% mai mic decat motoarele obisnuite in 2 timpi si emisii de esapament reduse semnificativ.<\/li>\n<li>Arbore despicat &#8211; Cu un arbore despicat si cuplare speciala cu eliberare rapida fara instrumente, KombiSystem este extrem de versatil, usor de transportat si usor de depozitat.<\/li>\n<li>Pompa de combustibil manuala &#8211; Daca dispozitivul dvs. de motor pe benzina are o pompa manuala de combustibil, puteti reduce numarul de curse de pornire cu aproximativ 40% apasand repetat pompa. Pornind in acest fel, exista suficient combustibil disponibil mai repede. (similar cu ilustratia)<\/li>\n<li>Cuplaj cu eliberare rapida &#8211; Cuplajul cu eliberare rapida permite demontarea rapida a sistemului Kombi in doua parti pentru transport si depozitare usoare \u2013 si apoi reasamblat rapid fara unelte.<\/li>\n<li>Sistem anti-vibratii &#8211; Vibratiile intense la manerele sculelor electrice pot duce la efecte pe termen lung asupra vaselor de sange din maini si brate. Prin urmare, STIHL a dezvoltat un sistem anti-vibratii eficient prin care oscilatiile de la motorul masinii sunt amortizate, ceea ce reduce semnificativ vibratiile la manere.<\/li>\n<li>Sistem simplificat de pornire &#8211; Pur si simplu setati socul, pompati amorsa de combustibil, trageti de cablul de pornire si plecati! Masina care ruleaza se opreste rapid dupa o scurta apasare a butonului de oprire. Odata ce masina este oprita, contactul se activeaza din nou automat. Astfel, contactul este intotdeauna gata de pornire.<\/li>\n<li>Modul electronic de aprindere &#8211; Acest lucru asigura o pornire fiabila si o functionare fara probleme. Sistemul de aprindere este complet incapsulat si astfel protejat de umezeala si murdarie.<\/li>\n<\/ul>\n<h2>Specificatii tehnice &#8211; <strong>Motor combinat STIHL KM 94 RC-E<\/strong>:<\/h2>\n<ul>\n<li>Capacitate cilindrica: 24.1 cmc;<\/li>\n<li>Greutate: 4.0 kg;<\/li>\n<li>Lungima pana la cupla rapida: 90 cm;<\/li>\n<li>Putere: 0.9 kW \/ 1.2CP;<\/li>\n<li>Volum rezervor l: 0.54<\/li>\n<li>Tip motor: 2 timpi<\/li>\n<li>Tip Alimentare: Benzina in amestec<\/li>\n<li>Viteza la putere maxim\u0103 Um: 8500<\/li>\n<li>Nivel de presiune acustica: 96.0\u00a0dB(A);<\/li>\n<li>Nivel de putere acustica: 107.0 dB(A);<\/li>\n<li>Nivel de vibratii stanga\/dreapta: 8.5\/7.7 m\/s\u00b2.<\/li>\n<li><strong>FARA ACCESORII<\/strong><\/li>\n<\/ul>\n<p>Accesorii compatibile: Foarfece rotative RG-KM; Extensie arbore din aluminiu, 0,5 m; Prelungirea arborelui; Extensie arbore din fibra de carbon, 1m<\/p>\n","protected":false},"excerpt":{"rendered":"<p><strong>Motor combinat STIHL KM 94 RC-E <\/strong>ultra-usor KM 94 RC-E prezinta toate caracteristicile pentru a ajuta la acele sarcini de zi cu zi din jurul casei si gradinii avand ErgoStart pentru o pornire lina.<\/p>\n<p><span style=\"color: #ff0000;\"><strong>*FARA ACCESORII!<\/strong><\/span><\/p>\n<p><em><strong>Cod produs: 41492000090<\/strong><\/em><\/p>\n<p><span style=\"color: #ff0000;\"><em><a href=\"https:\/\/www.stihl.ro\/ro\"><img loading=\"lazy\" decoding=\"async\" class=\" wp-image-108363 alignleft\" src=\"https:\/\/eurotech-iasi.ro\/magazinonline\/wp-content\/uploads\/2019\/03\/150-x-75-stihl.png\" alt=\"\" width=\"70\" height=\"35\" \/><\/a><a href=\"https:\/\/eurotech-iasi.ro\/magazinonline\/?attachment_id=87685\" rel=\"attachment wp-att-87685\"><img loading=\"lazy\" decoding=\"async\" class=\"wp-image-87685 aligncenter\" src=\"https:\/\/eurotech-iasi.ro\/magazinonline\/wp-content\/uploads\/2019\/06\/2-1-150x150.png\" alt=\"\" width=\"72\" height=\"72\" srcset=\"https:\/\/eurotech-iasi.ro\/magazinonline\/wp-content\/uploads\/2019\/06\/2-1-150x150.png 150w, https:\/\/eurotech-iasi.ro\/magazinonline\/wp-content\/uploads\/2019\/06\/2-1-100x100.png 100w, https:\/\/eurotech-iasi.ro\/magazinonline\/wp-content\/uploads\/2019\/06\/2-1.png 200w\" sizes=\"auto, (max-width: 72px) 100vw, 72px\" \/><\/a><\/em><\/span><\/p>\n<h5><span style=\"color: #eb782b;\"><em><strong>\u00a0<a href=\"https:\/\/eurotech-iasi.ro\/magazinonline\/termeni-si-conditii\/\">*Garan\u021bie 2 ani<\/a> + 6 luni Extra Garan\u021bie. <\/strong><\/em><\/span><\/h5>\n<h5><span style=\"color: #eb782b;\"><em><strong>\u00cenregistreaz\u0103\u00a0 produsul achizi\u021bionat de la noi, \u00een termen de <\/strong><\/em><\/span><span style=\"color: #003366;\"><em><strong>30 de zile de la cump\u0103rare<\/strong><\/em><\/span><span style=\"color: #eb782b;\"><em><strong>, pe site-ul oficial STIHL la adresa<a href=\"https:\/\/preg.stihl.com\/?lang=RO_ro&amp;country=RO\">\u00a0preg.stihl.com<\/a> \u0219i profit\u0103 de prelungirea gratuit\u0103 a garan\u021biei cu 6 luni !<\/strong><\/em><\/span><\/h5>\n<h5><\/h5>\n","protected":false},"featured_media":102288,"comment_status":"open","ping_status":"closed","template":"","meta":{"_acf_changed":false},"product_cat":[4337,4366],"product_tag":[],"woo-feed-brand":[],"class_list":{"0":"post-102283","1":"product","2":"type-product","3":"status-publish","4":"has-post-thumbnail","6":"product_brand-stihl","7":"product_cat-gradinarit-agricultura","8":"product_cat-motocoase","9":"pa_brand-stihl","10":"pa_capacitate-cilindrica-24-1-cm","11":"pa_greutate-4-0-kg","12":"pa_putere-0-9-kw-1-2cp","14":"first","15":"instock","16":"shipping-taxable","17":"purchasable","18":"product-type-simple"},"acf":[],"yoast_head":"<!-- This site is optimized with the Yoast SEO plugin v27.5 - https:\/\/yoast.com\/product\/yoast-seo-wordpress\/ -->\n<title>Motor combinat STIHL KM 94 RC-E - Eurotech Iasi<\/title>\n<meta name=\"robots\" content=\"index, follow, max-snippet:-1, max-image-preview:large, max-video-preview:-1\" \/>\n<link rel=\"canonical\" href=\"https:\/\/eurotech-iasi.ro\/magazinonline\/produs\/motor-combinat-stihl-km-94-rc-e\/\" \/>\n<meta property=\"og:locale\" content=\"ro_RO\" \/>\n<meta property=\"og:type\" content=\"article\" \/>\n<meta property=\"og:title\" content=\"Motor combinat STIHL KM 94 RC-E - Eurotech Iasi\" \/>\n<meta property=\"og:description\" content=\"Motor combinat STIHL KM 94 RC-E ultra-usor KM 94 RC-E prezinta toate caracteristicile pentru a ajuta la acele sarcini de zi cu zi din jurul casei si gradinii avand ErgoStart pentru o pornire lina.  *FARA ACCESORII!  Cod produs: 41492000090   \u00a0*Garan\u021bie 2 ani + 6 luni Extra Garan\u021bie.  \u00cenregistreaz\u0103\u00a0 produsul achizi\u021bionat de la noi, \u00een termen de 30 de zile de la cump\u0103rare, pe site-ul oficial STIHL la adresa\u00a0preg.stihl.com \u0219i profit\u0103 de prelungirea gratuit\u0103 a garan\u021biei cu 6 luni !\" \/>\n<meta property=\"og:url\" content=\"https:\/\/eurotech-iasi.ro\/magazinonline\/produs\/motor-combinat-stihl-km-94-rc-e\/\" \/>\n<meta property=\"og:site_name\" content=\"Eurotech Iasi\" \/>\n<meta property=\"article:publisher\" content=\"https:\/\/www.facebook.com\/EurotechIasi\/\" \/>\n<meta property=\"article:modified_time\" content=\"2026-02-12T08:58:06+00:00\" \/>\n<meta property=\"og:image\" content=\"https:\/\/eurotech-iasi.ro\/magazinonline\/wp-content\/uploads\/2024\/02\/Motor-combinat-STIHL-KM-94-RC-E-2.png\" \/>\n\t<meta property=\"og:image:width\" content=\"750\" \/>\n\t<meta property=\"og:image:height\" content=\"750\" \/>\n\t<meta property=\"og:image:type\" content=\"image\/png\" \/>\n<meta name=\"twitter:label1\" content=\"Timp estimat pentru citire\" \/>\n\t<meta name=\"twitter:data1\" content=\"3 minute\" \/>\n<script type=\"application\/ld+json\" class=\"yoast-schema-graph\">{\"@context\":\"https:\\\/\\\/schema.org\",\"@graph\":[{\"@type\":\"WebPage\",\"@id\":\"https:\\\/\\\/eurotech-iasi.ro\\\/magazinonline\\\/produs\\\/motor-combinat-stihl-km-94-rc-e\\\/\",\"url\":\"https:\\\/\\\/eurotech-iasi.ro\\\/magazinonline\\\/produs\\\/motor-combinat-stihl-km-94-rc-e\\\/\",\"name\":\"Motor combinat STIHL KM 94 RC-E - Eurotech Iasi\",\"isPartOf\":{\"@id\":\"https:\\\/\\\/eurotech-iasi.ro\\\/magazinonline\\\/#website\"},\"primaryImageOfPage\":{\"@id\":\"https:\\\/\\\/eurotech-iasi.ro\\\/magazinonline\\\/produs\\\/motor-combinat-stihl-km-94-rc-e\\\/#primaryimage\"},\"image\":{\"@id\":\"https:\\\/\\\/eurotech-iasi.ro\\\/magazinonline\\\/produs\\\/motor-combinat-stihl-km-94-rc-e\\\/#primaryimage\"},\"thumbnailUrl\":\"https:\\\/\\\/eurotech-iasi.ro\\\/magazinonline\\\/wp-content\\\/uploads\\\/2024\\\/02\\\/Motor-combinat-STIHL-KM-94-RC-E-2.png\",\"datePublished\":\"2024-02-22T09:54:30+00:00\",\"dateModified\":\"2026-02-12T08:58:06+00:00\",\"breadcrumb\":{\"@id\":\"https:\\\/\\\/eurotech-iasi.ro\\\/magazinonline\\\/produs\\\/motor-combinat-stihl-km-94-rc-e\\\/#breadcrumb\"},\"inLanguage\":\"ro-RO\",\"potentialAction\":[{\"@type\":\"ReadAction\",\"target\":[\"https:\\\/\\\/eurotech-iasi.ro\\\/magazinonline\\\/produs\\\/motor-combinat-stihl-km-94-rc-e\\\/\"]}]},{\"@type\":\"ImageObject\",\"inLanguage\":\"ro-RO\",\"@id\":\"https:\\\/\\\/eurotech-iasi.ro\\\/magazinonline\\\/produs\\\/motor-combinat-stihl-km-94-rc-e\\\/#primaryimage\",\"url\":\"https:\\\/\\\/eurotech-iasi.ro\\\/magazinonline\\\/wp-content\\\/uploads\\\/2024\\\/02\\\/Motor-combinat-STIHL-KM-94-RC-E-2.png\",\"contentUrl\":\"https:\\\/\\\/eurotech-iasi.ro\\\/magazinonline\\\/wp-content\\\/uploads\\\/2024\\\/02\\\/Motor-combinat-STIHL-KM-94-RC-E-2.png\",\"width\":750,\"height\":750,\"caption\":\"Motor combinat STIHL KM 94 RC-E\"},{\"@type\":\"BreadcrumbList\",\"@id\":\"https:\\\/\\\/eurotech-iasi.ro\\\/magazinonline\\\/produs\\\/motor-combinat-stihl-km-94-rc-e\\\/#breadcrumb\",\"itemListElement\":[{\"@type\":\"ListItem\",\"position\":1,\"name\":\"Prima pagin\u0103\",\"item\":\"https:\\\/\\\/eurotech-iasi.ro\\\/magazinonline\\\/\"},{\"@type\":\"ListItem\",\"position\":2,\"name\":\"Shop\",\"item\":\"https:\\\/\\\/eurotech-iasi.ro\\\/magazinonline\\\/shop\\\/\"},{\"@type\":\"ListItem\",\"position\":3,\"name\":\"Motor combinat STIHL KM 94 RC-E\"}]},{\"@type\":\"WebSite\",\"@id\":\"https:\\\/\\\/eurotech-iasi.ro\\\/magazinonline\\\/#website\",\"url\":\"https:\\\/\\\/eurotech-iasi.ro\\\/magazinonline\\\/\",\"name\":\"Eurotech Iasi\",\"description\":\"Cu oameni seriosi\",\"publisher\":{\"@id\":\"https:\\\/\\\/eurotech-iasi.ro\\\/magazinonline\\\/#organization\"},\"potentialAction\":[{\"@type\":\"SearchAction\",\"target\":{\"@type\":\"EntryPoint\",\"urlTemplate\":\"https:\\\/\\\/eurotech-iasi.ro\\\/magazinonline\\\/?s={search_term_string}\"},\"query-input\":{\"@type\":\"PropertyValueSpecification\",\"valueRequired\":true,\"valueName\":\"search_term_string\"}}],\"inLanguage\":\"ro-RO\"},{\"@type\":\"Organization\",\"@id\":\"https:\\\/\\\/eurotech-iasi.ro\\\/magazinonline\\\/#organization\",\"name\":\"Eurotech Iasi\",\"url\":\"https:\\\/\\\/eurotech-iasi.ro\\\/magazinonline\\\/\",\"logo\":{\"@type\":\"ImageObject\",\"inLanguage\":\"ro-RO\",\"@id\":\"https:\\\/\\\/eurotech-iasi.ro\\\/magazinonline\\\/#\\\/schema\\\/logo\\\/image\\\/\",\"url\":\"https:\\\/\\\/eurotech-iasi.ro\\\/magazinonline\\\/wp-content\\\/uploads\\\/2020\\\/08\\\/logo-eurotech.png\",\"contentUrl\":\"https:\\\/\\\/eurotech-iasi.ro\\\/magazinonline\\\/wp-content\\\/uploads\\\/2020\\\/08\\\/logo-eurotech.png\",\"width\":290,\"height\":70,\"caption\":\"Eurotech Iasi\"},\"image\":{\"@id\":\"https:\\\/\\\/eurotech-iasi.ro\\\/magazinonline\\\/#\\\/schema\\\/logo\\\/image\\\/\"},\"sameAs\":[\"https:\\\/\\\/www.facebook.com\\\/EurotechIasi\\\/\"]}]}<\/script>\n<!-- \/ Yoast SEO plugin. -->","yoast_head_json":{"title":"Motor combinat STIHL KM 94 RC-E - Eurotech Iasi","robots":{"index":"index","follow":"follow","max-snippet":"max-snippet:-1","max-image-preview":"max-image-preview:large","max-video-preview":"max-video-preview:-1"},"canonical":"https:\/\/eurotech-iasi.ro\/magazinonline\/produs\/motor-combinat-stihl-km-94-rc-e\/","og_locale":"ro_RO","og_type":"article","og_title":"Motor combinat STIHL KM 94 RC-E - Eurotech Iasi","og_description":"Motor combinat STIHL KM 94 RC-E ultra-usor KM 94 RC-E prezinta toate caracteristicile pentru a ajuta la acele sarcini de zi cu zi din jurul casei si gradinii avand ErgoStart pentru o pornire lina.  *FARA ACCESORII!  Cod produs: 41492000090   \u00a0*Garan\u021bie 2 ani + 6 luni Extra Garan\u021bie.  \u00cenregistreaz\u0103\u00a0 produsul achizi\u021bionat de la noi, \u00een termen de 30 de zile de la cump\u0103rare, pe site-ul oficial STIHL la adresa\u00a0preg.stihl.com \u0219i profit\u0103 de prelungirea gratuit\u0103 a garan\u021biei cu 6 luni !","og_url":"https:\/\/eurotech-iasi.ro\/magazinonline\/produs\/motor-combinat-stihl-km-94-rc-e\/","og_site_name":"Eurotech Iasi","article_publisher":"https:\/\/www.facebook.com\/EurotechIasi\/","article_modified_time":"2026-02-12T08:58:06+00:00","og_image":[{"width":750,"height":750,"url":"https:\/\/eurotech-iasi.ro\/magazinonline\/wp-content\/uploads\/2024\/02\/Motor-combinat-STIHL-KM-94-RC-E-2.png","type":"image\/png"}],"twitter_misc":{"Timp estimat pentru citire":"3 minute"},"schema":{"@context":"https:\/\/schema.org","@graph":[{"@type":"WebPage","@id":"https:\/\/eurotech-iasi.ro\/magazinonline\/produs\/motor-combinat-stihl-km-94-rc-e\/","url":"https:\/\/eurotech-iasi.ro\/magazinonline\/produs\/motor-combinat-stihl-km-94-rc-e\/","name":"Motor combinat STIHL KM 94 RC-E - Eurotech Iasi","isPartOf":{"@id":"https:\/\/eurotech-iasi.ro\/magazinonline\/#website"},"primaryImageOfPage":{"@id":"https:\/\/eurotech-iasi.ro\/magazinonline\/produs\/motor-combinat-stihl-km-94-rc-e\/#primaryimage"},"image":{"@id":"https:\/\/eurotech-iasi.ro\/magazinonline\/produs\/motor-combinat-stihl-km-94-rc-e\/#primaryimage"},"thumbnailUrl":"https:\/\/eurotech-iasi.ro\/magazinonline\/wp-content\/uploads\/2024\/02\/Motor-combinat-STIHL-KM-94-RC-E-2.png","datePublished":"2024-02-22T09:54:30+00:00","dateModified":"2026-02-12T08:58:06+00:00","breadcrumb":{"@id":"https:\/\/eurotech-iasi.ro\/magazinonline\/produs\/motor-combinat-stihl-km-94-rc-e\/#breadcrumb"},"inLanguage":"ro-RO","potentialAction":[{"@type":"ReadAction","target":["https:\/\/eurotech-iasi.ro\/magazinonline\/produs\/motor-combinat-stihl-km-94-rc-e\/"]}]},{"@type":"ImageObject","inLanguage":"ro-RO","@id":"https:\/\/eurotech-iasi.ro\/magazinonline\/produs\/motor-combinat-stihl-km-94-rc-e\/#primaryimage","url":"https:\/\/eurotech-iasi.ro\/magazinonline\/wp-content\/uploads\/2024\/02\/Motor-combinat-STIHL-KM-94-RC-E-2.png","contentUrl":"https:\/\/eurotech-iasi.ro\/magazinonline\/wp-content\/uploads\/2024\/02\/Motor-combinat-STIHL-KM-94-RC-E-2.png","width":750,"height":750,"caption":"Motor combinat STIHL KM 94 RC-E"},{"@type":"BreadcrumbList","@id":"https:\/\/eurotech-iasi.ro\/magazinonline\/produs\/motor-combinat-stihl-km-94-rc-e\/#breadcrumb","itemListElement":[{"@type":"ListItem","position":1,"name":"Prima pagin\u0103","item":"https:\/\/eurotech-iasi.ro\/magazinonline\/"},{"@type":"ListItem","position":2,"name":"Shop","item":"https:\/\/eurotech-iasi.ro\/magazinonline\/shop\/"},{"@type":"ListItem","position":3,"name":"Motor combinat STIHL KM 94 RC-E"}]},{"@type":"WebSite","@id":"https:\/\/eurotech-iasi.ro\/magazinonline\/#website","url":"https:\/\/eurotech-iasi.ro\/magazinonline\/","name":"Eurotech Iasi","description":"Cu oameni seriosi","publisher":{"@id":"https:\/\/eurotech-iasi.ro\/magazinonline\/#organization"},"potentialAction":[{"@type":"SearchAction","target":{"@type":"EntryPoint","urlTemplate":"https:\/\/eurotech-iasi.ro\/magazinonline\/?s={search_term_string}"},"query-input":{"@type":"PropertyValueSpecification","valueRequired":true,"valueName":"search_term_string"}}],"inLanguage":"ro-RO"},{"@type":"Organization","@id":"https:\/\/eurotech-iasi.ro\/magazinonline\/#organization","name":"Eurotech Iasi","url":"https:\/\/eurotech-iasi.ro\/magazinonline\/","logo":{"@type":"ImageObject","inLanguage":"ro-RO","@id":"https:\/\/eurotech-iasi.ro\/magazinonline\/#\/schema\/logo\/image\/","url":"https:\/\/eurotech-iasi.ro\/magazinonline\/wp-content\/uploads\/2020\/08\/logo-eurotech.png","contentUrl":"https:\/\/eurotech-iasi.ro\/magazinonline\/wp-content\/uploads\/2020\/08\/logo-eurotech.png","width":290,"height":70,"caption":"Eurotech Iasi"},"image":{"@id":"https:\/\/eurotech-iasi.ro\/magazinonline\/#\/schema\/logo\/image\/"},"sameAs":["https:\/\/www.facebook.com\/EurotechIasi\/"]}]}},"_links":{"self":[{"href":"https:\/\/eurotech-iasi.ro\/magazinonline\/wp-json\/wp\/v2\/product\/102283","targetHints":{"allow":["GET"]}}],"collection":[{"href":"https:\/\/eurotech-iasi.ro\/magazinonline\/wp-json\/wp\/v2\/product"}],"about":[{"href":"https:\/\/eurotech-iasi.ro\/magazinonline\/wp-json\/wp\/v2\/types\/product"}],"replies":[{"embeddable":true,"href":"https:\/\/eurotech-iasi.ro\/magazinonline\/wp-json\/wp\/v2\/comments?post=102283"}],"wp:featuredmedia":[{"embeddable":true,"href":"https:\/\/eurotech-iasi.ro\/magazinonline\/wp-json\/wp\/v2\/media\/102288"}],"wp:attachment":[{"href":"https:\/\/eurotech-iasi.ro\/magazinonline\/wp-json\/wp\/v2\/media?parent=102283"}],"wp:term":[{"taxonomy":"product_cat","embeddable":true,"href":"https:\/\/eurotech-iasi.ro\/magazinonline\/wp-json\/wp\/v2\/product_cat?post=102283"},{"taxonomy":"product_tag","embeddable":true,"href":"https:\/\/eurotech-iasi.ro\/magazinonline\/wp-json\/wp\/v2\/product_tag?post=102283"},{"taxonomy":"woo-feed-brand","embeddable":true,"href":"https:\/\/eurotech-iasi.ro\/magazinonline\/wp-json\/wp\/v2\/woo-feed-brand?post=102283"}],"curies":[{"name":"wp","href":"https:\/\/api.w.org\/{rel}","templated":true}]}}