{"id":103523,"date":"2024-03-25T13:41:46","date_gmt":"2024-03-25T11:41:46","guid":{"rendered":"https:\/\/eurotech-iasi.ro\/magazinonline\/?post_type=product&#038;p=103523"},"modified":"2025-12-10T12:59:48","modified_gmt":"2025-12-10T10:59:48","slug":"motocultor-agt3df-cu-motor-honda-gx270-cu-freza-pamant-68cm","status":"publish","type":"product","link":"https:\/\/eurotech-iasi.ro\/magazinonline\/produs\/motocultor-agt3df-cu-motor-honda-gx270-cu-freza-pamant-68cm\/","title":{"rendered":"Motocultor AGT3DF cu motor Honda GX270 cu freza pamant 68cm"},"content":{"rendered":"<p><strong>Motocultor AGT3DF cu motor Honda GX270 cu freza pamant 68cm,<\/strong> putere motor 9 CP este dotat si cu roti cauciuc pneumatice reglabile de 5-10&#8243; cu diferential si frane pe fiecare roata, este ideal pentru prelucrarea solurilor grele fiind realizat din materiale rezistente la socuri puternice.<\/p>\n<h2>Avanteje &#8211; <strong>Motocultor AGT3DF cu motor Honda GX270 cu freza pamant 68cm<\/strong>:<\/h2>\n<ul>\n<li>MOTOCULTOR: Ambreiaj: conic cu control inversat<\/li>\n<li>Cutie de viteze:in baie de ulei, 6 viteze (3 inainte + 3 inapoi)<\/li>\n<li>Viteze1\u00b0: 1,3 km\/h -2\u00b0: 2,4 km\/h -3\u00b0: 3.6 km\/h1\u00b0R: 1,3 km\/h -2\u00b0R: 2,4 km\/h -3\u00b0R: 3,6 km\/h<\/li>\n<li>Freza: 68cm, 20 cutite,reglabila la 37-47-58cm, cu sistem de control a ad\u00e2ncimii de lucru<\/li>\n<li>Diferential:cu dispozitiv de blocare \u015fi manet\u0103 de control<\/li>\n<li>Sistem de franare:independent pe fiecare roata, cu maneta separata de control si dispozitiv de blocare pentru stationare.<\/li>\n<li>Dispozitive de siguranta:maneta de ambreiaj cu dubla actionare si debreiere in cazul pierderii controlului asupra masini (fara oprirea motorului);<\/li>\n<li>Priza de putere:independenta, 965 rpm cu motorul la 3600 rpm<\/li>\n<li>Ghidonul:reglabil \u00een \u00een\u0103l\u0163ime \u015fi \u00een lateral, rotire la 180\u00b0, sistem antivibra\u0163ii<\/li>\n<li>Roti motoare:Pneumatice 5.00\u201d \u201310\u201d, ecartament reglabil<\/li>\n<li>Cutitele cu care este prevazut motocultorul au un design special, principiul de functionare consta in maruntirea solului prin patrunderea in toata suprafata de contact, fiind necesara doar o singura trecere.<\/li>\n<li>Filtrul de aer cu baie de ulei asigura o filtrare mai buna a aerului in zonele cu praf.<\/li>\n<li>Ambreiajul inversat este mai sigur si mai confortabil, opreste imediat masina atunci cand operatorul elibereaza carma accidental, motorul nu se opreste daca operatorul doreste sa continue sa lucreze.<\/li>\n<\/ul>\n<h3>Specificatii tehnice &#8211; <strong>Motocultor AGT3DF cu motor Honda GX270 cu freza pamant 68cm<\/strong>:<\/h3>\n<p><strong>Putere motor ( CP )<\/strong> &#8211; 9<br \/>\n<strong>Capacitate rezervor &#8211;<\/strong> 5.3 l<br \/>\n<strong>Capacitate cilindrica<\/strong> &#8211; 270 cm3;<br \/>\n<strong>Cutia de viteze<\/strong> &#8211; 6 v (3 inainte + 3 inapoi); Viteze &#8211; 1\u00b0: 1,3 km\/h &#8211; 2\u00b0: 2,4 km\/h &#8211; 3\u00b0: 3.6 km\/h, 1\u00b0R: 1,3 km\/h &#8211; 2\u00b0R: 2,4 km\/h &#8211; 3\u00b0R: 3,6 km\/h;<br \/>\n<strong>Motor<\/strong> &#8211; Honda GX 270<br \/>\n<strong>Ambreiaj<\/strong> &#8211; Conic cu control inversat<br \/>\n<strong>Priza de forta<\/strong> &#8211; Independenta de cutia de viteze la 965 rpm cu motorul la 3600 rpm<br \/>\n<strong>Dispozitiv de siguranta<\/strong> &#8211; Maneta de ambreiaj cu dubla actionare si debreiere in cazul pierderii controlului<br \/>\n<strong>Ghidon<\/strong> &#8211; Reglabil in lateral si in inaltime, reversibil 180\u00b0 cu sistem antivibratii<br \/>\n<strong>Combustibil<\/strong> &#8211; Benzina fara plumb<br \/>\n<strong>Consum<\/strong> &#8211; 2,4 l\/h la 6.8 CP la 3600 rpm.<br \/>\n<strong>Latime de lucru<\/strong> &#8211; ( cm ) 58<br \/>\n<strong>Viteza de lucru (m\/s )<\/strong> &#8211; 1.1-2.6 Km\/h<br \/>\n<strong>Sistem de pornire<\/strong> &#8211; Demaror mecanic<br \/>\n<strong>Roti motoare<\/strong> &#8211; pneumatice 5.00-10&#8221; ecartament reglabil;<br \/>\n<strong>Greutate ( Kg )<\/strong> &#8211; 115<\/p>\n<p>&nbsp;<\/p>\n","protected":false},"excerpt":{"rendered":"<p><strong>Motocultor AGT3DF cu motor Honda GX270 cu freza pamant 68cm,<\/strong> putere motor 9 CP este dotat si cu roti cauciuc pneumatice reglabile de 5-10&#8243; cu diferential si frane pe fiecare roata, este ideal pentru prelucrarea solurilor grele fiind realizat din materiale rezistente la socuri puternice.<\/p>\n<p><em><strong>Cod produs: PFAGT3DFGX27<\/strong><\/em><\/p>\n<p><em><strong><span style=\"color: #ff0000;\">*Din cauza greutatii acest tip de echipament nu poate fi expediat prin intermediul serviciului de curierat rapid. Dupa plasarea comenzii va vom confirma pe e-mail sau veti fi contactat\/a telefonic pentru a vi se comunica costul de transport, ce va fi calculat in functie de locatia dvs.\u00a0<\/span><\/strong><\/em><\/p>\n","protected":false},"featured_media":103526,"comment_status":"open","ping_status":"closed","template":"","meta":{"_acf_changed":false},"product_cat":[4337,4371],"product_tag":[],"woo-feed-brand":[],"class_list":{"0":"post-103523","1":"product","2":"type-product","3":"status-publish","4":"has-post-thumbnail","6":"product_brand-agent-trade","7":"product_cat-gradinarit-agricultura","8":"product_cat-motocultoare","9":"pa_brand-agent-trade","10":"pa_combustibil-benzina-fara-plumb-2","11":"pa_greutate-115-kg-2","12":"pa_motor-honda-gx270","13":"pa_putere-9-cp","15":"first","16":"instock","17":"purchasable","18":"product-type-simple"},"acf":[],"yoast_head":"<!-- This site is optimized with the Yoast SEO plugin v27.3 - https:\/\/yoast.com\/product\/yoast-seo-wordpress\/ -->\n<title>Motocultor AGT3DF cu motor Honda GX270 cu freza pamant 68cm - Eurotech Iasi<\/title>\n<meta name=\"description\" content=\"Motocositoare Bertolini AGT B53 GP160 este o motocositoare ce este dotata cu motor puternic si aparatoare laterale ce asigura protectia barii de taiere.\" \/>\n<meta name=\"robots\" content=\"index, follow, max-snippet:-1, max-image-preview:large, max-video-preview:-1\" \/>\n<link rel=\"canonical\" href=\"https:\/\/eurotech-iasi.ro\/magazinonline\/produs\/motocultor-agt3df-cu-motor-honda-gx270-cu-freza-pamant-68cm\/\" \/>\n<meta property=\"og:locale\" content=\"ro_RO\" \/>\n<meta property=\"og:type\" content=\"article\" \/>\n<meta property=\"og:title\" content=\"Motocultor AGT3DF cu motor Honda GX270 cu freza pamant 68cm - Eurotech Iasi\" \/>\n<meta property=\"og:description\" content=\"Motocositoare Bertolini AGT B53 GP160 este o motocositoare ce este dotata cu motor puternic si aparatoare laterale ce asigura protectia barii de taiere.\" \/>\n<meta property=\"og:url\" content=\"https:\/\/eurotech-iasi.ro\/magazinonline\/produs\/motocultor-agt3df-cu-motor-honda-gx270-cu-freza-pamant-68cm\/\" \/>\n<meta property=\"og:site_name\" content=\"Eurotech Iasi\" \/>\n<meta property=\"article:publisher\" content=\"https:\/\/www.facebook.com\/EurotechIasi\/\" \/>\n<meta property=\"article:modified_time\" content=\"2025-12-10T10:59:48+00:00\" \/>\n<meta property=\"og:image\" content=\"https:\/\/eurotech-iasi.ro\/magazinonline\/wp-content\/uploads\/2024\/03\/Motocultor-AGT3DF-cu-motor-Honda-GX270-cu-freza-pamant-68cm-2.png\" \/>\n\t<meta property=\"og:image:width\" content=\"750\" \/>\n\t<meta property=\"og:image:height\" content=\"750\" \/>\n\t<meta property=\"og:image:type\" content=\"image\/png\" \/>\n<meta name=\"twitter:label1\" content=\"Timp estimat pentru citire\" \/>\n\t<meta name=\"twitter:data1\" content=\"2 minute\" \/>\n<script type=\"application\/ld+json\" class=\"yoast-schema-graph\">{\"@context\":\"https:\\\/\\\/schema.org\",\"@graph\":[{\"@type\":\"WebPage\",\"@id\":\"https:\\\/\\\/eurotech-iasi.ro\\\/magazinonline\\\/produs\\\/motocultor-agt3df-cu-motor-honda-gx270-cu-freza-pamant-68cm\\\/\",\"url\":\"https:\\\/\\\/eurotech-iasi.ro\\\/magazinonline\\\/produs\\\/motocultor-agt3df-cu-motor-honda-gx270-cu-freza-pamant-68cm\\\/\",\"name\":\"Motocultor AGT3DF cu motor Honda GX270 cu freza pamant 68cm - Eurotech Iasi\",\"isPartOf\":{\"@id\":\"https:\\\/\\\/eurotech-iasi.ro\\\/magazinonline\\\/#website\"},\"primaryImageOfPage\":{\"@id\":\"https:\\\/\\\/eurotech-iasi.ro\\\/magazinonline\\\/produs\\\/motocultor-agt3df-cu-motor-honda-gx270-cu-freza-pamant-68cm\\\/#primaryimage\"},\"image\":{\"@id\":\"https:\\\/\\\/eurotech-iasi.ro\\\/magazinonline\\\/produs\\\/motocultor-agt3df-cu-motor-honda-gx270-cu-freza-pamant-68cm\\\/#primaryimage\"},\"thumbnailUrl\":\"https:\\\/\\\/eurotech-iasi.ro\\\/magazinonline\\\/wp-content\\\/uploads\\\/2024\\\/03\\\/Motocultor-AGT3DF-cu-motor-Honda-GX270-cu-freza-pamant-68cm-2.png\",\"datePublished\":\"2024-03-25T11:41:46+00:00\",\"dateModified\":\"2025-12-10T10:59:48+00:00\",\"description\":\"Motocositoare Bertolini AGT B53 GP160 este o motocositoare ce este dotata cu motor puternic si aparatoare laterale ce asigura protectia barii de taiere.\",\"breadcrumb\":{\"@id\":\"https:\\\/\\\/eurotech-iasi.ro\\\/magazinonline\\\/produs\\\/motocultor-agt3df-cu-motor-honda-gx270-cu-freza-pamant-68cm\\\/#breadcrumb\"},\"inLanguage\":\"ro-RO\",\"potentialAction\":[{\"@type\":\"ReadAction\",\"target\":[\"https:\\\/\\\/eurotech-iasi.ro\\\/magazinonline\\\/produs\\\/motocultor-agt3df-cu-motor-honda-gx270-cu-freza-pamant-68cm\\\/\"]}]},{\"@type\":\"ImageObject\",\"inLanguage\":\"ro-RO\",\"@id\":\"https:\\\/\\\/eurotech-iasi.ro\\\/magazinonline\\\/produs\\\/motocultor-agt3df-cu-motor-honda-gx270-cu-freza-pamant-68cm\\\/#primaryimage\",\"url\":\"https:\\\/\\\/eurotech-iasi.ro\\\/magazinonline\\\/wp-content\\\/uploads\\\/2024\\\/03\\\/Motocultor-AGT3DF-cu-motor-Honda-GX270-cu-freza-pamant-68cm-2.png\",\"contentUrl\":\"https:\\\/\\\/eurotech-iasi.ro\\\/magazinonline\\\/wp-content\\\/uploads\\\/2024\\\/03\\\/Motocultor-AGT3DF-cu-motor-Honda-GX270-cu-freza-pamant-68cm-2.png\",\"width\":750,\"height\":750,\"caption\":\"Motocultor AGT3DF cu motor Honda GX270 cu freza pamant 68cm\"},{\"@type\":\"BreadcrumbList\",\"@id\":\"https:\\\/\\\/eurotech-iasi.ro\\\/magazinonline\\\/produs\\\/motocultor-agt3df-cu-motor-honda-gx270-cu-freza-pamant-68cm\\\/#breadcrumb\",\"itemListElement\":[{\"@type\":\"ListItem\",\"position\":1,\"name\":\"Prima pagin\u0103\",\"item\":\"https:\\\/\\\/eurotech-iasi.ro\\\/magazinonline\\\/\"},{\"@type\":\"ListItem\",\"position\":2,\"name\":\"Shop\",\"item\":\"https:\\\/\\\/eurotech-iasi.ro\\\/magazinonline\\\/shop\\\/\"},{\"@type\":\"ListItem\",\"position\":3,\"name\":\"Motocultor AGT3DF cu motor Honda GX270 cu freza pamant 68cm\"}]},{\"@type\":\"WebSite\",\"@id\":\"https:\\\/\\\/eurotech-iasi.ro\\\/magazinonline\\\/#website\",\"url\":\"https:\\\/\\\/eurotech-iasi.ro\\\/magazinonline\\\/\",\"name\":\"Eurotech Iasi\",\"description\":\"Cu oameni seriosi\",\"publisher\":{\"@id\":\"https:\\\/\\\/eurotech-iasi.ro\\\/magazinonline\\\/#organization\"},\"potentialAction\":[{\"@type\":\"SearchAction\",\"target\":{\"@type\":\"EntryPoint\",\"urlTemplate\":\"https:\\\/\\\/eurotech-iasi.ro\\\/magazinonline\\\/?s={search_term_string}\"},\"query-input\":{\"@type\":\"PropertyValueSpecification\",\"valueRequired\":true,\"valueName\":\"search_term_string\"}}],\"inLanguage\":\"ro-RO\"},{\"@type\":\"Organization\",\"@id\":\"https:\\\/\\\/eurotech-iasi.ro\\\/magazinonline\\\/#organization\",\"name\":\"Eurotech Iasi\",\"url\":\"https:\\\/\\\/eurotech-iasi.ro\\\/magazinonline\\\/\",\"logo\":{\"@type\":\"ImageObject\",\"inLanguage\":\"ro-RO\",\"@id\":\"https:\\\/\\\/eurotech-iasi.ro\\\/magazinonline\\\/#\\\/schema\\\/logo\\\/image\\\/\",\"url\":\"https:\\\/\\\/eurotech-iasi.ro\\\/magazinonline\\\/wp-content\\\/uploads\\\/2020\\\/08\\\/logo-eurotech.png\",\"contentUrl\":\"https:\\\/\\\/eurotech-iasi.ro\\\/magazinonline\\\/wp-content\\\/uploads\\\/2020\\\/08\\\/logo-eurotech.png\",\"width\":290,\"height\":70,\"caption\":\"Eurotech Iasi\"},\"image\":{\"@id\":\"https:\\\/\\\/eurotech-iasi.ro\\\/magazinonline\\\/#\\\/schema\\\/logo\\\/image\\\/\"},\"sameAs\":[\"https:\\\/\\\/www.facebook.com\\\/EurotechIasi\\\/\"]}]}<\/script>\n<!-- \/ Yoast SEO plugin. -->","yoast_head_json":{"title":"Motocultor AGT3DF cu motor Honda GX270 cu freza pamant 68cm - Eurotech Iasi","description":"Motocositoare Bertolini AGT B53 GP160 este o motocositoare ce este dotata cu motor puternic si aparatoare laterale ce asigura protectia barii de taiere.","robots":{"index":"index","follow":"follow","max-snippet":"max-snippet:-1","max-image-preview":"max-image-preview:large","max-video-preview":"max-video-preview:-1"},"canonical":"https:\/\/eurotech-iasi.ro\/magazinonline\/produs\/motocultor-agt3df-cu-motor-honda-gx270-cu-freza-pamant-68cm\/","og_locale":"ro_RO","og_type":"article","og_title":"Motocultor AGT3DF cu motor Honda GX270 cu freza pamant 68cm - Eurotech Iasi","og_description":"Motocositoare Bertolini AGT B53 GP160 este o motocositoare ce este dotata cu motor puternic si aparatoare laterale ce asigura protectia barii de taiere.","og_url":"https:\/\/eurotech-iasi.ro\/magazinonline\/produs\/motocultor-agt3df-cu-motor-honda-gx270-cu-freza-pamant-68cm\/","og_site_name":"Eurotech Iasi","article_publisher":"https:\/\/www.facebook.com\/EurotechIasi\/","article_modified_time":"2025-12-10T10:59:48+00:00","og_image":[{"width":750,"height":750,"url":"https:\/\/eurotech-iasi.ro\/magazinonline\/wp-content\/uploads\/2024\/03\/Motocultor-AGT3DF-cu-motor-Honda-GX270-cu-freza-pamant-68cm-2.png","type":"image\/png"}],"twitter_misc":{"Timp estimat pentru citire":"2 minute"},"schema":{"@context":"https:\/\/schema.org","@graph":[{"@type":"WebPage","@id":"https:\/\/eurotech-iasi.ro\/magazinonline\/produs\/motocultor-agt3df-cu-motor-honda-gx270-cu-freza-pamant-68cm\/","url":"https:\/\/eurotech-iasi.ro\/magazinonline\/produs\/motocultor-agt3df-cu-motor-honda-gx270-cu-freza-pamant-68cm\/","name":"Motocultor AGT3DF cu motor Honda GX270 cu freza pamant 68cm - Eurotech Iasi","isPartOf":{"@id":"https:\/\/eurotech-iasi.ro\/magazinonline\/#website"},"primaryImageOfPage":{"@id":"https:\/\/eurotech-iasi.ro\/magazinonline\/produs\/motocultor-agt3df-cu-motor-honda-gx270-cu-freza-pamant-68cm\/#primaryimage"},"image":{"@id":"https:\/\/eurotech-iasi.ro\/magazinonline\/produs\/motocultor-agt3df-cu-motor-honda-gx270-cu-freza-pamant-68cm\/#primaryimage"},"thumbnailUrl":"https:\/\/eurotech-iasi.ro\/magazinonline\/wp-content\/uploads\/2024\/03\/Motocultor-AGT3DF-cu-motor-Honda-GX270-cu-freza-pamant-68cm-2.png","datePublished":"2024-03-25T11:41:46+00:00","dateModified":"2025-12-10T10:59:48+00:00","description":"Motocositoare Bertolini AGT B53 GP160 este o motocositoare ce este dotata cu motor puternic si aparatoare laterale ce asigura protectia barii de taiere.","breadcrumb":{"@id":"https:\/\/eurotech-iasi.ro\/magazinonline\/produs\/motocultor-agt3df-cu-motor-honda-gx270-cu-freza-pamant-68cm\/#breadcrumb"},"inLanguage":"ro-RO","potentialAction":[{"@type":"ReadAction","target":["https:\/\/eurotech-iasi.ro\/magazinonline\/produs\/motocultor-agt3df-cu-motor-honda-gx270-cu-freza-pamant-68cm\/"]}]},{"@type":"ImageObject","inLanguage":"ro-RO","@id":"https:\/\/eurotech-iasi.ro\/magazinonline\/produs\/motocultor-agt3df-cu-motor-honda-gx270-cu-freza-pamant-68cm\/#primaryimage","url":"https:\/\/eurotech-iasi.ro\/magazinonline\/wp-content\/uploads\/2024\/03\/Motocultor-AGT3DF-cu-motor-Honda-GX270-cu-freza-pamant-68cm-2.png","contentUrl":"https:\/\/eurotech-iasi.ro\/magazinonline\/wp-content\/uploads\/2024\/03\/Motocultor-AGT3DF-cu-motor-Honda-GX270-cu-freza-pamant-68cm-2.png","width":750,"height":750,"caption":"Motocultor AGT3DF cu motor Honda GX270 cu freza pamant 68cm"},{"@type":"BreadcrumbList","@id":"https:\/\/eurotech-iasi.ro\/magazinonline\/produs\/motocultor-agt3df-cu-motor-honda-gx270-cu-freza-pamant-68cm\/#breadcrumb","itemListElement":[{"@type":"ListItem","position":1,"name":"Prima pagin\u0103","item":"https:\/\/eurotech-iasi.ro\/magazinonline\/"},{"@type":"ListItem","position":2,"name":"Shop","item":"https:\/\/eurotech-iasi.ro\/magazinonline\/shop\/"},{"@type":"ListItem","position":3,"name":"Motocultor AGT3DF cu motor Honda GX270 cu freza pamant 68cm"}]},{"@type":"WebSite","@id":"https:\/\/eurotech-iasi.ro\/magazinonline\/#website","url":"https:\/\/eurotech-iasi.ro\/magazinonline\/","name":"Eurotech Iasi","description":"Cu oameni seriosi","publisher":{"@id":"https:\/\/eurotech-iasi.ro\/magazinonline\/#organization"},"potentialAction":[{"@type":"SearchAction","target":{"@type":"EntryPoint","urlTemplate":"https:\/\/eurotech-iasi.ro\/magazinonline\/?s={search_term_string}"},"query-input":{"@type":"PropertyValueSpecification","valueRequired":true,"valueName":"search_term_string"}}],"inLanguage":"ro-RO"},{"@type":"Organization","@id":"https:\/\/eurotech-iasi.ro\/magazinonline\/#organization","name":"Eurotech Iasi","url":"https:\/\/eurotech-iasi.ro\/magazinonline\/","logo":{"@type":"ImageObject","inLanguage":"ro-RO","@id":"https:\/\/eurotech-iasi.ro\/magazinonline\/#\/schema\/logo\/image\/","url":"https:\/\/eurotech-iasi.ro\/magazinonline\/wp-content\/uploads\/2020\/08\/logo-eurotech.png","contentUrl":"https:\/\/eurotech-iasi.ro\/magazinonline\/wp-content\/uploads\/2020\/08\/logo-eurotech.png","width":290,"height":70,"caption":"Eurotech Iasi"},"image":{"@id":"https:\/\/eurotech-iasi.ro\/magazinonline\/#\/schema\/logo\/image\/"},"sameAs":["https:\/\/www.facebook.com\/EurotechIasi\/"]}]}},"_links":{"self":[{"href":"https:\/\/eurotech-iasi.ro\/magazinonline\/wp-json\/wp\/v2\/product\/103523","targetHints":{"allow":["GET"]}}],"collection":[{"href":"https:\/\/eurotech-iasi.ro\/magazinonline\/wp-json\/wp\/v2\/product"}],"about":[{"href":"https:\/\/eurotech-iasi.ro\/magazinonline\/wp-json\/wp\/v2\/types\/product"}],"replies":[{"embeddable":true,"href":"https:\/\/eurotech-iasi.ro\/magazinonline\/wp-json\/wp\/v2\/comments?post=103523"}],"wp:featuredmedia":[{"embeddable":true,"href":"https:\/\/eurotech-iasi.ro\/magazinonline\/wp-json\/wp\/v2\/media\/103526"}],"wp:attachment":[{"href":"https:\/\/eurotech-iasi.ro\/magazinonline\/wp-json\/wp\/v2\/media?parent=103523"}],"wp:term":[{"taxonomy":"product_cat","embeddable":true,"href":"https:\/\/eurotech-iasi.ro\/magazinonline\/wp-json\/wp\/v2\/product_cat?post=103523"},{"taxonomy":"product_tag","embeddable":true,"href":"https:\/\/eurotech-iasi.ro\/magazinonline\/wp-json\/wp\/v2\/product_tag?post=103523"},{"taxonomy":"woo-feed-brand","embeddable":true,"href":"https:\/\/eurotech-iasi.ro\/magazinonline\/wp-json\/wp\/v2\/woo-feed-brand?post=103523"}],"curies":[{"name":"wp","href":"https:\/\/api.w.org\/{rel}","templated":true}]}}