{"id":104303,"date":"2024-04-15T12:06:43","date_gmt":"2024-04-15T09:06:43","guid":{"rendered":"https:\/\/eurotech-iasi.ro\/magazinonline\/?post_type=product&#038;p=104303"},"modified":"2025-12-22T14:42:45","modified_gmt":"2025-12-22T12:42:45","slug":"trimmer-de-gazon-bosch-universalgrasscut-18v-26-500","status":"publish","type":"product","link":"https:\/\/eurotech-iasi.ro\/magazinonline\/produs\/trimmer-de-gazon-bosch-universalgrasscut-18v-26-500\/","title":{"rendered":"Trimmer de gazon BOSCH UniversalGrassCut 18V-26-500"},"content":{"rendered":"<p><strong>Trimmer de gazon BOSCH UniversalGrassCut 18V-26-500 <\/strong>face ingrijirea gradinilor de dimensiuni mici si medii sa se desfasoara mai rapid si mai confortabil.<\/p>\n<ul>\n<li>Datorita designului ergonomic si functiilor flexibile, acest trimmer cu acumulator poate fi manevrat cu usurinta si asigura mentinerea posturii corporale corecte in cazul tuturor utilizatorilor.<\/li>\n<li>Tija telescopica poate fi ajustata cu usurinta prin rotirea clemei.<\/li>\n<li>Functia pentru tunderea marginilor de gazon se activeaza printr-o simpla atingere si rotire usoara a manerului superior.<\/li>\n<li>In cazul taierii ierbii sau buruienilor de sub banci, garduri vii sau alte spatii inguste, capul trimmerului poate fi inclinat pentru acces usor, deplasare flexibila si precizie.<\/li>\n<\/ul>\n<p><em><strong>Beneficii pentru utilizatori &#8211; Trimmer de gazon BOSCH UniversalGrassCut 18V-26-500:<\/strong><\/em><\/p>\n<ul>\n<li>Reglare telescopica pe inal\u0163ime pentru manevrare confortabila \u015fi men\u0163inerea unei posturi corecte<\/li>\n<li>Functia EdgeSimple permite taierea marginilor prin simpla atingere \u015fi rotire a manerului<\/li>\n<li>Cap rabatabil pentru tundere precisa sub banci \u015fi in locuri greu accesibile<\/li>\n<li>Bobina semiautomata ergonomica elimina necesitatea efectuarii reglajelor in mod manual<\/li>\n<li>Ideal pentru taierea marginilor, tundere, taierea buruienilor \u015fi ierbii de pe gazoane de dimensiuni mici \u015fi medii<\/li>\n<li>Compatibil cu acumulatorul Bosch 18V POWER FOR ALL<\/li>\n<\/ul>\n<h2><strong>Specificatii tehnice &#8211; Trimmer de gazon BOSCH UniversalGrassCut 18V-26-500:<\/strong><\/h2>\n<p>Tensiune acumulator 18,0 V<br \/>\nCompatibilitate acumulator 18V POWER FOR ALL ALLIANCE<br \/>\nAcumulator recomandat &gt;= 2,0 Ah<br \/>\nSistem fir de taiere Semiautomat<br \/>\nDiametru de taiere (fir) 26 cm<br \/>\nGrosime fir 1,6 mm<br \/>\nCapacitate de incarcare fir bobina 4 m<br \/>\nTura\u0163ie la mers in gol 8.500 rot\/min<br \/>\nReglarea lungimii 30 cm<br \/>\nDimensiuni scula (L x l x I) 1330 x 260 x 340 mm<br \/>\nGreutate 2,400 kg<br \/>\nGreutate excl. acumulator 2,0 kg<br \/>\nSubdiviziune categorie de produse Trimmer de gazon cu acumulator<br \/>\nCap de taiere rotativ la 90\u00b0<br \/>\n<strong><em><span style=\"color: #ff0000;\">*Livrare fara acumulator \u015fi incarcator<\/span><\/em><\/strong><br \/>\nNivel de zgomot Nivelul de zgomot evaluat A al sculei electrice este in mod normal de: nivel presiune sonora dB(A); nivel putere sonora dB(A). Incertitudine K= dB.<\/p>\n<p><strong>Set de livrare<\/strong>:<\/p>\n<ul>\n<li>1 trimmer<\/li>\n<li>Ambalaj de carton<\/li>\n<\/ul>\n<p>&nbsp;<\/p>\n<p>&nbsp;<\/p>\n","protected":false},"excerpt":{"rendered":"<p><strong>Trimmer de gazon BOSCH UniversalGrassCut 18V-26-500 <\/strong>face ingrijirea gradinilor de dimensiuni mici si medii sa se desfasoara mai rapid si mai confortabil.<\/p>\n<p><strong><em><span style=\"color: #ff0000;\">*Livrare fara acumulator \u015fi incarcator<\/span><\/em><\/strong><\/p>\n<p><em><strong>Cod produs: <b>06008C1F01<\/b><\/strong><\/em><\/p>\n","protected":false},"featured_media":104305,"comment_status":"open","ping_status":"closed","template":"","meta":{"_acf_changed":false},"product_cat":[4337,4367],"product_tag":[],"woo-feed-brand":[],"class_list":{"0":"post-104303","1":"product","2":"type-product","3":"status-publish","4":"has-post-thumbnail","6":"product_brand-bosch","7":"product_cat-gradinarit-agricultura","8":"product_cat-trimmere-de-gazon","9":"pa_brand-bosch","10":"pa_diametru-de-taiere-260-mm","11":"pa_dimensiuni-1330-x-260-x-340-mm","12":"pa_greutate-2-4-kg","13":"pa_tensiune-acumulatori-compatibilitate-acumulator-18v-power-for-all-alliance","14":"pa_tip-acumulatori-li-ion-2","16":"first","17":"instock","18":"purchasable","19":"product-type-simple"},"acf":[],"yoast_head":"<!-- This site is optimized with the Yoast SEO plugin v27.3 - https:\/\/yoast.com\/product\/yoast-seo-wordpress\/ -->\n<title>Trimmer de gazon BOSCH UniversalGrassCut 18V-26-500 - Eurotech Iasi<\/title>\n<meta name=\"description\" content=\"Trimmer cu acumulator VARO POWDPG7540 este ideal atat pentru tunderea si aranjarea marginilor peluzelor, cat si pentru cosirea ierbii din spatii inguste.\" \/>\n<meta name=\"robots\" content=\"index, follow, max-snippet:-1, max-image-preview:large, max-video-preview:-1\" \/>\n<link rel=\"canonical\" href=\"https:\/\/eurotech-iasi.ro\/magazinonline\/produs\/trimmer-de-gazon-bosch-universalgrasscut-18v-26-500\/\" \/>\n<meta property=\"og:locale\" content=\"ro_RO\" \/>\n<meta property=\"og:type\" content=\"article\" \/>\n<meta property=\"og:title\" content=\"Trimmer de gazon BOSCH UniversalGrassCut 18V-26-500 - Eurotech Iasi\" \/>\n<meta property=\"og:description\" content=\"Trimmer cu acumulator VARO POWDPG7540 este ideal atat pentru tunderea si aranjarea marginilor peluzelor, cat si pentru cosirea ierbii din spatii inguste.\" \/>\n<meta property=\"og:url\" content=\"https:\/\/eurotech-iasi.ro\/magazinonline\/produs\/trimmer-de-gazon-bosch-universalgrasscut-18v-26-500\/\" \/>\n<meta property=\"og:site_name\" content=\"Eurotech Iasi\" \/>\n<meta property=\"article:publisher\" content=\"https:\/\/www.facebook.com\/EurotechIasi\/\" \/>\n<meta property=\"article:modified_time\" content=\"2025-12-22T12:42:45+00:00\" \/>\n<meta property=\"og:image\" content=\"https:\/\/eurotech-iasi.ro\/magazinonline\/wp-content\/uploads\/2024\/04\/Trimmer-de-gazon-BOSCH-UniversalGrassCut-18V-26-500-2.png\" \/>\n\t<meta property=\"og:image:width\" content=\"750\" \/>\n\t<meta property=\"og:image:height\" content=\"750\" \/>\n\t<meta property=\"og:image:type\" content=\"image\/png\" \/>\n<meta name=\"twitter:label1\" content=\"Timp estimat pentru citire\" \/>\n\t<meta name=\"twitter:data1\" content=\"2 minute\" \/>\n<script type=\"application\/ld+json\" class=\"yoast-schema-graph\">{\"@context\":\"https:\\\/\\\/schema.org\",\"@graph\":[{\"@type\":\"WebPage\",\"@id\":\"https:\\\/\\\/eurotech-iasi.ro\\\/magazinonline\\\/produs\\\/trimmer-de-gazon-bosch-universalgrasscut-18v-26-500\\\/\",\"url\":\"https:\\\/\\\/eurotech-iasi.ro\\\/magazinonline\\\/produs\\\/trimmer-de-gazon-bosch-universalgrasscut-18v-26-500\\\/\",\"name\":\"Trimmer de gazon BOSCH UniversalGrassCut 18V-26-500 - Eurotech Iasi\",\"isPartOf\":{\"@id\":\"https:\\\/\\\/eurotech-iasi.ro\\\/magazinonline\\\/#website\"},\"primaryImageOfPage\":{\"@id\":\"https:\\\/\\\/eurotech-iasi.ro\\\/magazinonline\\\/produs\\\/trimmer-de-gazon-bosch-universalgrasscut-18v-26-500\\\/#primaryimage\"},\"image\":{\"@id\":\"https:\\\/\\\/eurotech-iasi.ro\\\/magazinonline\\\/produs\\\/trimmer-de-gazon-bosch-universalgrasscut-18v-26-500\\\/#primaryimage\"},\"thumbnailUrl\":\"https:\\\/\\\/eurotech-iasi.ro\\\/magazinonline\\\/wp-content\\\/uploads\\\/2024\\\/04\\\/Trimmer-de-gazon-BOSCH-UniversalGrassCut-18V-26-500-2.png\",\"datePublished\":\"2024-04-15T09:06:43+00:00\",\"dateModified\":\"2025-12-22T12:42:45+00:00\",\"description\":\"Trimmer cu acumulator VARO POWDPG7540 este ideal atat pentru tunderea si aranjarea marginilor peluzelor, cat si pentru cosirea ierbii din spatii inguste.\",\"breadcrumb\":{\"@id\":\"https:\\\/\\\/eurotech-iasi.ro\\\/magazinonline\\\/produs\\\/trimmer-de-gazon-bosch-universalgrasscut-18v-26-500\\\/#breadcrumb\"},\"inLanguage\":\"ro-RO\",\"potentialAction\":[{\"@type\":\"ReadAction\",\"target\":[\"https:\\\/\\\/eurotech-iasi.ro\\\/magazinonline\\\/produs\\\/trimmer-de-gazon-bosch-universalgrasscut-18v-26-500\\\/\"]}]},{\"@type\":\"ImageObject\",\"inLanguage\":\"ro-RO\",\"@id\":\"https:\\\/\\\/eurotech-iasi.ro\\\/magazinonline\\\/produs\\\/trimmer-de-gazon-bosch-universalgrasscut-18v-26-500\\\/#primaryimage\",\"url\":\"https:\\\/\\\/eurotech-iasi.ro\\\/magazinonline\\\/wp-content\\\/uploads\\\/2024\\\/04\\\/Trimmer-de-gazon-BOSCH-UniversalGrassCut-18V-26-500-2.png\",\"contentUrl\":\"https:\\\/\\\/eurotech-iasi.ro\\\/magazinonline\\\/wp-content\\\/uploads\\\/2024\\\/04\\\/Trimmer-de-gazon-BOSCH-UniversalGrassCut-18V-26-500-2.png\",\"width\":750,\"height\":750,\"caption\":\"Trimmer de gazon BOSCH UniversalGrassCut 18V-26-500\"},{\"@type\":\"BreadcrumbList\",\"@id\":\"https:\\\/\\\/eurotech-iasi.ro\\\/magazinonline\\\/produs\\\/trimmer-de-gazon-bosch-universalgrasscut-18v-26-500\\\/#breadcrumb\",\"itemListElement\":[{\"@type\":\"ListItem\",\"position\":1,\"name\":\"Prima pagin\u0103\",\"item\":\"https:\\\/\\\/eurotech-iasi.ro\\\/magazinonline\\\/\"},{\"@type\":\"ListItem\",\"position\":2,\"name\":\"Shop\",\"item\":\"https:\\\/\\\/eurotech-iasi.ro\\\/magazinonline\\\/shop\\\/\"},{\"@type\":\"ListItem\",\"position\":3,\"name\":\"Trimmer de gazon BOSCH UniversalGrassCut 18V-26-500\"}]},{\"@type\":\"WebSite\",\"@id\":\"https:\\\/\\\/eurotech-iasi.ro\\\/magazinonline\\\/#website\",\"url\":\"https:\\\/\\\/eurotech-iasi.ro\\\/magazinonline\\\/\",\"name\":\"Eurotech Iasi\",\"description\":\"Cu oameni seriosi\",\"publisher\":{\"@id\":\"https:\\\/\\\/eurotech-iasi.ro\\\/magazinonline\\\/#organization\"},\"potentialAction\":[{\"@type\":\"SearchAction\",\"target\":{\"@type\":\"EntryPoint\",\"urlTemplate\":\"https:\\\/\\\/eurotech-iasi.ro\\\/magazinonline\\\/?s={search_term_string}\"},\"query-input\":{\"@type\":\"PropertyValueSpecification\",\"valueRequired\":true,\"valueName\":\"search_term_string\"}}],\"inLanguage\":\"ro-RO\"},{\"@type\":\"Organization\",\"@id\":\"https:\\\/\\\/eurotech-iasi.ro\\\/magazinonline\\\/#organization\",\"name\":\"Eurotech Iasi\",\"url\":\"https:\\\/\\\/eurotech-iasi.ro\\\/magazinonline\\\/\",\"logo\":{\"@type\":\"ImageObject\",\"inLanguage\":\"ro-RO\",\"@id\":\"https:\\\/\\\/eurotech-iasi.ro\\\/magazinonline\\\/#\\\/schema\\\/logo\\\/image\\\/\",\"url\":\"https:\\\/\\\/eurotech-iasi.ro\\\/magazinonline\\\/wp-content\\\/uploads\\\/2020\\\/08\\\/logo-eurotech.png\",\"contentUrl\":\"https:\\\/\\\/eurotech-iasi.ro\\\/magazinonline\\\/wp-content\\\/uploads\\\/2020\\\/08\\\/logo-eurotech.png\",\"width\":290,\"height\":70,\"caption\":\"Eurotech Iasi\"},\"image\":{\"@id\":\"https:\\\/\\\/eurotech-iasi.ro\\\/magazinonline\\\/#\\\/schema\\\/logo\\\/image\\\/\"},\"sameAs\":[\"https:\\\/\\\/www.facebook.com\\\/EurotechIasi\\\/\"]}]}<\/script>\n<!-- \/ Yoast SEO plugin. -->","yoast_head_json":{"title":"Trimmer de gazon BOSCH UniversalGrassCut 18V-26-500 - Eurotech Iasi","description":"Trimmer cu acumulator VARO POWDPG7540 este ideal atat pentru tunderea si aranjarea marginilor peluzelor, cat si pentru cosirea ierbii din spatii inguste.","robots":{"index":"index","follow":"follow","max-snippet":"max-snippet:-1","max-image-preview":"max-image-preview:large","max-video-preview":"max-video-preview:-1"},"canonical":"https:\/\/eurotech-iasi.ro\/magazinonline\/produs\/trimmer-de-gazon-bosch-universalgrasscut-18v-26-500\/","og_locale":"ro_RO","og_type":"article","og_title":"Trimmer de gazon BOSCH UniversalGrassCut 18V-26-500 - Eurotech Iasi","og_description":"Trimmer cu acumulator VARO POWDPG7540 este ideal atat pentru tunderea si aranjarea marginilor peluzelor, cat si pentru cosirea ierbii din spatii inguste.","og_url":"https:\/\/eurotech-iasi.ro\/magazinonline\/produs\/trimmer-de-gazon-bosch-universalgrasscut-18v-26-500\/","og_site_name":"Eurotech Iasi","article_publisher":"https:\/\/www.facebook.com\/EurotechIasi\/","article_modified_time":"2025-12-22T12:42:45+00:00","og_image":[{"width":750,"height":750,"url":"https:\/\/eurotech-iasi.ro\/magazinonline\/wp-content\/uploads\/2024\/04\/Trimmer-de-gazon-BOSCH-UniversalGrassCut-18V-26-500-2.png","type":"image\/png"}],"twitter_misc":{"Timp estimat pentru citire":"2 minute"},"schema":{"@context":"https:\/\/schema.org","@graph":[{"@type":"WebPage","@id":"https:\/\/eurotech-iasi.ro\/magazinonline\/produs\/trimmer-de-gazon-bosch-universalgrasscut-18v-26-500\/","url":"https:\/\/eurotech-iasi.ro\/magazinonline\/produs\/trimmer-de-gazon-bosch-universalgrasscut-18v-26-500\/","name":"Trimmer de gazon BOSCH UniversalGrassCut 18V-26-500 - Eurotech Iasi","isPartOf":{"@id":"https:\/\/eurotech-iasi.ro\/magazinonline\/#website"},"primaryImageOfPage":{"@id":"https:\/\/eurotech-iasi.ro\/magazinonline\/produs\/trimmer-de-gazon-bosch-universalgrasscut-18v-26-500\/#primaryimage"},"image":{"@id":"https:\/\/eurotech-iasi.ro\/magazinonline\/produs\/trimmer-de-gazon-bosch-universalgrasscut-18v-26-500\/#primaryimage"},"thumbnailUrl":"https:\/\/eurotech-iasi.ro\/magazinonline\/wp-content\/uploads\/2024\/04\/Trimmer-de-gazon-BOSCH-UniversalGrassCut-18V-26-500-2.png","datePublished":"2024-04-15T09:06:43+00:00","dateModified":"2025-12-22T12:42:45+00:00","description":"Trimmer cu acumulator VARO POWDPG7540 este ideal atat pentru tunderea si aranjarea marginilor peluzelor, cat si pentru cosirea ierbii din spatii inguste.","breadcrumb":{"@id":"https:\/\/eurotech-iasi.ro\/magazinonline\/produs\/trimmer-de-gazon-bosch-universalgrasscut-18v-26-500\/#breadcrumb"},"inLanguage":"ro-RO","potentialAction":[{"@type":"ReadAction","target":["https:\/\/eurotech-iasi.ro\/magazinonline\/produs\/trimmer-de-gazon-bosch-universalgrasscut-18v-26-500\/"]}]},{"@type":"ImageObject","inLanguage":"ro-RO","@id":"https:\/\/eurotech-iasi.ro\/magazinonline\/produs\/trimmer-de-gazon-bosch-universalgrasscut-18v-26-500\/#primaryimage","url":"https:\/\/eurotech-iasi.ro\/magazinonline\/wp-content\/uploads\/2024\/04\/Trimmer-de-gazon-BOSCH-UniversalGrassCut-18V-26-500-2.png","contentUrl":"https:\/\/eurotech-iasi.ro\/magazinonline\/wp-content\/uploads\/2024\/04\/Trimmer-de-gazon-BOSCH-UniversalGrassCut-18V-26-500-2.png","width":750,"height":750,"caption":"Trimmer de gazon BOSCH UniversalGrassCut 18V-26-500"},{"@type":"BreadcrumbList","@id":"https:\/\/eurotech-iasi.ro\/magazinonline\/produs\/trimmer-de-gazon-bosch-universalgrasscut-18v-26-500\/#breadcrumb","itemListElement":[{"@type":"ListItem","position":1,"name":"Prima pagin\u0103","item":"https:\/\/eurotech-iasi.ro\/magazinonline\/"},{"@type":"ListItem","position":2,"name":"Shop","item":"https:\/\/eurotech-iasi.ro\/magazinonline\/shop\/"},{"@type":"ListItem","position":3,"name":"Trimmer de gazon BOSCH UniversalGrassCut 18V-26-500"}]},{"@type":"WebSite","@id":"https:\/\/eurotech-iasi.ro\/magazinonline\/#website","url":"https:\/\/eurotech-iasi.ro\/magazinonline\/","name":"Eurotech Iasi","description":"Cu oameni seriosi","publisher":{"@id":"https:\/\/eurotech-iasi.ro\/magazinonline\/#organization"},"potentialAction":[{"@type":"SearchAction","target":{"@type":"EntryPoint","urlTemplate":"https:\/\/eurotech-iasi.ro\/magazinonline\/?s={search_term_string}"},"query-input":{"@type":"PropertyValueSpecification","valueRequired":true,"valueName":"search_term_string"}}],"inLanguage":"ro-RO"},{"@type":"Organization","@id":"https:\/\/eurotech-iasi.ro\/magazinonline\/#organization","name":"Eurotech Iasi","url":"https:\/\/eurotech-iasi.ro\/magazinonline\/","logo":{"@type":"ImageObject","inLanguage":"ro-RO","@id":"https:\/\/eurotech-iasi.ro\/magazinonline\/#\/schema\/logo\/image\/","url":"https:\/\/eurotech-iasi.ro\/magazinonline\/wp-content\/uploads\/2020\/08\/logo-eurotech.png","contentUrl":"https:\/\/eurotech-iasi.ro\/magazinonline\/wp-content\/uploads\/2020\/08\/logo-eurotech.png","width":290,"height":70,"caption":"Eurotech Iasi"},"image":{"@id":"https:\/\/eurotech-iasi.ro\/magazinonline\/#\/schema\/logo\/image\/"},"sameAs":["https:\/\/www.facebook.com\/EurotechIasi\/"]}]}},"_links":{"self":[{"href":"https:\/\/eurotech-iasi.ro\/magazinonline\/wp-json\/wp\/v2\/product\/104303","targetHints":{"allow":["GET"]}}],"collection":[{"href":"https:\/\/eurotech-iasi.ro\/magazinonline\/wp-json\/wp\/v2\/product"}],"about":[{"href":"https:\/\/eurotech-iasi.ro\/magazinonline\/wp-json\/wp\/v2\/types\/product"}],"replies":[{"embeddable":true,"href":"https:\/\/eurotech-iasi.ro\/magazinonline\/wp-json\/wp\/v2\/comments?post=104303"}],"wp:featuredmedia":[{"embeddable":true,"href":"https:\/\/eurotech-iasi.ro\/magazinonline\/wp-json\/wp\/v2\/media\/104305"}],"wp:attachment":[{"href":"https:\/\/eurotech-iasi.ro\/magazinonline\/wp-json\/wp\/v2\/media?parent=104303"}],"wp:term":[{"taxonomy":"product_cat","embeddable":true,"href":"https:\/\/eurotech-iasi.ro\/magazinonline\/wp-json\/wp\/v2\/product_cat?post=104303"},{"taxonomy":"product_tag","embeddable":true,"href":"https:\/\/eurotech-iasi.ro\/magazinonline\/wp-json\/wp\/v2\/product_tag?post=104303"},{"taxonomy":"woo-feed-brand","embeddable":true,"href":"https:\/\/eurotech-iasi.ro\/magazinonline\/wp-json\/wp\/v2\/woo-feed-brand?post=104303"}],"curies":[{"name":"wp","href":"https:\/\/api.w.org\/{rel}","templated":true}]}}