{"id":105763,"date":"2024-06-07T12:07:06","date_gmt":"2024-06-07T09:07:06","guid":{"rendered":"https:\/\/eurotech-iasi.ro\/magazinonline\/?post_type=product&#038;p=105763"},"modified":"2026-03-31T16:19:53","modified_gmt":"2026-03-31T13:19:53","slug":"pompa-de-zugravit-airless-wagner-superfinish-21-pro-hea-spraypack","status":"publish","type":"product","link":"https:\/\/eurotech-iasi.ro\/magazinonline\/produs\/pompa-de-zugravit-airless-wagner-superfinish-21-pro-hea-spraypack\/","title":{"rendered":"Pompa de zugravit airless Wagner SuperFinish 21 PRO HEA SprayPack"},"content":{"rendered":"<p><strong>Pompa de zugravit airlessWagner SuperFinish 21 PRO HEA SprayPack <\/strong>motor 230V 0,9 kW, cu diafragma este ideala pentru aplicarea de vopsele pe baza de apa sau solventi, lacuri, emulsii si emailuri avand rezultate si finisaje perfecte la pulverizare, chiar si la presiuni foarte scazute.<\/p>\n<h3 class=\"section-title t-font-heading t-config-submenu-items-color\">Avantaje &#8211; <strong>Pompa de zugravit airlessWagner SuperFinish 21 PRO HEA SprayPack:<\/strong><\/h3>\n<div class=\"content pb-50\">\n<div class=\"product-description-content blured-desc all-desc-full\">\n<ul>\n<li>\n<div>Curatarea pompei este usoara si consuma ungrad redus de agent de curatare datorita sectiunilor transversale mici din dispozitiv.<\/div>\n<\/li>\n<li>\n<div>Electronica a fost redusa la minimum, pentru un nivel ridicat de robustete.<\/div>\n<\/li>\n<li>\n<div>Motorul asincron fara perii, extrem de eficient si durabil, asigura performante fiabile.<\/div>\n<\/li>\n<li>\n<div>Setarea de presiune variabila permite o reglare uniforma de la 0-207 bar fara punct mort, iar presiunea de pulverizare poate fi citita cu usurinta de pe manometrul HEA.<\/div>\n<div><strong>Potrivit pentru cantitati foarte mici:<\/strong><\/div>\n<\/li>\n<li>\n<div>Cu pana la 58% mai putin material in sistem, permite prelucrarea cantitatilor foarte mici de materiale.<\/div>\n<\/li>\n<li>\n<div>Datorita unei sectiuni mici in dispozitiv, ele economisesc material in timpul schimbarii si curatarii materialelor.<\/div>\n<div><strong>Mentenanta redus\u0103 si durat\u0103 lung\u0103 de viata:<\/strong><\/div>\n<\/li>\n<li>\n<div>Frecventa redusa a cursei diafragmei reduce semnificativ uzura pe numarul deja mic de piese supuse uzurii. Aceasta duce la costuri reduse de intretinere, in special in comparatie cu pompele cu piston conventionale de pe piata. In cazul in care totusi este necesara o reparatie, componentele relevante pot fi inlocuite usor si direct pe loc.<\/div>\n<div><strong>Rezultat de pulverizare fin si uniform:<\/strong><\/div>\n<\/li>\n<li>\n<div>Tehnologia diafragmei functioneaza cu o pulsatie extrem de mica, ceea ce previne neregularitatile in modelul de pulverizare.<\/div>\n<\/li>\n<li>Este furnizata o geanta pentru scule, astfel incat unealta potrivita sa fie intotdeauna la indemana<span style=\"font-size: medium;\">.<\/span><\/li>\n<\/ul>\n<p><strong>LIVRAREA PENTRU POMPA DE ZUGRAVIT, VOPSIT, WAGNER SUPERFINISH 21\u00a0PRO INCLUDE:<\/strong><\/p>\n<p>1 x pompa de zugravit\u00a0Wagner SuperFinish 21\u00a0Pro<\/p>\n<p>1 x furtun de 15 metri DN6, 1\/4 &#8221;<\/p>\n<p>1 x pistol de pulverizare Vector Pro 1\/4 &#8221;<\/p>\n<p>1 x\u00a0duza airless\u00a0HEA ProTip 517<\/p>\n<p>1 x\u00a0suport de duza<\/p>\n<p>1 x manometru<\/p>\n<h2>Specificatii tehnice -Pompa de zugravit airlessWagner SuperFinish 21 PRO HEA SprayPack:<\/h2>\n<\/div>\n<div>TEHNOLOGIE &#8211; diafragma<br \/>\nPUTERE MOTOR &#8211; 0.9 kW<br \/>\nVOLTAJ &#8211; 230-240 V AC \/ 50 H<br \/>\nPRESIUNE MAXIMA &#8211; 207 bar<br \/>\nDEBIT MATERIAL &#8211; 2,1 l\/min<br \/>\nDEBIT LA 120 BAR &#8211; 1,7 l\/min<br \/>\nVASCOZITATE MAXIMA &#8211; 15.000 mPas<br \/>\nMARIME MAX. DUZA &#8211; 0,021&#8221;<br \/>\nLUNGIME FURTUN MAXIM &#8211; 15 m<br \/>\nGREUTATE &#8211; 23,6 kg<\/div>\n<\/div>\n<div>\n<p><strong>Documentatie tehnica:\u00a0<\/strong><\/p>\n<p><a href=\"https:\/\/eurotech-iasi.ro\/magazinonline\/wp-content\/uploads\/2024\/06\/SuperFinish-21-Pro-Pompa-airless-cu-membrana_1.pdf\"><strong><em>\ud83d\udce5 Fisa tehnica<\/em><\/strong><\/a><\/p>\n<\/div>\n<p>&nbsp;<\/p>\n","protected":false},"excerpt":{"rendered":"<p><strong>Pompa de zugravit airlessWagner SuperFinish 21 PRO HEA SprayPack <\/strong>motor 230V 0,9 kW, cu diafragma este ideala pentru aplicarea de vopsele pe baza de apa sau solventi, lacuri, emulsii si emailuri avand rezultate si finisaje perfecte la pulverizare, chiar si la presiuni foarte scazute.<\/p>\n<p><em><strong>Cod produs: 4004025129872<\/strong><\/em><\/p>\n<h4><span class=\"help-phone\"><strong><span class=\"-g-product-details-help-phone\"><em><span style=\"color: #ff0000;\">Ai nevoie de ajutor? Sun\u0103 la <\/span>\u00a0<a href=\"tel:0740278809\">0740278809<\/a><\/em><\/span><\/strong><\/span><\/h4>\n","protected":false},"featured_media":105768,"comment_status":"open","ping_status":"closed","template":"","meta":{"_acf_changed":false},"product_cat":[6413,7053,12812,14526,12066],"product_tag":[12174,12173,12175],"woo-feed-brand":[],"class_list":{"0":"post-105763","1":"product","2":"type-product","3":"status-publish","4":"has-post-thumbnail","6":"product_brand-wagner","7":"product_cat-extra-reduceri","8":"product_cat-pompe-airless","9":"product_cat-pompe-airless-cu-membrana","10":"product_cat-promotie-pompe-de-zugravit","11":"product_cat-sisteme-de-pompare-si-finisaje-interioare","12":"product_tag-pompa-zopsit","13":"product_tag-pompa-zugravit-si-vopsit-cu-membrana-wagner","14":"product_tag-popma-wagner","15":"product_shipping_class-livrare-gratuita","16":"pa_brand-wagner","17":"pa_debit-21-l-min","18":"pa_greutate-23-6-kg","19":"pa_marime-max-duza-14360","20":"pa_presiune-maxima-207-bar","21":"pa_putere-motor-0-9-kw","22":"pa_voltaj-motor-230-v-50-hz","24":"first","25":"instock","26":"sale","27":"purchasable","28":"product-type-simple"},"acf":[],"yoast_head":"<!-- This site is optimized with the Yoast SEO plugin v27.3 - https:\/\/yoast.com\/product\/yoast-seo-wordpress\/ -->\n<title>Pompa de zugravit airless Wagner SuperFinish 21 PRO HEA SprayPack - Eurotech Iasi<\/title>\n<meta name=\"description\" content=\"Pompa de zugravit airlessWagner SuperFinish 21 PRO HEA SprayPack motor 230V 0,9 kW este ideala pentru aplicarea de vopsele pe baza de apa sau solventi.\" \/>\n<meta name=\"robots\" content=\"index, follow, max-snippet:-1, max-image-preview:large, max-video-preview:-1\" \/>\n<link rel=\"canonical\" href=\"https:\/\/eurotech-iasi.ro\/magazinonline\/produs\/pompa-de-zugravit-airless-wagner-superfinish-21-pro-hea-spraypack\/\" \/>\n<meta property=\"og:locale\" content=\"ro_RO\" \/>\n<meta property=\"og:type\" content=\"article\" \/>\n<meta property=\"og:title\" content=\"Pompa de zugravit airless Wagner SuperFinish 21 PRO HEA SprayPack - Eurotech Iasi\" \/>\n<meta property=\"og:description\" content=\"Pompa de zugravit airlessWagner SuperFinish 21 PRO HEA SprayPack motor 230V 0,9 kW este ideala pentru aplicarea de vopsele pe baza de apa sau solventi.\" \/>\n<meta property=\"og:url\" content=\"https:\/\/eurotech-iasi.ro\/magazinonline\/produs\/pompa-de-zugravit-airless-wagner-superfinish-21-pro-hea-spraypack\/\" \/>\n<meta property=\"og:site_name\" content=\"Eurotech Iasi\" \/>\n<meta property=\"article:publisher\" content=\"https:\/\/www.facebook.com\/EurotechIasi\/\" \/>\n<meta property=\"article:modified_time\" content=\"2026-03-31T13:19:53+00:00\" \/>\n<meta property=\"og:image\" content=\"https:\/\/eurotech-iasi.ro\/magazinonline\/wp-content\/uploads\/2024\/06\/Pompa-de-zugravit-airlessWagner-SuperFinish-21-PRO-HEA-SprayPack-4.png\" \/>\n\t<meta property=\"og:image:width\" content=\"750\" \/>\n\t<meta property=\"og:image:height\" content=\"750\" \/>\n\t<meta property=\"og:image:type\" content=\"image\/png\" \/>\n<meta name=\"twitter:label1\" content=\"Timp estimat pentru citire\" \/>\n\t<meta name=\"twitter:data1\" content=\"3 minute\" \/>\n<script type=\"application\/ld+json\" class=\"yoast-schema-graph\">{\"@context\":\"https:\\\/\\\/schema.org\",\"@graph\":[{\"@type\":\"WebPage\",\"@id\":\"https:\\\/\\\/eurotech-iasi.ro\\\/magazinonline\\\/produs\\\/pompa-de-zugravit-airless-wagner-superfinish-21-pro-hea-spraypack\\\/\",\"url\":\"https:\\\/\\\/eurotech-iasi.ro\\\/magazinonline\\\/produs\\\/pompa-de-zugravit-airless-wagner-superfinish-21-pro-hea-spraypack\\\/\",\"name\":\"Pompa de zugravit airless Wagner SuperFinish 21 PRO HEA SprayPack - Eurotech Iasi\",\"isPartOf\":{\"@id\":\"https:\\\/\\\/eurotech-iasi.ro\\\/magazinonline\\\/#website\"},\"primaryImageOfPage\":{\"@id\":\"https:\\\/\\\/eurotech-iasi.ro\\\/magazinonline\\\/produs\\\/pompa-de-zugravit-airless-wagner-superfinish-21-pro-hea-spraypack\\\/#primaryimage\"},\"image\":{\"@id\":\"https:\\\/\\\/eurotech-iasi.ro\\\/magazinonline\\\/produs\\\/pompa-de-zugravit-airless-wagner-superfinish-21-pro-hea-spraypack\\\/#primaryimage\"},\"thumbnailUrl\":\"https:\\\/\\\/eurotech-iasi.ro\\\/magazinonline\\\/wp-content\\\/uploads\\\/2024\\\/06\\\/Pompa-de-zugravit-airlessWagner-SuperFinish-21-PRO-HEA-SprayPack-4.png\",\"datePublished\":\"2024-06-07T09:07:06+00:00\",\"dateModified\":\"2026-03-31T13:19:53+00:00\",\"description\":\"Pompa de zugravit airlessWagner SuperFinish 21 PRO HEA SprayPack motor 230V 0,9 kW este ideala pentru aplicarea de vopsele pe baza de apa sau solventi.\",\"breadcrumb\":{\"@id\":\"https:\\\/\\\/eurotech-iasi.ro\\\/magazinonline\\\/produs\\\/pompa-de-zugravit-airless-wagner-superfinish-21-pro-hea-spraypack\\\/#breadcrumb\"},\"inLanguage\":\"ro-RO\",\"potentialAction\":[{\"@type\":\"ReadAction\",\"target\":[\"https:\\\/\\\/eurotech-iasi.ro\\\/magazinonline\\\/produs\\\/pompa-de-zugravit-airless-wagner-superfinish-21-pro-hea-spraypack\\\/\"]}]},{\"@type\":\"ImageObject\",\"inLanguage\":\"ro-RO\",\"@id\":\"https:\\\/\\\/eurotech-iasi.ro\\\/magazinonline\\\/produs\\\/pompa-de-zugravit-airless-wagner-superfinish-21-pro-hea-spraypack\\\/#primaryimage\",\"url\":\"https:\\\/\\\/eurotech-iasi.ro\\\/magazinonline\\\/wp-content\\\/uploads\\\/2024\\\/06\\\/Pompa-de-zugravit-airlessWagner-SuperFinish-21-PRO-HEA-SprayPack-4.png\",\"contentUrl\":\"https:\\\/\\\/eurotech-iasi.ro\\\/magazinonline\\\/wp-content\\\/uploads\\\/2024\\\/06\\\/Pompa-de-zugravit-airlessWagner-SuperFinish-21-PRO-HEA-SprayPack-4.png\",\"width\":750,\"height\":750,\"caption\":\"Pompa de zugravit airlessWagner SuperFinish 21 PRO HEA SprayPack\"},{\"@type\":\"BreadcrumbList\",\"@id\":\"https:\\\/\\\/eurotech-iasi.ro\\\/magazinonline\\\/produs\\\/pompa-de-zugravit-airless-wagner-superfinish-21-pro-hea-spraypack\\\/#breadcrumb\",\"itemListElement\":[{\"@type\":\"ListItem\",\"position\":1,\"name\":\"Prima pagin\u0103\",\"item\":\"https:\\\/\\\/eurotech-iasi.ro\\\/magazinonline\\\/\"},{\"@type\":\"ListItem\",\"position\":2,\"name\":\"Shop\",\"item\":\"https:\\\/\\\/eurotech-iasi.ro\\\/magazinonline\\\/shop\\\/\"},{\"@type\":\"ListItem\",\"position\":3,\"name\":\"Pompa de zugravit airless Wagner SuperFinish 21 PRO HEA SprayPack\"}]},{\"@type\":\"WebSite\",\"@id\":\"https:\\\/\\\/eurotech-iasi.ro\\\/magazinonline\\\/#website\",\"url\":\"https:\\\/\\\/eurotech-iasi.ro\\\/magazinonline\\\/\",\"name\":\"Eurotech Iasi\",\"description\":\"Cu oameni seriosi\",\"publisher\":{\"@id\":\"https:\\\/\\\/eurotech-iasi.ro\\\/magazinonline\\\/#organization\"},\"potentialAction\":[{\"@type\":\"SearchAction\",\"target\":{\"@type\":\"EntryPoint\",\"urlTemplate\":\"https:\\\/\\\/eurotech-iasi.ro\\\/magazinonline\\\/?s={search_term_string}\"},\"query-input\":{\"@type\":\"PropertyValueSpecification\",\"valueRequired\":true,\"valueName\":\"search_term_string\"}}],\"inLanguage\":\"ro-RO\"},{\"@type\":\"Organization\",\"@id\":\"https:\\\/\\\/eurotech-iasi.ro\\\/magazinonline\\\/#organization\",\"name\":\"Eurotech Iasi\",\"url\":\"https:\\\/\\\/eurotech-iasi.ro\\\/magazinonline\\\/\",\"logo\":{\"@type\":\"ImageObject\",\"inLanguage\":\"ro-RO\",\"@id\":\"https:\\\/\\\/eurotech-iasi.ro\\\/magazinonline\\\/#\\\/schema\\\/logo\\\/image\\\/\",\"url\":\"https:\\\/\\\/eurotech-iasi.ro\\\/magazinonline\\\/wp-content\\\/uploads\\\/2020\\\/08\\\/logo-eurotech.png\",\"contentUrl\":\"https:\\\/\\\/eurotech-iasi.ro\\\/magazinonline\\\/wp-content\\\/uploads\\\/2020\\\/08\\\/logo-eurotech.png\",\"width\":290,\"height\":70,\"caption\":\"Eurotech Iasi\"},\"image\":{\"@id\":\"https:\\\/\\\/eurotech-iasi.ro\\\/magazinonline\\\/#\\\/schema\\\/logo\\\/image\\\/\"},\"sameAs\":[\"https:\\\/\\\/www.facebook.com\\\/EurotechIasi\\\/\"]}]}<\/script>\n<!-- \/ Yoast SEO plugin. -->","yoast_head_json":{"title":"Pompa de zugravit airless Wagner SuperFinish 21 PRO HEA SprayPack - Eurotech Iasi","description":"Pompa de zugravit airlessWagner SuperFinish 21 PRO HEA SprayPack motor 230V 0,9 kW este ideala pentru aplicarea de vopsele pe baza de apa sau solventi.","robots":{"index":"index","follow":"follow","max-snippet":"max-snippet:-1","max-image-preview":"max-image-preview:large","max-video-preview":"max-video-preview:-1"},"canonical":"https:\/\/eurotech-iasi.ro\/magazinonline\/produs\/pompa-de-zugravit-airless-wagner-superfinish-21-pro-hea-spraypack\/","og_locale":"ro_RO","og_type":"article","og_title":"Pompa de zugravit airless Wagner SuperFinish 21 PRO HEA SprayPack - Eurotech Iasi","og_description":"Pompa de zugravit airlessWagner SuperFinish 21 PRO HEA SprayPack motor 230V 0,9 kW este ideala pentru aplicarea de vopsele pe baza de apa sau solventi.","og_url":"https:\/\/eurotech-iasi.ro\/magazinonline\/produs\/pompa-de-zugravit-airless-wagner-superfinish-21-pro-hea-spraypack\/","og_site_name":"Eurotech Iasi","article_publisher":"https:\/\/www.facebook.com\/EurotechIasi\/","article_modified_time":"2026-03-31T13:19:53+00:00","og_image":[{"width":750,"height":750,"url":"https:\/\/eurotech-iasi.ro\/magazinonline\/wp-content\/uploads\/2024\/06\/Pompa-de-zugravit-airlessWagner-SuperFinish-21-PRO-HEA-SprayPack-4.png","type":"image\/png"}],"twitter_misc":{"Timp estimat pentru citire":"3 minute"},"schema":{"@context":"https:\/\/schema.org","@graph":[{"@type":"WebPage","@id":"https:\/\/eurotech-iasi.ro\/magazinonline\/produs\/pompa-de-zugravit-airless-wagner-superfinish-21-pro-hea-spraypack\/","url":"https:\/\/eurotech-iasi.ro\/magazinonline\/produs\/pompa-de-zugravit-airless-wagner-superfinish-21-pro-hea-spraypack\/","name":"Pompa de zugravit airless Wagner SuperFinish 21 PRO HEA SprayPack - Eurotech Iasi","isPartOf":{"@id":"https:\/\/eurotech-iasi.ro\/magazinonline\/#website"},"primaryImageOfPage":{"@id":"https:\/\/eurotech-iasi.ro\/magazinonline\/produs\/pompa-de-zugravit-airless-wagner-superfinish-21-pro-hea-spraypack\/#primaryimage"},"image":{"@id":"https:\/\/eurotech-iasi.ro\/magazinonline\/produs\/pompa-de-zugravit-airless-wagner-superfinish-21-pro-hea-spraypack\/#primaryimage"},"thumbnailUrl":"https:\/\/eurotech-iasi.ro\/magazinonline\/wp-content\/uploads\/2024\/06\/Pompa-de-zugravit-airlessWagner-SuperFinish-21-PRO-HEA-SprayPack-4.png","datePublished":"2024-06-07T09:07:06+00:00","dateModified":"2026-03-31T13:19:53+00:00","description":"Pompa de zugravit airlessWagner SuperFinish 21 PRO HEA SprayPack motor 230V 0,9 kW este ideala pentru aplicarea de vopsele pe baza de apa sau solventi.","breadcrumb":{"@id":"https:\/\/eurotech-iasi.ro\/magazinonline\/produs\/pompa-de-zugravit-airless-wagner-superfinish-21-pro-hea-spraypack\/#breadcrumb"},"inLanguage":"ro-RO","potentialAction":[{"@type":"ReadAction","target":["https:\/\/eurotech-iasi.ro\/magazinonline\/produs\/pompa-de-zugravit-airless-wagner-superfinish-21-pro-hea-spraypack\/"]}]},{"@type":"ImageObject","inLanguage":"ro-RO","@id":"https:\/\/eurotech-iasi.ro\/magazinonline\/produs\/pompa-de-zugravit-airless-wagner-superfinish-21-pro-hea-spraypack\/#primaryimage","url":"https:\/\/eurotech-iasi.ro\/magazinonline\/wp-content\/uploads\/2024\/06\/Pompa-de-zugravit-airlessWagner-SuperFinish-21-PRO-HEA-SprayPack-4.png","contentUrl":"https:\/\/eurotech-iasi.ro\/magazinonline\/wp-content\/uploads\/2024\/06\/Pompa-de-zugravit-airlessWagner-SuperFinish-21-PRO-HEA-SprayPack-4.png","width":750,"height":750,"caption":"Pompa de zugravit airlessWagner SuperFinish 21 PRO HEA SprayPack"},{"@type":"BreadcrumbList","@id":"https:\/\/eurotech-iasi.ro\/magazinonline\/produs\/pompa-de-zugravit-airless-wagner-superfinish-21-pro-hea-spraypack\/#breadcrumb","itemListElement":[{"@type":"ListItem","position":1,"name":"Prima pagin\u0103","item":"https:\/\/eurotech-iasi.ro\/magazinonline\/"},{"@type":"ListItem","position":2,"name":"Shop","item":"https:\/\/eurotech-iasi.ro\/magazinonline\/shop\/"},{"@type":"ListItem","position":3,"name":"Pompa de zugravit airless Wagner SuperFinish 21 PRO HEA SprayPack"}]},{"@type":"WebSite","@id":"https:\/\/eurotech-iasi.ro\/magazinonline\/#website","url":"https:\/\/eurotech-iasi.ro\/magazinonline\/","name":"Eurotech Iasi","description":"Cu oameni seriosi","publisher":{"@id":"https:\/\/eurotech-iasi.ro\/magazinonline\/#organization"},"potentialAction":[{"@type":"SearchAction","target":{"@type":"EntryPoint","urlTemplate":"https:\/\/eurotech-iasi.ro\/magazinonline\/?s={search_term_string}"},"query-input":{"@type":"PropertyValueSpecification","valueRequired":true,"valueName":"search_term_string"}}],"inLanguage":"ro-RO"},{"@type":"Organization","@id":"https:\/\/eurotech-iasi.ro\/magazinonline\/#organization","name":"Eurotech Iasi","url":"https:\/\/eurotech-iasi.ro\/magazinonline\/","logo":{"@type":"ImageObject","inLanguage":"ro-RO","@id":"https:\/\/eurotech-iasi.ro\/magazinonline\/#\/schema\/logo\/image\/","url":"https:\/\/eurotech-iasi.ro\/magazinonline\/wp-content\/uploads\/2020\/08\/logo-eurotech.png","contentUrl":"https:\/\/eurotech-iasi.ro\/magazinonline\/wp-content\/uploads\/2020\/08\/logo-eurotech.png","width":290,"height":70,"caption":"Eurotech Iasi"},"image":{"@id":"https:\/\/eurotech-iasi.ro\/magazinonline\/#\/schema\/logo\/image\/"},"sameAs":["https:\/\/www.facebook.com\/EurotechIasi\/"]}]}},"_links":{"self":[{"href":"https:\/\/eurotech-iasi.ro\/magazinonline\/wp-json\/wp\/v2\/product\/105763","targetHints":{"allow":["GET"]}}],"collection":[{"href":"https:\/\/eurotech-iasi.ro\/magazinonline\/wp-json\/wp\/v2\/product"}],"about":[{"href":"https:\/\/eurotech-iasi.ro\/magazinonline\/wp-json\/wp\/v2\/types\/product"}],"replies":[{"embeddable":true,"href":"https:\/\/eurotech-iasi.ro\/magazinonline\/wp-json\/wp\/v2\/comments?post=105763"}],"wp:featuredmedia":[{"embeddable":true,"href":"https:\/\/eurotech-iasi.ro\/magazinonline\/wp-json\/wp\/v2\/media\/105768"}],"wp:attachment":[{"href":"https:\/\/eurotech-iasi.ro\/magazinonline\/wp-json\/wp\/v2\/media?parent=105763"}],"wp:term":[{"taxonomy":"product_cat","embeddable":true,"href":"https:\/\/eurotech-iasi.ro\/magazinonline\/wp-json\/wp\/v2\/product_cat?post=105763"},{"taxonomy":"product_tag","embeddable":true,"href":"https:\/\/eurotech-iasi.ro\/magazinonline\/wp-json\/wp\/v2\/product_tag?post=105763"},{"taxonomy":"woo-feed-brand","embeddable":true,"href":"https:\/\/eurotech-iasi.ro\/magazinonline\/wp-json\/wp\/v2\/woo-feed-brand?post=105763"}],"curies":[{"name":"wp","href":"https:\/\/api.w.org\/{rel}","templated":true}]}}