{"id":106309,"date":"2024-07-05T15:05:34","date_gmt":"2024-07-05T12:05:34","guid":{"rendered":"https:\/\/eurotech-iasi.ro\/magazinonline\/?post_type=product&#038;p=106309"},"modified":"2024-12-04T14:28:50","modified_gmt":"2024-12-04T12:28:50","slug":"generator-sudura-pe-benzina-multifunctional-4-in-1-senci-sc200bf","status":"publish","type":"product","link":"https:\/\/eurotech-iasi.ro\/magazinonline\/produs\/generator-sudura-pe-benzina-multifunctional-4-in-1-senci-sc200bf\/","title":{"rendered":"Generator sudura pe benzin\u0103 multifunc\u021bional 4 \u00een 1 SENCI SC200BF"},"content":{"rendered":"<p><strong>Generator sudura pe benzin\u0103 multifunc\u021bional 4 \u00een 1 SENCI SC200BF<\/strong> este o masina ce are 4 functii: generator, compresor, sudura, taiere cu plasma.<\/p>\n<h2>Specificatii tehnice &#8211; <strong>Generator sudura pe benzin\u0103 multifunc\u021bional 4 \u00een 1 SENCI SC200BF<\/strong><strong>:<\/strong><\/h2>\n<p>Model: SC200BF<br \/>\nPutere nominala: 4,5 kva<br \/>\nMax. Putere nominala: 5 kva<br \/>\nTensiune: 230 V<br \/>\nFrecventa: 50 Hz<br \/>\nFaza: 1-Faza<br \/>\nSistem de r\u0103cire: r\u0103cit cu aer<br \/>\nStructura: de tip deschis<br \/>\nCombustibil: benzina<\/p>\n<p><em><strong>GENERATOR<\/strong><\/em><br \/>\nTensiune AC: 230 V<br \/>\nCurent: 21,7 A<br \/>\nPutere nominala: 7500 W<br \/>\nDemaraj &#8211; Electric si la sfoara<\/p>\n<p><em><strong>SUDURA<\/strong><\/em><br \/>\nTensiune nominal\u0103 f\u0103r\u0103 sarcin\u0103: DC 75 V<br \/>\nTensiune de func\u021bionare: DC 22-28 V<br \/>\nInterval de reglare curent: DC 50~170 A<br \/>\nCiclu de func\u021bionare nominal: 50 %<\/p>\n<p><em><strong>COMPRESOR DE AER<\/strong><\/em><br \/>\nCapacitate compresor de aer: 20 l<br \/>\nPuterea alternatorului: 1,35 kw<br \/>\nTensiune nominal\u0103 a alternatorului: 230 V<br \/>\nInterval de ac\u021biune pentru reducerea presiunii: 0,6 ~ 0,8 Mpa<br \/>\nPresiunea max &#8211; 115 bar<br \/>\nDebit la 90 bar &#8211; 125 l\/ min<\/p>\n<p><em><strong>TAIERE CU PLASMA<\/strong><\/em><br \/>\nTensiune fara sarcina DC 230V<br \/>\nInterval curent 10-40A<br \/>\nCurent nominal 35A<br \/>\nGrosime taiere 1-10mm<\/p>\n<p>&nbsp;<\/p>\n","protected":false},"excerpt":{"rendered":"<p><strong>Generator sudura pe benzin\u0103 multifunc\u021bional 4 \u00een 1 SENCI SC200BF<\/strong> este o masina ce are 4 functii: generator, compresor, sudura, taiere cu plasma.<\/p>\n<p><em><strong>Cod produs: SC1008395 <\/strong><\/em><\/p>\n<p>&nbsp;<\/p>\n","protected":false},"featured_media":106314,"comment_status":"open","ping_status":"closed","template":"","meta":{"_acf_changed":false},"product_cat":[4340,4397,4395],"product_tag":[],"woo-feed-brand":[],"class_list":{"0":"post-106309","1":"product","2":"type-product","3":"status-publish","4":"has-post-thumbnail","6":"product_brand-senci","7":"product_cat-generatoare-de-curent","8":"product_cat-generatoare-de-sudura","9":"product_cat-generatoare-monofazate","10":"pa_brand-senci","11":"pa_greutate-128-kg","12":"pa_putere-maxima-230v-5-5-kw","14":"first","15":"instock","16":"shipping-taxable","17":"purchasable","18":"product-type-simple"},"acf":[],"yoast_head":"<!-- This site is optimized with the Yoast SEO plugin v27.3 - https:\/\/yoast.com\/product\/yoast-seo-wordpress\/ -->\n<title>Generator sudura pe benzin\u0103 multifunc\u021bional 4 \u00een 1 SENCI SC200BF - Eurotech Iasi<\/title>\n<meta name=\"robots\" content=\"index, follow, max-snippet:-1, max-image-preview:large, max-video-preview:-1\" \/>\n<link rel=\"canonical\" href=\"https:\/\/eurotech-iasi.ro\/magazinonline\/produs\/generator-sudura-pe-benzina-multifunctional-4-in-1-senci-sc200bf\/\" \/>\n<meta property=\"og:locale\" content=\"ro_RO\" \/>\n<meta property=\"og:type\" content=\"article\" \/>\n<meta property=\"og:title\" content=\"Generator sudura pe benzin\u0103 multifunc\u021bional 4 \u00een 1 SENCI SC200BF - Eurotech Iasi\" \/>\n<meta property=\"og:description\" content=\"Generator sudura pe benzin\u0103 multifunc\u021bional 4 \u00een 1 SENCI SC200BF este o masina ce are 4 functii: generator, compresor, sudura, taiere cu plasma.  Cod produs: SC1008395   &nbsp;\" \/>\n<meta property=\"og:url\" content=\"https:\/\/eurotech-iasi.ro\/magazinonline\/produs\/generator-sudura-pe-benzina-multifunctional-4-in-1-senci-sc200bf\/\" \/>\n<meta property=\"og:site_name\" content=\"Eurotech Iasi\" \/>\n<meta property=\"article:publisher\" content=\"https:\/\/www.facebook.com\/EurotechIasi\/\" \/>\n<meta property=\"article:modified_time\" content=\"2024-12-04T12:28:50+00:00\" \/>\n<meta property=\"og:image\" content=\"https:\/\/eurotech-iasi.ro\/magazinonline\/wp-content\/uploads\/2024\/07\/Generator-sudura-pe-benzina-multifunctional-4-in-1-SENCI-SC200BF-5.png\" \/>\n\t<meta property=\"og:image:width\" content=\"750\" \/>\n\t<meta property=\"og:image:height\" content=\"750\" \/>\n\t<meta property=\"og:image:type\" content=\"image\/png\" \/>\n<meta name=\"twitter:label1\" content=\"Timp estimat pentru citire\" \/>\n\t<meta name=\"twitter:data1\" content=\"1 minut\" \/>\n<script type=\"application\/ld+json\" class=\"yoast-schema-graph\">{\"@context\":\"https:\\\/\\\/schema.org\",\"@graph\":[{\"@type\":\"WebPage\",\"@id\":\"https:\\\/\\\/eurotech-iasi.ro\\\/magazinonline\\\/produs\\\/generator-sudura-pe-benzina-multifunctional-4-in-1-senci-sc200bf\\\/\",\"url\":\"https:\\\/\\\/eurotech-iasi.ro\\\/magazinonline\\\/produs\\\/generator-sudura-pe-benzina-multifunctional-4-in-1-senci-sc200bf\\\/\",\"name\":\"Generator sudura pe benzin\u0103 multifunc\u021bional 4 \u00een 1 SENCI SC200BF - Eurotech Iasi\",\"isPartOf\":{\"@id\":\"https:\\\/\\\/eurotech-iasi.ro\\\/magazinonline\\\/#website\"},\"primaryImageOfPage\":{\"@id\":\"https:\\\/\\\/eurotech-iasi.ro\\\/magazinonline\\\/produs\\\/generator-sudura-pe-benzina-multifunctional-4-in-1-senci-sc200bf\\\/#primaryimage\"},\"image\":{\"@id\":\"https:\\\/\\\/eurotech-iasi.ro\\\/magazinonline\\\/produs\\\/generator-sudura-pe-benzina-multifunctional-4-in-1-senci-sc200bf\\\/#primaryimage\"},\"thumbnailUrl\":\"https:\\\/\\\/eurotech-iasi.ro\\\/magazinonline\\\/wp-content\\\/uploads\\\/2024\\\/07\\\/Generator-sudura-pe-benzina-multifunctional-4-in-1-SENCI-SC200BF-5.png\",\"datePublished\":\"2024-07-05T12:05:34+00:00\",\"dateModified\":\"2024-12-04T12:28:50+00:00\",\"breadcrumb\":{\"@id\":\"https:\\\/\\\/eurotech-iasi.ro\\\/magazinonline\\\/produs\\\/generator-sudura-pe-benzina-multifunctional-4-in-1-senci-sc200bf\\\/#breadcrumb\"},\"inLanguage\":\"ro-RO\",\"potentialAction\":[{\"@type\":\"ReadAction\",\"target\":[\"https:\\\/\\\/eurotech-iasi.ro\\\/magazinonline\\\/produs\\\/generator-sudura-pe-benzina-multifunctional-4-in-1-senci-sc200bf\\\/\"]}]},{\"@type\":\"ImageObject\",\"inLanguage\":\"ro-RO\",\"@id\":\"https:\\\/\\\/eurotech-iasi.ro\\\/magazinonline\\\/produs\\\/generator-sudura-pe-benzina-multifunctional-4-in-1-senci-sc200bf\\\/#primaryimage\",\"url\":\"https:\\\/\\\/eurotech-iasi.ro\\\/magazinonline\\\/wp-content\\\/uploads\\\/2024\\\/07\\\/Generator-sudura-pe-benzina-multifunctional-4-in-1-SENCI-SC200BF-5.png\",\"contentUrl\":\"https:\\\/\\\/eurotech-iasi.ro\\\/magazinonline\\\/wp-content\\\/uploads\\\/2024\\\/07\\\/Generator-sudura-pe-benzina-multifunctional-4-in-1-SENCI-SC200BF-5.png\",\"width\":750,\"height\":750,\"caption\":\"Generator sudura pe benzin\u0103 multifunc\u021bional 4 \u00een 1 SENCI SC200BF\"},{\"@type\":\"BreadcrumbList\",\"@id\":\"https:\\\/\\\/eurotech-iasi.ro\\\/magazinonline\\\/produs\\\/generator-sudura-pe-benzina-multifunctional-4-in-1-senci-sc200bf\\\/#breadcrumb\",\"itemListElement\":[{\"@type\":\"ListItem\",\"position\":1,\"name\":\"Prima pagin\u0103\",\"item\":\"https:\\\/\\\/eurotech-iasi.ro\\\/magazinonline\\\/\"},{\"@type\":\"ListItem\",\"position\":2,\"name\":\"Shop\",\"item\":\"https:\\\/\\\/eurotech-iasi.ro\\\/magazinonline\\\/shop\\\/\"},{\"@type\":\"ListItem\",\"position\":3,\"name\":\"Generator sudura pe benzin\u0103 multifunc\u021bional 4 \u00een 1 SENCI SC200BF\"}]},{\"@type\":\"WebSite\",\"@id\":\"https:\\\/\\\/eurotech-iasi.ro\\\/magazinonline\\\/#website\",\"url\":\"https:\\\/\\\/eurotech-iasi.ro\\\/magazinonline\\\/\",\"name\":\"Eurotech Iasi\",\"description\":\"Cu oameni seriosi\",\"publisher\":{\"@id\":\"https:\\\/\\\/eurotech-iasi.ro\\\/magazinonline\\\/#organization\"},\"potentialAction\":[{\"@type\":\"SearchAction\",\"target\":{\"@type\":\"EntryPoint\",\"urlTemplate\":\"https:\\\/\\\/eurotech-iasi.ro\\\/magazinonline\\\/?s={search_term_string}\"},\"query-input\":{\"@type\":\"PropertyValueSpecification\",\"valueRequired\":true,\"valueName\":\"search_term_string\"}}],\"inLanguage\":\"ro-RO\"},{\"@type\":\"Organization\",\"@id\":\"https:\\\/\\\/eurotech-iasi.ro\\\/magazinonline\\\/#organization\",\"name\":\"Eurotech Iasi\",\"url\":\"https:\\\/\\\/eurotech-iasi.ro\\\/magazinonline\\\/\",\"logo\":{\"@type\":\"ImageObject\",\"inLanguage\":\"ro-RO\",\"@id\":\"https:\\\/\\\/eurotech-iasi.ro\\\/magazinonline\\\/#\\\/schema\\\/logo\\\/image\\\/\",\"url\":\"https:\\\/\\\/eurotech-iasi.ro\\\/magazinonline\\\/wp-content\\\/uploads\\\/2020\\\/08\\\/logo-eurotech.png\",\"contentUrl\":\"https:\\\/\\\/eurotech-iasi.ro\\\/magazinonline\\\/wp-content\\\/uploads\\\/2020\\\/08\\\/logo-eurotech.png\",\"width\":290,\"height\":70,\"caption\":\"Eurotech Iasi\"},\"image\":{\"@id\":\"https:\\\/\\\/eurotech-iasi.ro\\\/magazinonline\\\/#\\\/schema\\\/logo\\\/image\\\/\"},\"sameAs\":[\"https:\\\/\\\/www.facebook.com\\\/EurotechIasi\\\/\"]}]}<\/script>\n<!-- \/ Yoast SEO plugin. -->","yoast_head_json":{"title":"Generator sudura pe benzin\u0103 multifunc\u021bional 4 \u00een 1 SENCI SC200BF - Eurotech Iasi","robots":{"index":"index","follow":"follow","max-snippet":"max-snippet:-1","max-image-preview":"max-image-preview:large","max-video-preview":"max-video-preview:-1"},"canonical":"https:\/\/eurotech-iasi.ro\/magazinonline\/produs\/generator-sudura-pe-benzina-multifunctional-4-in-1-senci-sc200bf\/","og_locale":"ro_RO","og_type":"article","og_title":"Generator sudura pe benzin\u0103 multifunc\u021bional 4 \u00een 1 SENCI SC200BF - Eurotech Iasi","og_description":"Generator sudura pe benzin\u0103 multifunc\u021bional 4 \u00een 1 SENCI SC200BF este o masina ce are 4 functii: generator, compresor, sudura, taiere cu plasma.  Cod produs: SC1008395   &nbsp;","og_url":"https:\/\/eurotech-iasi.ro\/magazinonline\/produs\/generator-sudura-pe-benzina-multifunctional-4-in-1-senci-sc200bf\/","og_site_name":"Eurotech Iasi","article_publisher":"https:\/\/www.facebook.com\/EurotechIasi\/","article_modified_time":"2024-12-04T12:28:50+00:00","og_image":[{"width":750,"height":750,"url":"https:\/\/eurotech-iasi.ro\/magazinonline\/wp-content\/uploads\/2024\/07\/Generator-sudura-pe-benzina-multifunctional-4-in-1-SENCI-SC200BF-5.png","type":"image\/png"}],"twitter_misc":{"Timp estimat pentru citire":"1 minut"},"schema":{"@context":"https:\/\/schema.org","@graph":[{"@type":"WebPage","@id":"https:\/\/eurotech-iasi.ro\/magazinonline\/produs\/generator-sudura-pe-benzina-multifunctional-4-in-1-senci-sc200bf\/","url":"https:\/\/eurotech-iasi.ro\/magazinonline\/produs\/generator-sudura-pe-benzina-multifunctional-4-in-1-senci-sc200bf\/","name":"Generator sudura pe benzin\u0103 multifunc\u021bional 4 \u00een 1 SENCI SC200BF - Eurotech Iasi","isPartOf":{"@id":"https:\/\/eurotech-iasi.ro\/magazinonline\/#website"},"primaryImageOfPage":{"@id":"https:\/\/eurotech-iasi.ro\/magazinonline\/produs\/generator-sudura-pe-benzina-multifunctional-4-in-1-senci-sc200bf\/#primaryimage"},"image":{"@id":"https:\/\/eurotech-iasi.ro\/magazinonline\/produs\/generator-sudura-pe-benzina-multifunctional-4-in-1-senci-sc200bf\/#primaryimage"},"thumbnailUrl":"https:\/\/eurotech-iasi.ro\/magazinonline\/wp-content\/uploads\/2024\/07\/Generator-sudura-pe-benzina-multifunctional-4-in-1-SENCI-SC200BF-5.png","datePublished":"2024-07-05T12:05:34+00:00","dateModified":"2024-12-04T12:28:50+00:00","breadcrumb":{"@id":"https:\/\/eurotech-iasi.ro\/magazinonline\/produs\/generator-sudura-pe-benzina-multifunctional-4-in-1-senci-sc200bf\/#breadcrumb"},"inLanguage":"ro-RO","potentialAction":[{"@type":"ReadAction","target":["https:\/\/eurotech-iasi.ro\/magazinonline\/produs\/generator-sudura-pe-benzina-multifunctional-4-in-1-senci-sc200bf\/"]}]},{"@type":"ImageObject","inLanguage":"ro-RO","@id":"https:\/\/eurotech-iasi.ro\/magazinonline\/produs\/generator-sudura-pe-benzina-multifunctional-4-in-1-senci-sc200bf\/#primaryimage","url":"https:\/\/eurotech-iasi.ro\/magazinonline\/wp-content\/uploads\/2024\/07\/Generator-sudura-pe-benzina-multifunctional-4-in-1-SENCI-SC200BF-5.png","contentUrl":"https:\/\/eurotech-iasi.ro\/magazinonline\/wp-content\/uploads\/2024\/07\/Generator-sudura-pe-benzina-multifunctional-4-in-1-SENCI-SC200BF-5.png","width":750,"height":750,"caption":"Generator sudura pe benzin\u0103 multifunc\u021bional 4 \u00een 1 SENCI SC200BF"},{"@type":"BreadcrumbList","@id":"https:\/\/eurotech-iasi.ro\/magazinonline\/produs\/generator-sudura-pe-benzina-multifunctional-4-in-1-senci-sc200bf\/#breadcrumb","itemListElement":[{"@type":"ListItem","position":1,"name":"Prima pagin\u0103","item":"https:\/\/eurotech-iasi.ro\/magazinonline\/"},{"@type":"ListItem","position":2,"name":"Shop","item":"https:\/\/eurotech-iasi.ro\/magazinonline\/shop\/"},{"@type":"ListItem","position":3,"name":"Generator sudura pe benzin\u0103 multifunc\u021bional 4 \u00een 1 SENCI SC200BF"}]},{"@type":"WebSite","@id":"https:\/\/eurotech-iasi.ro\/magazinonline\/#website","url":"https:\/\/eurotech-iasi.ro\/magazinonline\/","name":"Eurotech Iasi","description":"Cu oameni seriosi","publisher":{"@id":"https:\/\/eurotech-iasi.ro\/magazinonline\/#organization"},"potentialAction":[{"@type":"SearchAction","target":{"@type":"EntryPoint","urlTemplate":"https:\/\/eurotech-iasi.ro\/magazinonline\/?s={search_term_string}"},"query-input":{"@type":"PropertyValueSpecification","valueRequired":true,"valueName":"search_term_string"}}],"inLanguage":"ro-RO"},{"@type":"Organization","@id":"https:\/\/eurotech-iasi.ro\/magazinonline\/#organization","name":"Eurotech Iasi","url":"https:\/\/eurotech-iasi.ro\/magazinonline\/","logo":{"@type":"ImageObject","inLanguage":"ro-RO","@id":"https:\/\/eurotech-iasi.ro\/magazinonline\/#\/schema\/logo\/image\/","url":"https:\/\/eurotech-iasi.ro\/magazinonline\/wp-content\/uploads\/2020\/08\/logo-eurotech.png","contentUrl":"https:\/\/eurotech-iasi.ro\/magazinonline\/wp-content\/uploads\/2020\/08\/logo-eurotech.png","width":290,"height":70,"caption":"Eurotech Iasi"},"image":{"@id":"https:\/\/eurotech-iasi.ro\/magazinonline\/#\/schema\/logo\/image\/"},"sameAs":["https:\/\/www.facebook.com\/EurotechIasi\/"]}]}},"_links":{"self":[{"href":"https:\/\/eurotech-iasi.ro\/magazinonline\/wp-json\/wp\/v2\/product\/106309","targetHints":{"allow":["GET"]}}],"collection":[{"href":"https:\/\/eurotech-iasi.ro\/magazinonline\/wp-json\/wp\/v2\/product"}],"about":[{"href":"https:\/\/eurotech-iasi.ro\/magazinonline\/wp-json\/wp\/v2\/types\/product"}],"replies":[{"embeddable":true,"href":"https:\/\/eurotech-iasi.ro\/magazinonline\/wp-json\/wp\/v2\/comments?post=106309"}],"wp:featuredmedia":[{"embeddable":true,"href":"https:\/\/eurotech-iasi.ro\/magazinonline\/wp-json\/wp\/v2\/media\/106314"}],"wp:attachment":[{"href":"https:\/\/eurotech-iasi.ro\/magazinonline\/wp-json\/wp\/v2\/media?parent=106309"}],"wp:term":[{"taxonomy":"product_cat","embeddable":true,"href":"https:\/\/eurotech-iasi.ro\/magazinonline\/wp-json\/wp\/v2\/product_cat?post=106309"},{"taxonomy":"product_tag","embeddable":true,"href":"https:\/\/eurotech-iasi.ro\/magazinonline\/wp-json\/wp\/v2\/product_tag?post=106309"},{"taxonomy":"woo-feed-brand","embeddable":true,"href":"https:\/\/eurotech-iasi.ro\/magazinonline\/wp-json\/wp\/v2\/woo-feed-brand?post=106309"}],"curies":[{"name":"wp","href":"https:\/\/api.w.org\/{rel}","templated":true}]}}