{"id":11001,"date":"2018-05-14T14:47:01","date_gmt":"2018-05-14T11:47:01","guid":{"rendered":"https:\/\/eurotech-iasi.ro\/?post_type=product&#038;p=11001"},"modified":"2025-04-02T15:22:30","modified_gmt":"2025-04-02T12:22:30","slug":"masina-de-gaurit-cu-acumulator-makita-df332dwye-10-8-v-1-5-a-35-nm","status":"publish","type":"product","link":"https:\/\/eurotech-iasi.ro\/magazinonline\/produs\/masina-de-gaurit-cu-acumulator-makita-df332dwye-10-8-v-1-5-a-35-nm\/","title":{"rendered":"Masina de gaurit MAKITA DF332DWYE"},"content":{"rendered":"<p><strong>Masina de gaurit MAKITA DF332DWYE<\/strong>, dotat cu doi acumulatori si incarcator, are motor fara perii pentru prelungirea vie\u021bii acestuia. Controlul electronic al turatiei permite selectarea vitezei optime de lucru. Manerul cauciucat moale asigura o prindere sigura si confort ridicat in utilizare. Dotat cu 20 trepte de selectare a cuplului si frana de motor. DF332DWYE este prevazuta cu lumina de lucru tip LED cu functie de remanenta. Reductor planetar in 2 trepte.<\/p>\n<p><strong>Set de livrare<\/strong>:<br \/>\n&#8211; Incarcator standard DC10WC<br \/>\n&#8211; Acumulatori BL1015 (2 buc. 10,8V \/ 1,5Ah)<br \/>\n&#8211; Valiza de transport<\/p>\n","protected":false},"excerpt":{"rendered":"<p><strong>Masina de gaurit MAKITA DF332DWYE<\/strong>\u00a0este folositoare in activitatile casnice de intensitate mica sau medie.<\/p>\n<p>Cod produs: DF332DWYE<\/p>\n","protected":false},"featured_media":11003,"comment_status":"open","ping_status":"closed","template":"","meta":{"_acf_changed":false},"product_cat":[4346,4335],"product_tag":[3278,3277,3279,3276],"woo-feed-brand":[],"class_list":{"0":"post-11001","1":"product","2":"type-product","3":"status-publish","4":"has-post-thumbnail","6":"product_brand-makita","7":"product_cat-masini-de-gaurit-si-insurubat-cu-acumulator","8":"product_cat-scule-electrice-cu-acumulatori","9":"product_tag-1-5-a","10":"product_tag-10-8-v","11":"product_tag-35-nm","12":"product_tag-masina-de-gaurit-cu-acumulator-makita-df332dwye","13":"pa_brand-makita","14":"pa_greutate-1-kg","15":"pa_tensiune-acumulatori-108-v","16":"pa_tip-acumulatori-li-ion","17":"pa_turatie-de-mers-in-gol-1-500-rpm","19":"first","20":"instock","21":"purchasable","22":"product-type-simple"},"acf":[],"yoast_head":"<!-- This site is optimized with the Yoast SEO plugin v27.5 - https:\/\/yoast.com\/product\/yoast-seo-wordpress\/ -->\n<title>Masina de gaurit MAKITA DF332DWYE - Eurotech Iasi<\/title>\n<meta name=\"description\" content=\"Ma\u0219in\u0103 de g\u0103urit MAKITA DF332DWYE, dotat\u0103 cu doi acumulatori \u0219i \u00eenc\u0103rc\u0103tor, este folositoare \u00een activit\u0103\u021bile casnice de intensitate mic\u0103 sau medie.\" \/>\n<meta name=\"robots\" content=\"index, follow, max-snippet:-1, max-image-preview:large, max-video-preview:-1\" \/>\n<link rel=\"canonical\" href=\"https:\/\/eurotech-iasi.ro\/magazinonline\/produs\/masina-de-gaurit-cu-acumulator-makita-df332dwye-10-8-v-1-5-a-35-nm\/\" \/>\n<meta property=\"og:locale\" content=\"ro_RO\" \/>\n<meta property=\"og:type\" content=\"article\" \/>\n<meta property=\"og:title\" content=\"Masina de gaurit MAKITA DF332DWYE - Eurotech Iasi\" \/>\n<meta property=\"og:description\" content=\"Ma\u0219in\u0103 de g\u0103urit MAKITA DF332DWYE, dotat\u0103 cu doi acumulatori \u0219i \u00eenc\u0103rc\u0103tor, este folositoare \u00een activit\u0103\u021bile casnice de intensitate mic\u0103 sau medie.\" \/>\n<meta property=\"og:url\" content=\"https:\/\/eurotech-iasi.ro\/magazinonline\/produs\/masina-de-gaurit-cu-acumulator-makita-df332dwye-10-8-v-1-5-a-35-nm\/\" \/>\n<meta property=\"og:site_name\" content=\"Eurotech Iasi\" \/>\n<meta property=\"article:publisher\" content=\"https:\/\/www.facebook.com\/EurotechIasi\/\" \/>\n<meta property=\"article:modified_time\" content=\"2025-04-02T12:22:30+00:00\" \/>\n<meta property=\"og:image\" content=\"https:\/\/eurotech-iasi.ro\/magazinonline\/wp-content\/uploads\/2018\/05\/Masina-de-gaurit-cu-acumulator-Makita-DF332DWYE-10.8-V-1.5-A-35-Nm.jpg\" \/>\n\t<meta property=\"og:image:width\" content=\"710\" \/>\n\t<meta property=\"og:image:height\" content=\"710\" \/>\n\t<meta property=\"og:image:type\" content=\"image\/jpeg\" \/>\n<script type=\"application\/ld+json\" class=\"yoast-schema-graph\">{\"@context\":\"https:\\\/\\\/schema.org\",\"@graph\":[{\"@type\":\"WebPage\",\"@id\":\"https:\\\/\\\/eurotech-iasi.ro\\\/magazinonline\\\/produs\\\/masina-de-gaurit-cu-acumulator-makita-df332dwye-10-8-v-1-5-a-35-nm\\\/\",\"url\":\"https:\\\/\\\/eurotech-iasi.ro\\\/magazinonline\\\/produs\\\/masina-de-gaurit-cu-acumulator-makita-df332dwye-10-8-v-1-5-a-35-nm\\\/\",\"name\":\"Masina de gaurit MAKITA DF332DWYE - Eurotech Iasi\",\"isPartOf\":{\"@id\":\"https:\\\/\\\/eurotech-iasi.ro\\\/magazinonline\\\/#website\"},\"primaryImageOfPage\":{\"@id\":\"https:\\\/\\\/eurotech-iasi.ro\\\/magazinonline\\\/produs\\\/masina-de-gaurit-cu-acumulator-makita-df332dwye-10-8-v-1-5-a-35-nm\\\/#primaryimage\"},\"image\":{\"@id\":\"https:\\\/\\\/eurotech-iasi.ro\\\/magazinonline\\\/produs\\\/masina-de-gaurit-cu-acumulator-makita-df332dwye-10-8-v-1-5-a-35-nm\\\/#primaryimage\"},\"thumbnailUrl\":\"https:\\\/\\\/eurotech-iasi.ro\\\/magazinonline\\\/wp-content\\\/uploads\\\/2018\\\/05\\\/Masina-de-gaurit-cu-acumulator-Makita-DF332DWYE-10.8-V-1.5-A-35-Nm.jpg\",\"datePublished\":\"2018-05-14T11:47:01+00:00\",\"dateModified\":\"2025-04-02T12:22:30+00:00\",\"description\":\"Ma\u0219in\u0103 de g\u0103urit MAKITA DF332DWYE, dotat\u0103 cu doi acumulatori \u0219i \u00eenc\u0103rc\u0103tor, este folositoare \u00een activit\u0103\u021bile casnice de intensitate mic\u0103 sau medie.\",\"breadcrumb\":{\"@id\":\"https:\\\/\\\/eurotech-iasi.ro\\\/magazinonline\\\/produs\\\/masina-de-gaurit-cu-acumulator-makita-df332dwye-10-8-v-1-5-a-35-nm\\\/#breadcrumb\"},\"inLanguage\":\"ro-RO\",\"potentialAction\":[{\"@type\":\"ReadAction\",\"target\":[\"https:\\\/\\\/eurotech-iasi.ro\\\/magazinonline\\\/produs\\\/masina-de-gaurit-cu-acumulator-makita-df332dwye-10-8-v-1-5-a-35-nm\\\/\"]}]},{\"@type\":\"ImageObject\",\"inLanguage\":\"ro-RO\",\"@id\":\"https:\\\/\\\/eurotech-iasi.ro\\\/magazinonline\\\/produs\\\/masina-de-gaurit-cu-acumulator-makita-df332dwye-10-8-v-1-5-a-35-nm\\\/#primaryimage\",\"url\":\"https:\\\/\\\/eurotech-iasi.ro\\\/magazinonline\\\/wp-content\\\/uploads\\\/2018\\\/05\\\/Masina-de-gaurit-cu-acumulator-Makita-DF332DWYE-10.8-V-1.5-A-35-Nm.jpg\",\"contentUrl\":\"https:\\\/\\\/eurotech-iasi.ro\\\/magazinonline\\\/wp-content\\\/uploads\\\/2018\\\/05\\\/Masina-de-gaurit-cu-acumulator-Makita-DF332DWYE-10.8-V-1.5-A-35-Nm.jpg\",\"width\":710,\"height\":710},{\"@type\":\"BreadcrumbList\",\"@id\":\"https:\\\/\\\/eurotech-iasi.ro\\\/magazinonline\\\/produs\\\/masina-de-gaurit-cu-acumulator-makita-df332dwye-10-8-v-1-5-a-35-nm\\\/#breadcrumb\",\"itemListElement\":[{\"@type\":\"ListItem\",\"position\":1,\"name\":\"Prima pagin\u0103\",\"item\":\"https:\\\/\\\/eurotech-iasi.ro\\\/magazinonline\\\/\"},{\"@type\":\"ListItem\",\"position\":2,\"name\":\"Shop\",\"item\":\"https:\\\/\\\/eurotech-iasi.ro\\\/magazinonline\\\/shop\\\/\"},{\"@type\":\"ListItem\",\"position\":3,\"name\":\"Masina de gaurit MAKITA DF332DWYE\"}]},{\"@type\":\"WebSite\",\"@id\":\"https:\\\/\\\/eurotech-iasi.ro\\\/magazinonline\\\/#website\",\"url\":\"https:\\\/\\\/eurotech-iasi.ro\\\/magazinonline\\\/\",\"name\":\"Eurotech Iasi\",\"description\":\"Cu oameni seriosi\",\"publisher\":{\"@id\":\"https:\\\/\\\/eurotech-iasi.ro\\\/magazinonline\\\/#organization\"},\"potentialAction\":[{\"@type\":\"SearchAction\",\"target\":{\"@type\":\"EntryPoint\",\"urlTemplate\":\"https:\\\/\\\/eurotech-iasi.ro\\\/magazinonline\\\/?s={search_term_string}\"},\"query-input\":{\"@type\":\"PropertyValueSpecification\",\"valueRequired\":true,\"valueName\":\"search_term_string\"}}],\"inLanguage\":\"ro-RO\"},{\"@type\":\"Organization\",\"@id\":\"https:\\\/\\\/eurotech-iasi.ro\\\/magazinonline\\\/#organization\",\"name\":\"Eurotech Iasi\",\"url\":\"https:\\\/\\\/eurotech-iasi.ro\\\/magazinonline\\\/\",\"logo\":{\"@type\":\"ImageObject\",\"inLanguage\":\"ro-RO\",\"@id\":\"https:\\\/\\\/eurotech-iasi.ro\\\/magazinonline\\\/#\\\/schema\\\/logo\\\/image\\\/\",\"url\":\"https:\\\/\\\/eurotech-iasi.ro\\\/magazinonline\\\/wp-content\\\/uploads\\\/2020\\\/08\\\/logo-eurotech.png\",\"contentUrl\":\"https:\\\/\\\/eurotech-iasi.ro\\\/magazinonline\\\/wp-content\\\/uploads\\\/2020\\\/08\\\/logo-eurotech.png\",\"width\":290,\"height\":70,\"caption\":\"Eurotech Iasi\"},\"image\":{\"@id\":\"https:\\\/\\\/eurotech-iasi.ro\\\/magazinonline\\\/#\\\/schema\\\/logo\\\/image\\\/\"},\"sameAs\":[\"https:\\\/\\\/www.facebook.com\\\/EurotechIasi\\\/\"]}]}<\/script>\n<!-- \/ Yoast SEO plugin. -->","yoast_head_json":{"title":"Masina de gaurit MAKITA DF332DWYE - Eurotech Iasi","description":"Ma\u0219in\u0103 de g\u0103urit MAKITA DF332DWYE, dotat\u0103 cu doi acumulatori \u0219i \u00eenc\u0103rc\u0103tor, este folositoare \u00een activit\u0103\u021bile casnice de intensitate mic\u0103 sau medie.","robots":{"index":"index","follow":"follow","max-snippet":"max-snippet:-1","max-image-preview":"max-image-preview:large","max-video-preview":"max-video-preview:-1"},"canonical":"https:\/\/eurotech-iasi.ro\/magazinonline\/produs\/masina-de-gaurit-cu-acumulator-makita-df332dwye-10-8-v-1-5-a-35-nm\/","og_locale":"ro_RO","og_type":"article","og_title":"Masina de gaurit MAKITA DF332DWYE - Eurotech Iasi","og_description":"Ma\u0219in\u0103 de g\u0103urit MAKITA DF332DWYE, dotat\u0103 cu doi acumulatori \u0219i \u00eenc\u0103rc\u0103tor, este folositoare \u00een activit\u0103\u021bile casnice de intensitate mic\u0103 sau medie.","og_url":"https:\/\/eurotech-iasi.ro\/magazinonline\/produs\/masina-de-gaurit-cu-acumulator-makita-df332dwye-10-8-v-1-5-a-35-nm\/","og_site_name":"Eurotech Iasi","article_publisher":"https:\/\/www.facebook.com\/EurotechIasi\/","article_modified_time":"2025-04-02T12:22:30+00:00","og_image":[{"width":710,"height":710,"url":"https:\/\/eurotech-iasi.ro\/magazinonline\/wp-content\/uploads\/2018\/05\/Masina-de-gaurit-cu-acumulator-Makita-DF332DWYE-10.8-V-1.5-A-35-Nm.jpg","type":"image\/jpeg"}],"schema":{"@context":"https:\/\/schema.org","@graph":[{"@type":"WebPage","@id":"https:\/\/eurotech-iasi.ro\/magazinonline\/produs\/masina-de-gaurit-cu-acumulator-makita-df332dwye-10-8-v-1-5-a-35-nm\/","url":"https:\/\/eurotech-iasi.ro\/magazinonline\/produs\/masina-de-gaurit-cu-acumulator-makita-df332dwye-10-8-v-1-5-a-35-nm\/","name":"Masina de gaurit MAKITA DF332DWYE - Eurotech Iasi","isPartOf":{"@id":"https:\/\/eurotech-iasi.ro\/magazinonline\/#website"},"primaryImageOfPage":{"@id":"https:\/\/eurotech-iasi.ro\/magazinonline\/produs\/masina-de-gaurit-cu-acumulator-makita-df332dwye-10-8-v-1-5-a-35-nm\/#primaryimage"},"image":{"@id":"https:\/\/eurotech-iasi.ro\/magazinonline\/produs\/masina-de-gaurit-cu-acumulator-makita-df332dwye-10-8-v-1-5-a-35-nm\/#primaryimage"},"thumbnailUrl":"https:\/\/eurotech-iasi.ro\/magazinonline\/wp-content\/uploads\/2018\/05\/Masina-de-gaurit-cu-acumulator-Makita-DF332DWYE-10.8-V-1.5-A-35-Nm.jpg","datePublished":"2018-05-14T11:47:01+00:00","dateModified":"2025-04-02T12:22:30+00:00","description":"Ma\u0219in\u0103 de g\u0103urit MAKITA DF332DWYE, dotat\u0103 cu doi acumulatori \u0219i \u00eenc\u0103rc\u0103tor, este folositoare \u00een activit\u0103\u021bile casnice de intensitate mic\u0103 sau medie.","breadcrumb":{"@id":"https:\/\/eurotech-iasi.ro\/magazinonline\/produs\/masina-de-gaurit-cu-acumulator-makita-df332dwye-10-8-v-1-5-a-35-nm\/#breadcrumb"},"inLanguage":"ro-RO","potentialAction":[{"@type":"ReadAction","target":["https:\/\/eurotech-iasi.ro\/magazinonline\/produs\/masina-de-gaurit-cu-acumulator-makita-df332dwye-10-8-v-1-5-a-35-nm\/"]}]},{"@type":"ImageObject","inLanguage":"ro-RO","@id":"https:\/\/eurotech-iasi.ro\/magazinonline\/produs\/masina-de-gaurit-cu-acumulator-makita-df332dwye-10-8-v-1-5-a-35-nm\/#primaryimage","url":"https:\/\/eurotech-iasi.ro\/magazinonline\/wp-content\/uploads\/2018\/05\/Masina-de-gaurit-cu-acumulator-Makita-DF332DWYE-10.8-V-1.5-A-35-Nm.jpg","contentUrl":"https:\/\/eurotech-iasi.ro\/magazinonline\/wp-content\/uploads\/2018\/05\/Masina-de-gaurit-cu-acumulator-Makita-DF332DWYE-10.8-V-1.5-A-35-Nm.jpg","width":710,"height":710},{"@type":"BreadcrumbList","@id":"https:\/\/eurotech-iasi.ro\/magazinonline\/produs\/masina-de-gaurit-cu-acumulator-makita-df332dwye-10-8-v-1-5-a-35-nm\/#breadcrumb","itemListElement":[{"@type":"ListItem","position":1,"name":"Prima pagin\u0103","item":"https:\/\/eurotech-iasi.ro\/magazinonline\/"},{"@type":"ListItem","position":2,"name":"Shop","item":"https:\/\/eurotech-iasi.ro\/magazinonline\/shop\/"},{"@type":"ListItem","position":3,"name":"Masina de gaurit MAKITA DF332DWYE"}]},{"@type":"WebSite","@id":"https:\/\/eurotech-iasi.ro\/magazinonline\/#website","url":"https:\/\/eurotech-iasi.ro\/magazinonline\/","name":"Eurotech Iasi","description":"Cu oameni seriosi","publisher":{"@id":"https:\/\/eurotech-iasi.ro\/magazinonline\/#organization"},"potentialAction":[{"@type":"SearchAction","target":{"@type":"EntryPoint","urlTemplate":"https:\/\/eurotech-iasi.ro\/magazinonline\/?s={search_term_string}"},"query-input":{"@type":"PropertyValueSpecification","valueRequired":true,"valueName":"search_term_string"}}],"inLanguage":"ro-RO"},{"@type":"Organization","@id":"https:\/\/eurotech-iasi.ro\/magazinonline\/#organization","name":"Eurotech Iasi","url":"https:\/\/eurotech-iasi.ro\/magazinonline\/","logo":{"@type":"ImageObject","inLanguage":"ro-RO","@id":"https:\/\/eurotech-iasi.ro\/magazinonline\/#\/schema\/logo\/image\/","url":"https:\/\/eurotech-iasi.ro\/magazinonline\/wp-content\/uploads\/2020\/08\/logo-eurotech.png","contentUrl":"https:\/\/eurotech-iasi.ro\/magazinonline\/wp-content\/uploads\/2020\/08\/logo-eurotech.png","width":290,"height":70,"caption":"Eurotech Iasi"},"image":{"@id":"https:\/\/eurotech-iasi.ro\/magazinonline\/#\/schema\/logo\/image\/"},"sameAs":["https:\/\/www.facebook.com\/EurotechIasi\/"]}]}},"_links":{"self":[{"href":"https:\/\/eurotech-iasi.ro\/magazinonline\/wp-json\/wp\/v2\/product\/11001","targetHints":{"allow":["GET"]}}],"collection":[{"href":"https:\/\/eurotech-iasi.ro\/magazinonline\/wp-json\/wp\/v2\/product"}],"about":[{"href":"https:\/\/eurotech-iasi.ro\/magazinonline\/wp-json\/wp\/v2\/types\/product"}],"replies":[{"embeddable":true,"href":"https:\/\/eurotech-iasi.ro\/magazinonline\/wp-json\/wp\/v2\/comments?post=11001"}],"wp:featuredmedia":[{"embeddable":true,"href":"https:\/\/eurotech-iasi.ro\/magazinonline\/wp-json\/wp\/v2\/media\/11003"}],"wp:attachment":[{"href":"https:\/\/eurotech-iasi.ro\/magazinonline\/wp-json\/wp\/v2\/media?parent=11001"}],"wp:term":[{"taxonomy":"product_cat","embeddable":true,"href":"https:\/\/eurotech-iasi.ro\/magazinonline\/wp-json\/wp\/v2\/product_cat?post=11001"},{"taxonomy":"product_tag","embeddable":true,"href":"https:\/\/eurotech-iasi.ro\/magazinonline\/wp-json\/wp\/v2\/product_tag?post=11001"},{"taxonomy":"woo-feed-brand","embeddable":true,"href":"https:\/\/eurotech-iasi.ro\/magazinonline\/wp-json\/wp\/v2\/woo-feed-brand?post=11001"}],"curies":[{"name":"wp","href":"https:\/\/api.w.org\/{rel}","templated":true}]}}