{"id":11539,"date":"2018-06-14T10:59:50","date_gmt":"2018-06-14T07:59:50","guid":{"rendered":"https:\/\/eurotech-iasi.ro\/?post_type=product&#038;p=11539"},"modified":"2025-01-27T15:42:40","modified_gmt":"2025-01-27T13:42:40","slug":"ciocan-rotopercutor-sds-plus-makita-dhr183z","status":"publish","type":"product","link":"https:\/\/eurotech-iasi.ro\/magazinonline\/produs\/ciocan-rotopercutor-sds-plus-makita-dhr183z\/","title":{"rendered":"Ciocan rotopercutor SDS-Plus MAKITA DHR183Z"},"content":{"rendered":"<p><a title=\"Ciocan rotopercutor SDS-Plus MAKITA DHR183Z\" href=\"https:\/\/eurotech-iasi.ro\/magazinonline\/produs\/ciocan-rotopercutor-sds-plus-makita-dhr183z\/\" rel=\"nofollow\"><strong>Ciocan rotopercutor SDS-Plus MAKITA DHR183Z\u00a0 <\/strong><\/a>face parte din gama de scule electrice profesionale cu acumulator Makita. Acest model este echipat cu un motor fara perii ce ii asigura o durata de viata crescuta fata de un motor traditional cu perii.<\/p>\n<p><em>Alte caracteristici ale ciocanului rotopercutor Makita DHR183Z: <\/em><\/p>\n<ul>\n<li>Tehnologia XPT asigura protectie impotriva prafului si a stopilor de apa;<\/li>\n<li>Nivel de vibratii redus datorita sistemului AVT (Anti-Vibration Technology) ce asigura un comfort sporit in utilizare;<\/li>\n<li>Compatibil cu sistemul de aspirare a prafului DX16;<\/li>\n<li>Lumina de lucru tip LED;<\/li>\n<li>Control electronic al turatiei;<\/li>\n<li>Doua moduri de lucru: rotatie cu percutie si rotatie simpla.<\/li>\n<\/ul>\n<h2>Specificatii tehnice &#8211; Ciocan rotopercutor SDS-Plus MAKITA DHR183Z:<\/h2>\n<ul>\n<li>Tensiune acumulator compatibil: 18V; *Se livreaza fara acumulator si incarcator<\/li>\n<li>Tip acumulator: Li-Ion LXT;<\/li>\n<li>Energie de impact: 1.7 J;<\/li>\n<li>Numar percutii: 0 &#8211; 5000 bpm;<\/li>\n<li>Turatie maxima: 0 &#8211; 1100 rpm;<\/li>\n<li>Diametru maxim de gaurire in beton: 18 mm;<\/li>\n<li>Diametru maxim de gaurire in otel: 13 mm;<\/li>\n<li>Diametru maxim de gaurire in lemn: 24 mm;<\/li>\n<li>Nivel presiune acustica: 90 dB(A);<\/li>\n<li>Nivel putere sonora: 101 dB(A);<\/li>\n<li>Nivel de vibratii: 7.5 m\/s\u00b2;<\/li>\n<li>Dimensiuni (L x l x H): 288 x 89 x 215 mm;<\/li>\n<li>Greutate: 2.1 &#8211; 2.9 kg.<\/li>\n<\/ul>\n<p>Set de livrare:<\/p>\n<ul>\n<li>maner lateral<\/li>\n<li>limitator de adancime<\/li>\n<\/ul>\n","protected":false},"excerpt":{"rendered":"<p><strong>Ciocan rotopercutor SDS-Plus MAKITA DHR183Z\u00a0 <\/strong>face parte din gama de scule electrice profesionale cu acumulator Makita<\/p>\n<p><span style=\"color: #ff0000;\"><strong>*Atentie! Nu include acumulatori si incarcator.<\/strong><\/span><\/p>\n<p><em><strong>Cod produs: DHR183Z<\/strong><\/em><\/p>\n","protected":false},"featured_media":96564,"comment_status":"open","ping_status":"closed","template":"","meta":{"_acf_changed":false},"product_cat":[4347,4335],"product_tag":[3579,3580,3581,3578],"woo-feed-brand":[],"class_list":{"0":"post-11539","1":"product","2":"type-product","3":"status-publish","4":"has-post-thumbnail","6":"product_brand-makita","7":"product_cat-ciocane-rotopercutoare-cu-acumulator","8":"product_cat-scule-electrice-cu-acumulatori","9":"product_tag-2900-percutii-min","10":"product_tag-500-rot-min","11":"product_tag-8-j","12":"product_tag-ciocan-rotopercutor-sds-max-makita-dhr400zku","13":"pa_brand-makita","14":"pa_dimensiuni-288-x-89-x-215-mm","15":"pa_energie-de-percutie-1-7-j","16":"pa_greutate-2-1-2-9-kg","17":"pa_nivel-vibratii-7-5-m-s","18":"pa_nivel-zgomot-101-db","19":"pa_turatie-de-mers-in-gol-0-1100-rpm-2","21":"first","22":"instock","23":"purchasable","24":"product-type-simple"},"acf":[],"yoast_head":"<!-- This site is optimized with the Yoast SEO plugin v27.5 - https:\/\/yoast.com\/product\/yoast-seo-wordpress\/ -->\n<title>Ciocan rotopercutor SDS-Plus MAKITA DHR183Z - Eurotech Iasi<\/title>\n<meta name=\"description\" content=\"Ciocan rotopercutor MAKITA DHR400ZKU, f\u0103r\u0103 acumulatori \u0219i \u00eenc\u0103rc\u0103tor, este dedicat activit\u0103\u021bilor cu intensitate medie sau mic\u0103.\" \/>\n<meta name=\"robots\" content=\"index, follow, max-snippet:-1, max-image-preview:large, max-video-preview:-1\" \/>\n<link rel=\"canonical\" href=\"https:\/\/eurotech-iasi.ro\/magazinonline\/produs\/ciocan-rotopercutor-sds-plus-makita-dhr183z\/\" \/>\n<meta property=\"og:locale\" content=\"ro_RO\" \/>\n<meta property=\"og:type\" content=\"article\" \/>\n<meta property=\"og:title\" content=\"Ciocan rotopercutor SDS-Plus MAKITA DHR183Z - Eurotech Iasi\" \/>\n<meta property=\"og:description\" content=\"Ciocan rotopercutor MAKITA DHR400ZKU, f\u0103r\u0103 acumulatori \u0219i \u00eenc\u0103rc\u0103tor, este dedicat activit\u0103\u021bilor cu intensitate medie sau mic\u0103.\" \/>\n<meta property=\"og:url\" content=\"https:\/\/eurotech-iasi.ro\/magazinonline\/produs\/ciocan-rotopercutor-sds-plus-makita-dhr183z\/\" \/>\n<meta property=\"og:site_name\" content=\"Eurotech Iasi\" \/>\n<meta property=\"article:publisher\" content=\"https:\/\/www.facebook.com\/EurotechIasi\/\" \/>\n<meta property=\"article:modified_time\" content=\"2025-01-27T13:42:40+00:00\" \/>\n<meta property=\"og:image\" content=\"https:\/\/eurotech-iasi.ro\/magazinonline\/wp-content\/uploads\/2018\/06\/Ciocan-rotopercutor-SDS-Plus-MAKITA-DHR183Z.png\" \/>\n\t<meta property=\"og:image:width\" content=\"750\" \/>\n\t<meta property=\"og:image:height\" content=\"750\" \/>\n\t<meta property=\"og:image:type\" content=\"image\/png\" \/>\n<meta name=\"twitter:label1\" content=\"Timp estimat pentru citire\" \/>\n\t<meta name=\"twitter:data1\" content=\"1 minut\" \/>\n<script type=\"application\/ld+json\" class=\"yoast-schema-graph\">{\"@context\":\"https:\\\/\\\/schema.org\",\"@graph\":[{\"@type\":\"WebPage\",\"@id\":\"https:\\\/\\\/eurotech-iasi.ro\\\/magazinonline\\\/produs\\\/ciocan-rotopercutor-sds-plus-makita-dhr183z\\\/\",\"url\":\"https:\\\/\\\/eurotech-iasi.ro\\\/magazinonline\\\/produs\\\/ciocan-rotopercutor-sds-plus-makita-dhr183z\\\/\",\"name\":\"Ciocan rotopercutor SDS-Plus MAKITA DHR183Z - Eurotech Iasi\",\"isPartOf\":{\"@id\":\"https:\\\/\\\/eurotech-iasi.ro\\\/magazinonline\\\/#website\"},\"primaryImageOfPage\":{\"@id\":\"https:\\\/\\\/eurotech-iasi.ro\\\/magazinonline\\\/produs\\\/ciocan-rotopercutor-sds-plus-makita-dhr183z\\\/#primaryimage\"},\"image\":{\"@id\":\"https:\\\/\\\/eurotech-iasi.ro\\\/magazinonline\\\/produs\\\/ciocan-rotopercutor-sds-plus-makita-dhr183z\\\/#primaryimage\"},\"thumbnailUrl\":\"https:\\\/\\\/eurotech-iasi.ro\\\/magazinonline\\\/wp-content\\\/uploads\\\/2018\\\/06\\\/Ciocan-rotopercutor-SDS-Plus-MAKITA-DHR183Z.png\",\"datePublished\":\"2018-06-14T07:59:50+00:00\",\"dateModified\":\"2025-01-27T13:42:40+00:00\",\"description\":\"Ciocan rotopercutor MAKITA DHR400ZKU, f\u0103r\u0103 acumulatori \u0219i \u00eenc\u0103rc\u0103tor, este dedicat activit\u0103\u021bilor cu intensitate medie sau mic\u0103.\",\"breadcrumb\":{\"@id\":\"https:\\\/\\\/eurotech-iasi.ro\\\/magazinonline\\\/produs\\\/ciocan-rotopercutor-sds-plus-makita-dhr183z\\\/#breadcrumb\"},\"inLanguage\":\"ro-RO\",\"potentialAction\":[{\"@type\":\"ReadAction\",\"target\":[\"https:\\\/\\\/eurotech-iasi.ro\\\/magazinonline\\\/produs\\\/ciocan-rotopercutor-sds-plus-makita-dhr183z\\\/\"]}]},{\"@type\":\"ImageObject\",\"inLanguage\":\"ro-RO\",\"@id\":\"https:\\\/\\\/eurotech-iasi.ro\\\/magazinonline\\\/produs\\\/ciocan-rotopercutor-sds-plus-makita-dhr183z\\\/#primaryimage\",\"url\":\"https:\\\/\\\/eurotech-iasi.ro\\\/magazinonline\\\/wp-content\\\/uploads\\\/2018\\\/06\\\/Ciocan-rotopercutor-SDS-Plus-MAKITA-DHR183Z.png\",\"contentUrl\":\"https:\\\/\\\/eurotech-iasi.ro\\\/magazinonline\\\/wp-content\\\/uploads\\\/2018\\\/06\\\/Ciocan-rotopercutor-SDS-Plus-MAKITA-DHR183Z.png\",\"width\":750,\"height\":750,\"caption\":\"Ciocan rotopercutor SDS-Plus MAKITA DHR183Z\"},{\"@type\":\"BreadcrumbList\",\"@id\":\"https:\\\/\\\/eurotech-iasi.ro\\\/magazinonline\\\/produs\\\/ciocan-rotopercutor-sds-plus-makita-dhr183z\\\/#breadcrumb\",\"itemListElement\":[{\"@type\":\"ListItem\",\"position\":1,\"name\":\"Prima pagin\u0103\",\"item\":\"https:\\\/\\\/eurotech-iasi.ro\\\/magazinonline\\\/\"},{\"@type\":\"ListItem\",\"position\":2,\"name\":\"Shop\",\"item\":\"https:\\\/\\\/eurotech-iasi.ro\\\/magazinonline\\\/shop\\\/\"},{\"@type\":\"ListItem\",\"position\":3,\"name\":\"Ciocan rotopercutor SDS-Plus MAKITA DHR183Z\"}]},{\"@type\":\"WebSite\",\"@id\":\"https:\\\/\\\/eurotech-iasi.ro\\\/magazinonline\\\/#website\",\"url\":\"https:\\\/\\\/eurotech-iasi.ro\\\/magazinonline\\\/\",\"name\":\"Eurotech Iasi\",\"description\":\"Cu oameni seriosi\",\"publisher\":{\"@id\":\"https:\\\/\\\/eurotech-iasi.ro\\\/magazinonline\\\/#organization\"},\"potentialAction\":[{\"@type\":\"SearchAction\",\"target\":{\"@type\":\"EntryPoint\",\"urlTemplate\":\"https:\\\/\\\/eurotech-iasi.ro\\\/magazinonline\\\/?s={search_term_string}\"},\"query-input\":{\"@type\":\"PropertyValueSpecification\",\"valueRequired\":true,\"valueName\":\"search_term_string\"}}],\"inLanguage\":\"ro-RO\"},{\"@type\":\"Organization\",\"@id\":\"https:\\\/\\\/eurotech-iasi.ro\\\/magazinonline\\\/#organization\",\"name\":\"Eurotech Iasi\",\"url\":\"https:\\\/\\\/eurotech-iasi.ro\\\/magazinonline\\\/\",\"logo\":{\"@type\":\"ImageObject\",\"inLanguage\":\"ro-RO\",\"@id\":\"https:\\\/\\\/eurotech-iasi.ro\\\/magazinonline\\\/#\\\/schema\\\/logo\\\/image\\\/\",\"url\":\"https:\\\/\\\/eurotech-iasi.ro\\\/magazinonline\\\/wp-content\\\/uploads\\\/2020\\\/08\\\/logo-eurotech.png\",\"contentUrl\":\"https:\\\/\\\/eurotech-iasi.ro\\\/magazinonline\\\/wp-content\\\/uploads\\\/2020\\\/08\\\/logo-eurotech.png\",\"width\":290,\"height\":70,\"caption\":\"Eurotech Iasi\"},\"image\":{\"@id\":\"https:\\\/\\\/eurotech-iasi.ro\\\/magazinonline\\\/#\\\/schema\\\/logo\\\/image\\\/\"},\"sameAs\":[\"https:\\\/\\\/www.facebook.com\\\/EurotechIasi\\\/\"]}]}<\/script>\n<!-- \/ Yoast SEO plugin. -->","yoast_head_json":{"title":"Ciocan rotopercutor SDS-Plus MAKITA DHR183Z - Eurotech Iasi","description":"Ciocan rotopercutor MAKITA DHR400ZKU, f\u0103r\u0103 acumulatori \u0219i \u00eenc\u0103rc\u0103tor, este dedicat activit\u0103\u021bilor cu intensitate medie sau mic\u0103.","robots":{"index":"index","follow":"follow","max-snippet":"max-snippet:-1","max-image-preview":"max-image-preview:large","max-video-preview":"max-video-preview:-1"},"canonical":"https:\/\/eurotech-iasi.ro\/magazinonline\/produs\/ciocan-rotopercutor-sds-plus-makita-dhr183z\/","og_locale":"ro_RO","og_type":"article","og_title":"Ciocan rotopercutor SDS-Plus MAKITA DHR183Z - Eurotech Iasi","og_description":"Ciocan rotopercutor MAKITA DHR400ZKU, f\u0103r\u0103 acumulatori \u0219i \u00eenc\u0103rc\u0103tor, este dedicat activit\u0103\u021bilor cu intensitate medie sau mic\u0103.","og_url":"https:\/\/eurotech-iasi.ro\/magazinonline\/produs\/ciocan-rotopercutor-sds-plus-makita-dhr183z\/","og_site_name":"Eurotech Iasi","article_publisher":"https:\/\/www.facebook.com\/EurotechIasi\/","article_modified_time":"2025-01-27T13:42:40+00:00","og_image":[{"width":750,"height":750,"url":"https:\/\/eurotech-iasi.ro\/magazinonline\/wp-content\/uploads\/2018\/06\/Ciocan-rotopercutor-SDS-Plus-MAKITA-DHR183Z.png","type":"image\/png"}],"twitter_misc":{"Timp estimat pentru citire":"1 minut"},"schema":{"@context":"https:\/\/schema.org","@graph":[{"@type":"WebPage","@id":"https:\/\/eurotech-iasi.ro\/magazinonline\/produs\/ciocan-rotopercutor-sds-plus-makita-dhr183z\/","url":"https:\/\/eurotech-iasi.ro\/magazinonline\/produs\/ciocan-rotopercutor-sds-plus-makita-dhr183z\/","name":"Ciocan rotopercutor SDS-Plus MAKITA DHR183Z - Eurotech Iasi","isPartOf":{"@id":"https:\/\/eurotech-iasi.ro\/magazinonline\/#website"},"primaryImageOfPage":{"@id":"https:\/\/eurotech-iasi.ro\/magazinonline\/produs\/ciocan-rotopercutor-sds-plus-makita-dhr183z\/#primaryimage"},"image":{"@id":"https:\/\/eurotech-iasi.ro\/magazinonline\/produs\/ciocan-rotopercutor-sds-plus-makita-dhr183z\/#primaryimage"},"thumbnailUrl":"https:\/\/eurotech-iasi.ro\/magazinonline\/wp-content\/uploads\/2018\/06\/Ciocan-rotopercutor-SDS-Plus-MAKITA-DHR183Z.png","datePublished":"2018-06-14T07:59:50+00:00","dateModified":"2025-01-27T13:42:40+00:00","description":"Ciocan rotopercutor MAKITA DHR400ZKU, f\u0103r\u0103 acumulatori \u0219i \u00eenc\u0103rc\u0103tor, este dedicat activit\u0103\u021bilor cu intensitate medie sau mic\u0103.","breadcrumb":{"@id":"https:\/\/eurotech-iasi.ro\/magazinonline\/produs\/ciocan-rotopercutor-sds-plus-makita-dhr183z\/#breadcrumb"},"inLanguage":"ro-RO","potentialAction":[{"@type":"ReadAction","target":["https:\/\/eurotech-iasi.ro\/magazinonline\/produs\/ciocan-rotopercutor-sds-plus-makita-dhr183z\/"]}]},{"@type":"ImageObject","inLanguage":"ro-RO","@id":"https:\/\/eurotech-iasi.ro\/magazinonline\/produs\/ciocan-rotopercutor-sds-plus-makita-dhr183z\/#primaryimage","url":"https:\/\/eurotech-iasi.ro\/magazinonline\/wp-content\/uploads\/2018\/06\/Ciocan-rotopercutor-SDS-Plus-MAKITA-DHR183Z.png","contentUrl":"https:\/\/eurotech-iasi.ro\/magazinonline\/wp-content\/uploads\/2018\/06\/Ciocan-rotopercutor-SDS-Plus-MAKITA-DHR183Z.png","width":750,"height":750,"caption":"Ciocan rotopercutor SDS-Plus MAKITA DHR183Z"},{"@type":"BreadcrumbList","@id":"https:\/\/eurotech-iasi.ro\/magazinonline\/produs\/ciocan-rotopercutor-sds-plus-makita-dhr183z\/#breadcrumb","itemListElement":[{"@type":"ListItem","position":1,"name":"Prima pagin\u0103","item":"https:\/\/eurotech-iasi.ro\/magazinonline\/"},{"@type":"ListItem","position":2,"name":"Shop","item":"https:\/\/eurotech-iasi.ro\/magazinonline\/shop\/"},{"@type":"ListItem","position":3,"name":"Ciocan rotopercutor SDS-Plus MAKITA DHR183Z"}]},{"@type":"WebSite","@id":"https:\/\/eurotech-iasi.ro\/magazinonline\/#website","url":"https:\/\/eurotech-iasi.ro\/magazinonline\/","name":"Eurotech Iasi","description":"Cu oameni seriosi","publisher":{"@id":"https:\/\/eurotech-iasi.ro\/magazinonline\/#organization"},"potentialAction":[{"@type":"SearchAction","target":{"@type":"EntryPoint","urlTemplate":"https:\/\/eurotech-iasi.ro\/magazinonline\/?s={search_term_string}"},"query-input":{"@type":"PropertyValueSpecification","valueRequired":true,"valueName":"search_term_string"}}],"inLanguage":"ro-RO"},{"@type":"Organization","@id":"https:\/\/eurotech-iasi.ro\/magazinonline\/#organization","name":"Eurotech Iasi","url":"https:\/\/eurotech-iasi.ro\/magazinonline\/","logo":{"@type":"ImageObject","inLanguage":"ro-RO","@id":"https:\/\/eurotech-iasi.ro\/magazinonline\/#\/schema\/logo\/image\/","url":"https:\/\/eurotech-iasi.ro\/magazinonline\/wp-content\/uploads\/2020\/08\/logo-eurotech.png","contentUrl":"https:\/\/eurotech-iasi.ro\/magazinonline\/wp-content\/uploads\/2020\/08\/logo-eurotech.png","width":290,"height":70,"caption":"Eurotech Iasi"},"image":{"@id":"https:\/\/eurotech-iasi.ro\/magazinonline\/#\/schema\/logo\/image\/"},"sameAs":["https:\/\/www.facebook.com\/EurotechIasi\/"]}]}},"_links":{"self":[{"href":"https:\/\/eurotech-iasi.ro\/magazinonline\/wp-json\/wp\/v2\/product\/11539","targetHints":{"allow":["GET"]}}],"collection":[{"href":"https:\/\/eurotech-iasi.ro\/magazinonline\/wp-json\/wp\/v2\/product"}],"about":[{"href":"https:\/\/eurotech-iasi.ro\/magazinonline\/wp-json\/wp\/v2\/types\/product"}],"replies":[{"embeddable":true,"href":"https:\/\/eurotech-iasi.ro\/magazinonline\/wp-json\/wp\/v2\/comments?post=11539"}],"wp:featuredmedia":[{"embeddable":true,"href":"https:\/\/eurotech-iasi.ro\/magazinonline\/wp-json\/wp\/v2\/media\/96564"}],"wp:attachment":[{"href":"https:\/\/eurotech-iasi.ro\/magazinonline\/wp-json\/wp\/v2\/media?parent=11539"}],"wp:term":[{"taxonomy":"product_cat","embeddable":true,"href":"https:\/\/eurotech-iasi.ro\/magazinonline\/wp-json\/wp\/v2\/product_cat?post=11539"},{"taxonomy":"product_tag","embeddable":true,"href":"https:\/\/eurotech-iasi.ro\/magazinonline\/wp-json\/wp\/v2\/product_tag?post=11539"},{"taxonomy":"woo-feed-brand","embeddable":true,"href":"https:\/\/eurotech-iasi.ro\/magazinonline\/wp-json\/wp\/v2\/woo-feed-brand?post=11539"}],"curies":[{"name":"wp","href":"https:\/\/api.w.org\/{rel}","templated":true}]}}