{"id":11703,"date":"2018-06-22T13:06:35","date_gmt":"2018-06-22T10:06:35","guid":{"rendered":"https:\/\/eurotech-iasi.ro\/?post_type=product&#038;p=11703"},"modified":"2024-04-10T12:07:28","modified_gmt":"2024-04-10T09:07:28","slug":"masina-de-gaurit-makita-df347dwe-1400-rpm-144-v","status":"publish","type":"product","link":"https:\/\/eurotech-iasi.ro\/magazinonline\/produs\/masina-de-gaurit-makita-df347dwe-1400-rpm-144-v\/","title":{"rendered":"Masina de insurubat cu impact MAKITA DF347DWE"},"content":{"rendered":"<p><strong>Masina de insurubat cu impact MAKITA DF347DWE<\/strong> este usoara si compacta. Controlul electronic al turatiei permite selectarea vitezei optime de lucru. Mandrina rapida permite schimbarea usoara a accesoriilor. Angrenaj performant pentru o durabilitate ridicata. <strong>DF347DWE<\/strong> este un model compact si usor pentru o manevrabilitate sporita. Maner cauciucat moale pentru o prindere sigura si confort ridicat in utilizare.<\/p>\n<p><strong>Set de livrare<\/strong>:<br \/>\n&#8211; 2 acumulatori, Li-Ion, 14.4 V \u0219i 1.3 Ah<br \/>\n&#8211; Incarcator standard DC18WA<br \/>\n&#8211; Valiza de transport<\/p>\n","protected":false},"excerpt":{"rendered":"<p><strong>Masina de insurubat cu impact MAKITA DF347DWE<\/strong>, destinat activitatilor casnice de intensitate mica sau medie.<\/p>\n<p>Cod produs: DF347DWE<\/p>\n<p><span style=\"color: #ff0000;\"><strong>*Scos din productie!<\/strong><\/span><\/p>\n","protected":false},"featured_media":11706,"comment_status":"open","ping_status":"closed","template":"","meta":{"_acf_changed":false},"product_cat":[4346,4335],"product_tag":[3668,3667,3669,3666],"woo-feed-brand":[],"class_list":{"0":"post-11703","1":"product","2":"type-product","3":"status-publish","4":"has-post-thumbnail","6":"product_brand-makita","7":"product_cat-masini-de-gaurit-si-insurubat-cu-acumulator","8":"product_cat-scule-electrice-cu-acumulatori","9":"product_tag-3668","10":"product_tag-1400-rpm","11":"product_tag-4-v","12":"product_tag-masina-de-gaurit-makita-df347dwe","13":"pa_brand-makita","14":"pa_greutate-14-kg","15":"pa_nivel-vibratii-25-m-s2","16":"pa_nivel-zgomot-70-db","17":"pa_tensiune-acumulatori-144-v","18":"pa_tip-acumulatori-li-ion","19":"pa_turatie-de-mers-in-gol-1-400-rpm","21":"first","22":"outofstock","23":"purchasable","24":"product-type-simple"},"acf":[],"yoast_head":"<!-- This site is optimized with the Yoast SEO plugin v27.3 - https:\/\/yoast.com\/product\/yoast-seo-wordpress\/ -->\n<title>Masina de insurubat cu impact MAKITA DF347DWE - Eurotech Iasi<\/title>\n<meta name=\"description\" content=\"Ma\u0219in\u0103 de \u00een\u0219urubat cu impact MAKITA DF347DWE, dotat\u0103 cu doi acumulatori \u0219i \u00eenc\u0103rc\u0103tor, este destinat activit\u0103\u021bilor casnice de intensitate mic\u0103\/medie.\" \/>\n<meta name=\"robots\" content=\"index, follow, max-snippet:-1, max-image-preview:large, max-video-preview:-1\" \/>\n<link rel=\"canonical\" href=\"https:\/\/eurotech-iasi.ro\/magazinonline\/produs\/masina-de-gaurit-makita-df347dwe-1400-rpm-144-v\/\" \/>\n<meta property=\"og:locale\" content=\"ro_RO\" \/>\n<meta property=\"og:type\" content=\"article\" \/>\n<meta property=\"og:title\" content=\"Masina de insurubat cu impact MAKITA DF347DWE - Eurotech Iasi\" \/>\n<meta property=\"og:description\" content=\"Ma\u0219in\u0103 de \u00een\u0219urubat cu impact MAKITA DF347DWE, dotat\u0103 cu doi acumulatori \u0219i \u00eenc\u0103rc\u0103tor, este destinat activit\u0103\u021bilor casnice de intensitate mic\u0103\/medie.\" \/>\n<meta property=\"og:url\" content=\"https:\/\/eurotech-iasi.ro\/magazinonline\/produs\/masina-de-gaurit-makita-df347dwe-1400-rpm-144-v\/\" \/>\n<meta property=\"og:site_name\" content=\"Eurotech Iasi\" \/>\n<meta property=\"article:publisher\" content=\"https:\/\/www.facebook.com\/EurotechIasi\/\" \/>\n<meta property=\"article:modified_time\" content=\"2024-04-10T09:07:28+00:00\" \/>\n<meta property=\"og:image\" content=\"https:\/\/eurotech-iasi.ro\/magazinonline\/wp-content\/uploads\/2018\/06\/Masina-de-gaurit-Makita-DF347DWE-1400-rpm-144-V.jpg\" \/>\n\t<meta property=\"og:image:width\" content=\"720\" \/>\n\t<meta property=\"og:image:height\" content=\"720\" \/>\n\t<meta property=\"og:image:type\" content=\"image\/jpeg\" \/>\n<script type=\"application\/ld+json\" class=\"yoast-schema-graph\">{\"@context\":\"https:\\\/\\\/schema.org\",\"@graph\":[{\"@type\":\"WebPage\",\"@id\":\"https:\\\/\\\/eurotech-iasi.ro\\\/magazinonline\\\/produs\\\/masina-de-gaurit-makita-df347dwe-1400-rpm-144-v\\\/\",\"url\":\"https:\\\/\\\/eurotech-iasi.ro\\\/magazinonline\\\/produs\\\/masina-de-gaurit-makita-df347dwe-1400-rpm-144-v\\\/\",\"name\":\"Masina de insurubat cu impact MAKITA DF347DWE - Eurotech Iasi\",\"isPartOf\":{\"@id\":\"https:\\\/\\\/eurotech-iasi.ro\\\/magazinonline\\\/#website\"},\"primaryImageOfPage\":{\"@id\":\"https:\\\/\\\/eurotech-iasi.ro\\\/magazinonline\\\/produs\\\/masina-de-gaurit-makita-df347dwe-1400-rpm-144-v\\\/#primaryimage\"},\"image\":{\"@id\":\"https:\\\/\\\/eurotech-iasi.ro\\\/magazinonline\\\/produs\\\/masina-de-gaurit-makita-df347dwe-1400-rpm-144-v\\\/#primaryimage\"},\"thumbnailUrl\":\"https:\\\/\\\/eurotech-iasi.ro\\\/magazinonline\\\/wp-content\\\/uploads\\\/2018\\\/06\\\/Masina-de-gaurit-Makita-DF347DWE-1400-rpm-144-V.jpg\",\"datePublished\":\"2018-06-22T10:06:35+00:00\",\"dateModified\":\"2024-04-10T09:07:28+00:00\",\"description\":\"Ma\u0219in\u0103 de \u00een\u0219urubat cu impact MAKITA DF347DWE, dotat\u0103 cu doi acumulatori \u0219i \u00eenc\u0103rc\u0103tor, este destinat activit\u0103\u021bilor casnice de intensitate mic\u0103\\\/medie.\",\"breadcrumb\":{\"@id\":\"https:\\\/\\\/eurotech-iasi.ro\\\/magazinonline\\\/produs\\\/masina-de-gaurit-makita-df347dwe-1400-rpm-144-v\\\/#breadcrumb\"},\"inLanguage\":\"ro-RO\",\"potentialAction\":[{\"@type\":\"ReadAction\",\"target\":[\"https:\\\/\\\/eurotech-iasi.ro\\\/magazinonline\\\/produs\\\/masina-de-gaurit-makita-df347dwe-1400-rpm-144-v\\\/\"]}]},{\"@type\":\"ImageObject\",\"inLanguage\":\"ro-RO\",\"@id\":\"https:\\\/\\\/eurotech-iasi.ro\\\/magazinonline\\\/produs\\\/masina-de-gaurit-makita-df347dwe-1400-rpm-144-v\\\/#primaryimage\",\"url\":\"https:\\\/\\\/eurotech-iasi.ro\\\/magazinonline\\\/wp-content\\\/uploads\\\/2018\\\/06\\\/Masina-de-gaurit-Makita-DF347DWE-1400-rpm-144-V.jpg\",\"contentUrl\":\"https:\\\/\\\/eurotech-iasi.ro\\\/magazinonline\\\/wp-content\\\/uploads\\\/2018\\\/06\\\/Masina-de-gaurit-Makita-DF347DWE-1400-rpm-144-V.jpg\",\"width\":720,\"height\":720},{\"@type\":\"BreadcrumbList\",\"@id\":\"https:\\\/\\\/eurotech-iasi.ro\\\/magazinonline\\\/produs\\\/masina-de-gaurit-makita-df347dwe-1400-rpm-144-v\\\/#breadcrumb\",\"itemListElement\":[{\"@type\":\"ListItem\",\"position\":1,\"name\":\"Prima pagin\u0103\",\"item\":\"https:\\\/\\\/eurotech-iasi.ro\\\/magazinonline\\\/\"},{\"@type\":\"ListItem\",\"position\":2,\"name\":\"Shop\",\"item\":\"https:\\\/\\\/eurotech-iasi.ro\\\/magazinonline\\\/shop\\\/\"},{\"@type\":\"ListItem\",\"position\":3,\"name\":\"Masina de insurubat cu impact MAKITA DF347DWE\"}]},{\"@type\":\"WebSite\",\"@id\":\"https:\\\/\\\/eurotech-iasi.ro\\\/magazinonline\\\/#website\",\"url\":\"https:\\\/\\\/eurotech-iasi.ro\\\/magazinonline\\\/\",\"name\":\"Eurotech Iasi\",\"description\":\"Cu oameni seriosi\",\"publisher\":{\"@id\":\"https:\\\/\\\/eurotech-iasi.ro\\\/magazinonline\\\/#organization\"},\"potentialAction\":[{\"@type\":\"SearchAction\",\"target\":{\"@type\":\"EntryPoint\",\"urlTemplate\":\"https:\\\/\\\/eurotech-iasi.ro\\\/magazinonline\\\/?s={search_term_string}\"},\"query-input\":{\"@type\":\"PropertyValueSpecification\",\"valueRequired\":true,\"valueName\":\"search_term_string\"}}],\"inLanguage\":\"ro-RO\"},{\"@type\":\"Organization\",\"@id\":\"https:\\\/\\\/eurotech-iasi.ro\\\/magazinonline\\\/#organization\",\"name\":\"Eurotech Iasi\",\"url\":\"https:\\\/\\\/eurotech-iasi.ro\\\/magazinonline\\\/\",\"logo\":{\"@type\":\"ImageObject\",\"inLanguage\":\"ro-RO\",\"@id\":\"https:\\\/\\\/eurotech-iasi.ro\\\/magazinonline\\\/#\\\/schema\\\/logo\\\/image\\\/\",\"url\":\"https:\\\/\\\/eurotech-iasi.ro\\\/magazinonline\\\/wp-content\\\/uploads\\\/2020\\\/08\\\/logo-eurotech.png\",\"contentUrl\":\"https:\\\/\\\/eurotech-iasi.ro\\\/magazinonline\\\/wp-content\\\/uploads\\\/2020\\\/08\\\/logo-eurotech.png\",\"width\":290,\"height\":70,\"caption\":\"Eurotech Iasi\"},\"image\":{\"@id\":\"https:\\\/\\\/eurotech-iasi.ro\\\/magazinonline\\\/#\\\/schema\\\/logo\\\/image\\\/\"},\"sameAs\":[\"https:\\\/\\\/www.facebook.com\\\/EurotechIasi\\\/\"]}]}<\/script>\n<!-- \/ Yoast SEO plugin. -->","yoast_head_json":{"title":"Masina de insurubat cu impact MAKITA DF347DWE - Eurotech Iasi","description":"Ma\u0219in\u0103 de \u00een\u0219urubat cu impact MAKITA DF347DWE, dotat\u0103 cu doi acumulatori \u0219i \u00eenc\u0103rc\u0103tor, este destinat activit\u0103\u021bilor casnice de intensitate mic\u0103\/medie.","robots":{"index":"index","follow":"follow","max-snippet":"max-snippet:-1","max-image-preview":"max-image-preview:large","max-video-preview":"max-video-preview:-1"},"canonical":"https:\/\/eurotech-iasi.ro\/magazinonline\/produs\/masina-de-gaurit-makita-df347dwe-1400-rpm-144-v\/","og_locale":"ro_RO","og_type":"article","og_title":"Masina de insurubat cu impact MAKITA DF347DWE - Eurotech Iasi","og_description":"Ma\u0219in\u0103 de \u00een\u0219urubat cu impact MAKITA DF347DWE, dotat\u0103 cu doi acumulatori \u0219i \u00eenc\u0103rc\u0103tor, este destinat activit\u0103\u021bilor casnice de intensitate mic\u0103\/medie.","og_url":"https:\/\/eurotech-iasi.ro\/magazinonline\/produs\/masina-de-gaurit-makita-df347dwe-1400-rpm-144-v\/","og_site_name":"Eurotech Iasi","article_publisher":"https:\/\/www.facebook.com\/EurotechIasi\/","article_modified_time":"2024-04-10T09:07:28+00:00","og_image":[{"width":720,"height":720,"url":"https:\/\/eurotech-iasi.ro\/magazinonline\/wp-content\/uploads\/2018\/06\/Masina-de-gaurit-Makita-DF347DWE-1400-rpm-144-V.jpg","type":"image\/jpeg"}],"schema":{"@context":"https:\/\/schema.org","@graph":[{"@type":"WebPage","@id":"https:\/\/eurotech-iasi.ro\/magazinonline\/produs\/masina-de-gaurit-makita-df347dwe-1400-rpm-144-v\/","url":"https:\/\/eurotech-iasi.ro\/magazinonline\/produs\/masina-de-gaurit-makita-df347dwe-1400-rpm-144-v\/","name":"Masina de insurubat cu impact MAKITA DF347DWE - Eurotech Iasi","isPartOf":{"@id":"https:\/\/eurotech-iasi.ro\/magazinonline\/#website"},"primaryImageOfPage":{"@id":"https:\/\/eurotech-iasi.ro\/magazinonline\/produs\/masina-de-gaurit-makita-df347dwe-1400-rpm-144-v\/#primaryimage"},"image":{"@id":"https:\/\/eurotech-iasi.ro\/magazinonline\/produs\/masina-de-gaurit-makita-df347dwe-1400-rpm-144-v\/#primaryimage"},"thumbnailUrl":"https:\/\/eurotech-iasi.ro\/magazinonline\/wp-content\/uploads\/2018\/06\/Masina-de-gaurit-Makita-DF347DWE-1400-rpm-144-V.jpg","datePublished":"2018-06-22T10:06:35+00:00","dateModified":"2024-04-10T09:07:28+00:00","description":"Ma\u0219in\u0103 de \u00een\u0219urubat cu impact MAKITA DF347DWE, dotat\u0103 cu doi acumulatori \u0219i \u00eenc\u0103rc\u0103tor, este destinat activit\u0103\u021bilor casnice de intensitate mic\u0103\/medie.","breadcrumb":{"@id":"https:\/\/eurotech-iasi.ro\/magazinonline\/produs\/masina-de-gaurit-makita-df347dwe-1400-rpm-144-v\/#breadcrumb"},"inLanguage":"ro-RO","potentialAction":[{"@type":"ReadAction","target":["https:\/\/eurotech-iasi.ro\/magazinonline\/produs\/masina-de-gaurit-makita-df347dwe-1400-rpm-144-v\/"]}]},{"@type":"ImageObject","inLanguage":"ro-RO","@id":"https:\/\/eurotech-iasi.ro\/magazinonline\/produs\/masina-de-gaurit-makita-df347dwe-1400-rpm-144-v\/#primaryimage","url":"https:\/\/eurotech-iasi.ro\/magazinonline\/wp-content\/uploads\/2018\/06\/Masina-de-gaurit-Makita-DF347DWE-1400-rpm-144-V.jpg","contentUrl":"https:\/\/eurotech-iasi.ro\/magazinonline\/wp-content\/uploads\/2018\/06\/Masina-de-gaurit-Makita-DF347DWE-1400-rpm-144-V.jpg","width":720,"height":720},{"@type":"BreadcrumbList","@id":"https:\/\/eurotech-iasi.ro\/magazinonline\/produs\/masina-de-gaurit-makita-df347dwe-1400-rpm-144-v\/#breadcrumb","itemListElement":[{"@type":"ListItem","position":1,"name":"Prima pagin\u0103","item":"https:\/\/eurotech-iasi.ro\/magazinonline\/"},{"@type":"ListItem","position":2,"name":"Shop","item":"https:\/\/eurotech-iasi.ro\/magazinonline\/shop\/"},{"@type":"ListItem","position":3,"name":"Masina de insurubat cu impact MAKITA DF347DWE"}]},{"@type":"WebSite","@id":"https:\/\/eurotech-iasi.ro\/magazinonline\/#website","url":"https:\/\/eurotech-iasi.ro\/magazinonline\/","name":"Eurotech Iasi","description":"Cu oameni seriosi","publisher":{"@id":"https:\/\/eurotech-iasi.ro\/magazinonline\/#organization"},"potentialAction":[{"@type":"SearchAction","target":{"@type":"EntryPoint","urlTemplate":"https:\/\/eurotech-iasi.ro\/magazinonline\/?s={search_term_string}"},"query-input":{"@type":"PropertyValueSpecification","valueRequired":true,"valueName":"search_term_string"}}],"inLanguage":"ro-RO"},{"@type":"Organization","@id":"https:\/\/eurotech-iasi.ro\/magazinonline\/#organization","name":"Eurotech Iasi","url":"https:\/\/eurotech-iasi.ro\/magazinonline\/","logo":{"@type":"ImageObject","inLanguage":"ro-RO","@id":"https:\/\/eurotech-iasi.ro\/magazinonline\/#\/schema\/logo\/image\/","url":"https:\/\/eurotech-iasi.ro\/magazinonline\/wp-content\/uploads\/2020\/08\/logo-eurotech.png","contentUrl":"https:\/\/eurotech-iasi.ro\/magazinonline\/wp-content\/uploads\/2020\/08\/logo-eurotech.png","width":290,"height":70,"caption":"Eurotech Iasi"},"image":{"@id":"https:\/\/eurotech-iasi.ro\/magazinonline\/#\/schema\/logo\/image\/"},"sameAs":["https:\/\/www.facebook.com\/EurotechIasi\/"]}]}},"_links":{"self":[{"href":"https:\/\/eurotech-iasi.ro\/magazinonline\/wp-json\/wp\/v2\/product\/11703","targetHints":{"allow":["GET"]}}],"collection":[{"href":"https:\/\/eurotech-iasi.ro\/magazinonline\/wp-json\/wp\/v2\/product"}],"about":[{"href":"https:\/\/eurotech-iasi.ro\/magazinonline\/wp-json\/wp\/v2\/types\/product"}],"replies":[{"embeddable":true,"href":"https:\/\/eurotech-iasi.ro\/magazinonline\/wp-json\/wp\/v2\/comments?post=11703"}],"wp:featuredmedia":[{"embeddable":true,"href":"https:\/\/eurotech-iasi.ro\/magazinonline\/wp-json\/wp\/v2\/media\/11706"}],"wp:attachment":[{"href":"https:\/\/eurotech-iasi.ro\/magazinonline\/wp-json\/wp\/v2\/media?parent=11703"}],"wp:term":[{"taxonomy":"product_cat","embeddable":true,"href":"https:\/\/eurotech-iasi.ro\/magazinonline\/wp-json\/wp\/v2\/product_cat?post=11703"},{"taxonomy":"product_tag","embeddable":true,"href":"https:\/\/eurotech-iasi.ro\/magazinonline\/wp-json\/wp\/v2\/product_tag?post=11703"},{"taxonomy":"woo-feed-brand","embeddable":true,"href":"https:\/\/eurotech-iasi.ro\/magazinonline\/wp-json\/wp\/v2\/woo-feed-brand?post=11703"}],"curies":[{"name":"wp","href":"https:\/\/api.w.org\/{rel}","templated":true}]}}