{"id":11797,"date":"2018-06-26T10:19:18","date_gmt":"2018-06-26T07:19:18","guid":{"rendered":"https:\/\/eurotech-iasi.ro\/?post_type=product&#038;p=11797"},"modified":"2025-04-02T15:12:39","modified_gmt":"2025-04-02T12:12:39","slug":"masina-de-insurubat-cu-impact-cxt-12vmax-makita-140-nm-fara-acumulatori-tw140dz-si-incarcator","status":"publish","type":"product","link":"https:\/\/eurotech-iasi.ro\/magazinonline\/produs\/masina-de-insurubat-cu-impact-cxt-12vmax-makita-140-nm-fara-acumulatori-tw140dz-si-incarcator\/","title":{"rendered":"Masina de insurubat cu impact CXT 12Vmax MAKITA, 140 Nm, fara acumulatori TW140DZ\u00a0si incarcator"},"content":{"rendered":"<p><strong>Masina de insurubat cu impact CXT 12Vmax MAKITA, 140 Nm, fara acumulatori TW140DZ\u00a0si incarcator,<\/strong> este un model usor si compact. Prevazuta cu <em><strong>maner cauciucat moale<\/strong><\/em> ce asigura o prindere sigura si confort ridicat in utilizare.<\/p>\n<p><strong>Masina de insurubat de 140 Nm<\/strong> este echipata cu manerul ergonomic cauciucat care ofera un confort sporit in timpul lucrarilor profesionale, iar frana de motor asigura un nivel ridicat de siguranta. Este optiunea perfecta pentru lucrarile profesionale de intensitate mica si medie.<\/p>\n<p><strong>BENEFICII UTILIZATOR:<\/strong><\/p>\n<ul>\n<li>Controlul electronic al turatiei permite selectarea vitezei optime de lucru.<\/li>\n<li>Maner cauciucat moale pentru o prindere sigura si confort ridicat in utilizare.<\/li>\n<li>Lumina de lucru tip LED cu functie de remanenta.<\/li>\n<li>Frana electrica ce opreste lama imediat pentru a preveni accidentarile.<\/li>\n<\/ul>\n<p><strong>INFORMATII TEHNICE:<\/strong><\/p>\n<ul>\n<li>Vibratii &#8211; 8 m\/s\u00b2<\/li>\n<li>Cuplu de strangere -N\/A Nm<\/li>\n<li>Moment de blocare &#8211; 140 Nm<\/li>\n<li>Platforma acumulatori &#8211; CXT 12Vmax<\/li>\n<li>Frecventa batai (bpm)0 &#8211; 3200 bpm<\/li>\n<li>Turatie de mers in gol0 &#8211; 2600 rpm<\/li>\n<li>Capacitate de gaurire max. in otel (\u00f8)N\/A mm<\/li>\n<li>Capacitate de gaurire max. in lemn (\u00f8)N\/A mm<\/li>\n<li>Nivel presiune acustica &#8211; 88 dB(A)<\/li>\n<li>Nivel putere sonora &#8211; 99 dB(A)<\/li>\n<li>Dimensiuni (L x l x H) &#8211; 161 x 66 x 205 mm<\/li>\n<li>Greutate (EPTA) &#8211; 1,2 kg<\/li>\n<\/ul>\n<h3><strong><em><span style=\"color: #ff0000;\">ATENTIE:<\/span> <\/em><em><span style=\"color: red;\">Setul de livrare nu include acumulator si incarcator!<\/span><\/em><\/strong><\/h3>\n<h3><span style=\"text-decoration: underline;\"><em><strong>Documentatie tehnica:<\/strong><\/em><\/span><\/h3>\n<p><a href=\"https:\/\/eurotech-iasi.ro\/magazinonline\/wp-content\/uploads\/2022\/09\/INSTRUCTIUNI-DE-UTILIZARE-MASINA-DE-INSURUBAT-MAKITA-TW140DZ.pdf\"><strong><em><u>\ud83d\udce5 Manual de utilizare<\/u><\/em><\/strong><\/a><br \/>\n<a href=\"https:\/\/eurotech-iasi.ro\/magazinonline\/wp-content\/uploads\/2022\/09\/885641C506_D2894.pdf\"><strong><em><u>\ud83d\udce5 Declaratie de conformitate<\/u><\/em><\/strong><\/a><br \/>\n<a href=\"https:\/\/eurotech-iasi.ro\/magazinonline\/wp-content\/uploads\/2022\/09\/TW140DSME.pdf\"><em><strong><u>\ud83d\udce5<\/u><\/strong><\/em><strong><em><u> Schema Electrica \/ Explodata<\/u><\/em><\/strong><\/a><\/p>\n","protected":false},"excerpt":{"rendered":"<p><strong>Masina de insurubat cu impact CXT 12Vmax MAKITA, 140 Nm, fara acumulatori TW140DZ\u00a0si incarcator,<\/strong> este un model compact si usor pentru o manevrabilitate ridicata. <strong><em><span style=\"color: red;\">Setul de livrare nu include acumulator si incarcator!<\/span><\/em><\/strong><\/p>\n<p><em><strong>Cod produs: TW140DZ<\/strong><\/em><\/p>\n","protected":false},"featured_media":75914,"comment_status":"open","ping_status":"closed","template":"","meta":{"_acf_changed":false},"product_cat":[6378,4346,4306,4335],"product_tag":[3697,3671,3692,3696],"woo-feed-brand":[],"class_list":{"0":"post-11797","1":"product","2":"type-product","3":"status-publish","4":"has-post-thumbnail","6":"product_brand-makita","7":"product_cat-masini-de-gaurit-si-insurubat-scule-electrice","8":"product_cat-masini-de-gaurit-si-insurubat-cu-acumulator","9":"product_cat-scule-electrice","10":"product_cat-scule-electrice-cu-acumulatori","11":"product_tag-140-nm-momentul-de-torsiune-maxim","12":"product_tag-2600-rpm","13":"product_tag-3200-bpm-frecventa-batailor","14":"product_tag-masina-de-insurubat-cu-impact-makita-tw140dz","15":"pa_brand-makita","16":"pa_dimensiuni-166x66x224-mm","17":"pa_greutate-1-kg","18":"pa_tensiune-acumulatori-108-v","19":"pa_tip-acumulatori-li-ion","20":"pa_turatie-de-mers-in-gol-2-600-rpm","22":"first","23":"instock","24":"purchasable","25":"product-type-simple"},"acf":[],"yoast_head":"<!-- This site is optimized with the Yoast SEO plugin v27.5 - https:\/\/yoast.com\/product\/yoast-seo-wordpress\/ -->\n<title>Masina de insurubat cu impact CXT 12Vmax MAKITA, 140 Nm, fara acumulatori TW140DZ\u00a0si incarcator - Eurotech Iasi<\/title>\n<meta name=\"description\" content=\"Cheie de str\u00e2ns cu impact MAKITA TW140DZ, f\u0103r\u0103 \u00eenc\u0103rc\u0103tor \u0219i acumulatori, este ideal pentru lucr\u0103rile casnice \u0219i nu numai.\" \/>\n<meta name=\"robots\" content=\"index, follow, max-snippet:-1, max-image-preview:large, max-video-preview:-1\" \/>\n<link rel=\"canonical\" href=\"https:\/\/eurotech-iasi.ro\/magazinonline\/produs\/masina-de-insurubat-cu-impact-cxt-12vmax-makita-140-nm-fara-acumulatori-tw140dz-si-incarcator\/\" \/>\n<meta property=\"og:locale\" content=\"ro_RO\" \/>\n<meta property=\"og:type\" content=\"article\" \/>\n<meta property=\"og:title\" content=\"Masina de insurubat cu impact CXT 12Vmax MAKITA, 140 Nm, fara acumulatori TW140DZ\u00a0si incarcator - Eurotech Iasi\" \/>\n<meta property=\"og:description\" content=\"Cheie de str\u00e2ns cu impact MAKITA TW140DZ, f\u0103r\u0103 \u00eenc\u0103rc\u0103tor \u0219i acumulatori, este ideal pentru lucr\u0103rile casnice \u0219i nu numai.\" \/>\n<meta property=\"og:url\" content=\"https:\/\/eurotech-iasi.ro\/magazinonline\/produs\/masina-de-insurubat-cu-impact-cxt-12vmax-makita-140-nm-fara-acumulatori-tw140dz-si-incarcator\/\" \/>\n<meta property=\"og:site_name\" content=\"Eurotech Iasi\" \/>\n<meta property=\"article:publisher\" content=\"https:\/\/www.facebook.com\/EurotechIasi\/\" \/>\n<meta property=\"article:modified_time\" content=\"2025-04-02T12:12:39+00:00\" \/>\n<meta property=\"og:image\" content=\"https:\/\/eurotech-iasi.ro\/magazinonline\/wp-content\/uploads\/2018\/06\/1.png\" \/>\n\t<meta property=\"og:image:width\" content=\"750\" \/>\n\t<meta property=\"og:image:height\" content=\"750\" \/>\n\t<meta property=\"og:image:type\" content=\"image\/png\" \/>\n<meta name=\"twitter:label1\" content=\"Timp estimat pentru citire\" \/>\n\t<meta name=\"twitter:data1\" content=\"1 minut\" \/>\n<script type=\"application\/ld+json\" class=\"yoast-schema-graph\">{\"@context\":\"https:\\\/\\\/schema.org\",\"@graph\":[{\"@type\":\"WebPage\",\"@id\":\"https:\\\/\\\/eurotech-iasi.ro\\\/magazinonline\\\/produs\\\/masina-de-insurubat-cu-impact-cxt-12vmax-makita-140-nm-fara-acumulatori-tw140dz-si-incarcator\\\/\",\"url\":\"https:\\\/\\\/eurotech-iasi.ro\\\/magazinonline\\\/produs\\\/masina-de-insurubat-cu-impact-cxt-12vmax-makita-140-nm-fara-acumulatori-tw140dz-si-incarcator\\\/\",\"name\":\"Masina de insurubat cu impact CXT 12Vmax MAKITA, 140 Nm, fara acumulatori TW140DZ\u00a0si incarcator - Eurotech Iasi\",\"isPartOf\":{\"@id\":\"https:\\\/\\\/eurotech-iasi.ro\\\/magazinonline\\\/#website\"},\"primaryImageOfPage\":{\"@id\":\"https:\\\/\\\/eurotech-iasi.ro\\\/magazinonline\\\/produs\\\/masina-de-insurubat-cu-impact-cxt-12vmax-makita-140-nm-fara-acumulatori-tw140dz-si-incarcator\\\/#primaryimage\"},\"image\":{\"@id\":\"https:\\\/\\\/eurotech-iasi.ro\\\/magazinonline\\\/produs\\\/masina-de-insurubat-cu-impact-cxt-12vmax-makita-140-nm-fara-acumulatori-tw140dz-si-incarcator\\\/#primaryimage\"},\"thumbnailUrl\":\"https:\\\/\\\/eurotech-iasi.ro\\\/magazinonline\\\/wp-content\\\/uploads\\\/2018\\\/06\\\/1.png\",\"datePublished\":\"2018-06-26T07:19:18+00:00\",\"dateModified\":\"2025-04-02T12:12:39+00:00\",\"description\":\"Cheie de str\u00e2ns cu impact MAKITA TW140DZ, f\u0103r\u0103 \u00eenc\u0103rc\u0103tor \u0219i acumulatori, este ideal pentru lucr\u0103rile casnice \u0219i nu numai.\",\"breadcrumb\":{\"@id\":\"https:\\\/\\\/eurotech-iasi.ro\\\/magazinonline\\\/produs\\\/masina-de-insurubat-cu-impact-cxt-12vmax-makita-140-nm-fara-acumulatori-tw140dz-si-incarcator\\\/#breadcrumb\"},\"inLanguage\":\"ro-RO\",\"potentialAction\":[{\"@type\":\"ReadAction\",\"target\":[\"https:\\\/\\\/eurotech-iasi.ro\\\/magazinonline\\\/produs\\\/masina-de-insurubat-cu-impact-cxt-12vmax-makita-140-nm-fara-acumulatori-tw140dz-si-incarcator\\\/\"]}]},{\"@type\":\"ImageObject\",\"inLanguage\":\"ro-RO\",\"@id\":\"https:\\\/\\\/eurotech-iasi.ro\\\/magazinonline\\\/produs\\\/masina-de-insurubat-cu-impact-cxt-12vmax-makita-140-nm-fara-acumulatori-tw140dz-si-incarcator\\\/#primaryimage\",\"url\":\"https:\\\/\\\/eurotech-iasi.ro\\\/magazinonline\\\/wp-content\\\/uploads\\\/2018\\\/06\\\/1.png\",\"contentUrl\":\"https:\\\/\\\/eurotech-iasi.ro\\\/magazinonline\\\/wp-content\\\/uploads\\\/2018\\\/06\\\/1.png\",\"width\":750,\"height\":750},{\"@type\":\"BreadcrumbList\",\"@id\":\"https:\\\/\\\/eurotech-iasi.ro\\\/magazinonline\\\/produs\\\/masina-de-insurubat-cu-impact-cxt-12vmax-makita-140-nm-fara-acumulatori-tw140dz-si-incarcator\\\/#breadcrumb\",\"itemListElement\":[{\"@type\":\"ListItem\",\"position\":1,\"name\":\"Prima pagin\u0103\",\"item\":\"https:\\\/\\\/eurotech-iasi.ro\\\/magazinonline\\\/\"},{\"@type\":\"ListItem\",\"position\":2,\"name\":\"Shop\",\"item\":\"https:\\\/\\\/eurotech-iasi.ro\\\/magazinonline\\\/shop\\\/\"},{\"@type\":\"ListItem\",\"position\":3,\"name\":\"Masina de insurubat cu impact CXT 12Vmax MAKITA, 140 Nm, fara acumulatori TW140DZ\u00a0si incarcator\"}]},{\"@type\":\"WebSite\",\"@id\":\"https:\\\/\\\/eurotech-iasi.ro\\\/magazinonline\\\/#website\",\"url\":\"https:\\\/\\\/eurotech-iasi.ro\\\/magazinonline\\\/\",\"name\":\"Eurotech Iasi\",\"description\":\"Cu oameni seriosi\",\"publisher\":{\"@id\":\"https:\\\/\\\/eurotech-iasi.ro\\\/magazinonline\\\/#organization\"},\"potentialAction\":[{\"@type\":\"SearchAction\",\"target\":{\"@type\":\"EntryPoint\",\"urlTemplate\":\"https:\\\/\\\/eurotech-iasi.ro\\\/magazinonline\\\/?s={search_term_string}\"},\"query-input\":{\"@type\":\"PropertyValueSpecification\",\"valueRequired\":true,\"valueName\":\"search_term_string\"}}],\"inLanguage\":\"ro-RO\"},{\"@type\":\"Organization\",\"@id\":\"https:\\\/\\\/eurotech-iasi.ro\\\/magazinonline\\\/#organization\",\"name\":\"Eurotech Iasi\",\"url\":\"https:\\\/\\\/eurotech-iasi.ro\\\/magazinonline\\\/\",\"logo\":{\"@type\":\"ImageObject\",\"inLanguage\":\"ro-RO\",\"@id\":\"https:\\\/\\\/eurotech-iasi.ro\\\/magazinonline\\\/#\\\/schema\\\/logo\\\/image\\\/\",\"url\":\"https:\\\/\\\/eurotech-iasi.ro\\\/magazinonline\\\/wp-content\\\/uploads\\\/2020\\\/08\\\/logo-eurotech.png\",\"contentUrl\":\"https:\\\/\\\/eurotech-iasi.ro\\\/magazinonline\\\/wp-content\\\/uploads\\\/2020\\\/08\\\/logo-eurotech.png\",\"width\":290,\"height\":70,\"caption\":\"Eurotech Iasi\"},\"image\":{\"@id\":\"https:\\\/\\\/eurotech-iasi.ro\\\/magazinonline\\\/#\\\/schema\\\/logo\\\/image\\\/\"},\"sameAs\":[\"https:\\\/\\\/www.facebook.com\\\/EurotechIasi\\\/\"]}]}<\/script>\n<!-- \/ Yoast SEO plugin. -->","yoast_head_json":{"title":"Masina de insurubat cu impact CXT 12Vmax MAKITA, 140 Nm, fara acumulatori TW140DZ\u00a0si incarcator - Eurotech Iasi","description":"Cheie de str\u00e2ns cu impact MAKITA TW140DZ, f\u0103r\u0103 \u00eenc\u0103rc\u0103tor \u0219i acumulatori, este ideal pentru lucr\u0103rile casnice \u0219i nu numai.","robots":{"index":"index","follow":"follow","max-snippet":"max-snippet:-1","max-image-preview":"max-image-preview:large","max-video-preview":"max-video-preview:-1"},"canonical":"https:\/\/eurotech-iasi.ro\/magazinonline\/produs\/masina-de-insurubat-cu-impact-cxt-12vmax-makita-140-nm-fara-acumulatori-tw140dz-si-incarcator\/","og_locale":"ro_RO","og_type":"article","og_title":"Masina de insurubat cu impact CXT 12Vmax MAKITA, 140 Nm, fara acumulatori TW140DZ\u00a0si incarcator - Eurotech Iasi","og_description":"Cheie de str\u00e2ns cu impact MAKITA TW140DZ, f\u0103r\u0103 \u00eenc\u0103rc\u0103tor \u0219i acumulatori, este ideal pentru lucr\u0103rile casnice \u0219i nu numai.","og_url":"https:\/\/eurotech-iasi.ro\/magazinonline\/produs\/masina-de-insurubat-cu-impact-cxt-12vmax-makita-140-nm-fara-acumulatori-tw140dz-si-incarcator\/","og_site_name":"Eurotech Iasi","article_publisher":"https:\/\/www.facebook.com\/EurotechIasi\/","article_modified_time":"2025-04-02T12:12:39+00:00","og_image":[{"width":750,"height":750,"url":"https:\/\/eurotech-iasi.ro\/magazinonline\/wp-content\/uploads\/2018\/06\/1.png","type":"image\/png"}],"twitter_misc":{"Timp estimat pentru citire":"1 minut"},"schema":{"@context":"https:\/\/schema.org","@graph":[{"@type":"WebPage","@id":"https:\/\/eurotech-iasi.ro\/magazinonline\/produs\/masina-de-insurubat-cu-impact-cxt-12vmax-makita-140-nm-fara-acumulatori-tw140dz-si-incarcator\/","url":"https:\/\/eurotech-iasi.ro\/magazinonline\/produs\/masina-de-insurubat-cu-impact-cxt-12vmax-makita-140-nm-fara-acumulatori-tw140dz-si-incarcator\/","name":"Masina de insurubat cu impact CXT 12Vmax MAKITA, 140 Nm, fara acumulatori TW140DZ\u00a0si incarcator - Eurotech Iasi","isPartOf":{"@id":"https:\/\/eurotech-iasi.ro\/magazinonline\/#website"},"primaryImageOfPage":{"@id":"https:\/\/eurotech-iasi.ro\/magazinonline\/produs\/masina-de-insurubat-cu-impact-cxt-12vmax-makita-140-nm-fara-acumulatori-tw140dz-si-incarcator\/#primaryimage"},"image":{"@id":"https:\/\/eurotech-iasi.ro\/magazinonline\/produs\/masina-de-insurubat-cu-impact-cxt-12vmax-makita-140-nm-fara-acumulatori-tw140dz-si-incarcator\/#primaryimage"},"thumbnailUrl":"https:\/\/eurotech-iasi.ro\/magazinonline\/wp-content\/uploads\/2018\/06\/1.png","datePublished":"2018-06-26T07:19:18+00:00","dateModified":"2025-04-02T12:12:39+00:00","description":"Cheie de str\u00e2ns cu impact MAKITA TW140DZ, f\u0103r\u0103 \u00eenc\u0103rc\u0103tor \u0219i acumulatori, este ideal pentru lucr\u0103rile casnice \u0219i nu numai.","breadcrumb":{"@id":"https:\/\/eurotech-iasi.ro\/magazinonline\/produs\/masina-de-insurubat-cu-impact-cxt-12vmax-makita-140-nm-fara-acumulatori-tw140dz-si-incarcator\/#breadcrumb"},"inLanguage":"ro-RO","potentialAction":[{"@type":"ReadAction","target":["https:\/\/eurotech-iasi.ro\/magazinonline\/produs\/masina-de-insurubat-cu-impact-cxt-12vmax-makita-140-nm-fara-acumulatori-tw140dz-si-incarcator\/"]}]},{"@type":"ImageObject","inLanguage":"ro-RO","@id":"https:\/\/eurotech-iasi.ro\/magazinonline\/produs\/masina-de-insurubat-cu-impact-cxt-12vmax-makita-140-nm-fara-acumulatori-tw140dz-si-incarcator\/#primaryimage","url":"https:\/\/eurotech-iasi.ro\/magazinonline\/wp-content\/uploads\/2018\/06\/1.png","contentUrl":"https:\/\/eurotech-iasi.ro\/magazinonline\/wp-content\/uploads\/2018\/06\/1.png","width":750,"height":750},{"@type":"BreadcrumbList","@id":"https:\/\/eurotech-iasi.ro\/magazinonline\/produs\/masina-de-insurubat-cu-impact-cxt-12vmax-makita-140-nm-fara-acumulatori-tw140dz-si-incarcator\/#breadcrumb","itemListElement":[{"@type":"ListItem","position":1,"name":"Prima pagin\u0103","item":"https:\/\/eurotech-iasi.ro\/magazinonline\/"},{"@type":"ListItem","position":2,"name":"Shop","item":"https:\/\/eurotech-iasi.ro\/magazinonline\/shop\/"},{"@type":"ListItem","position":3,"name":"Masina de insurubat cu impact CXT 12Vmax MAKITA, 140 Nm, fara acumulatori TW140DZ\u00a0si incarcator"}]},{"@type":"WebSite","@id":"https:\/\/eurotech-iasi.ro\/magazinonline\/#website","url":"https:\/\/eurotech-iasi.ro\/magazinonline\/","name":"Eurotech Iasi","description":"Cu oameni seriosi","publisher":{"@id":"https:\/\/eurotech-iasi.ro\/magazinonline\/#organization"},"potentialAction":[{"@type":"SearchAction","target":{"@type":"EntryPoint","urlTemplate":"https:\/\/eurotech-iasi.ro\/magazinonline\/?s={search_term_string}"},"query-input":{"@type":"PropertyValueSpecification","valueRequired":true,"valueName":"search_term_string"}}],"inLanguage":"ro-RO"},{"@type":"Organization","@id":"https:\/\/eurotech-iasi.ro\/magazinonline\/#organization","name":"Eurotech Iasi","url":"https:\/\/eurotech-iasi.ro\/magazinonline\/","logo":{"@type":"ImageObject","inLanguage":"ro-RO","@id":"https:\/\/eurotech-iasi.ro\/magazinonline\/#\/schema\/logo\/image\/","url":"https:\/\/eurotech-iasi.ro\/magazinonline\/wp-content\/uploads\/2020\/08\/logo-eurotech.png","contentUrl":"https:\/\/eurotech-iasi.ro\/magazinonline\/wp-content\/uploads\/2020\/08\/logo-eurotech.png","width":290,"height":70,"caption":"Eurotech Iasi"},"image":{"@id":"https:\/\/eurotech-iasi.ro\/magazinonline\/#\/schema\/logo\/image\/"},"sameAs":["https:\/\/www.facebook.com\/EurotechIasi\/"]}]}},"_links":{"self":[{"href":"https:\/\/eurotech-iasi.ro\/magazinonline\/wp-json\/wp\/v2\/product\/11797","targetHints":{"allow":["GET"]}}],"collection":[{"href":"https:\/\/eurotech-iasi.ro\/magazinonline\/wp-json\/wp\/v2\/product"}],"about":[{"href":"https:\/\/eurotech-iasi.ro\/magazinonline\/wp-json\/wp\/v2\/types\/product"}],"replies":[{"embeddable":true,"href":"https:\/\/eurotech-iasi.ro\/magazinonline\/wp-json\/wp\/v2\/comments?post=11797"}],"wp:featuredmedia":[{"embeddable":true,"href":"https:\/\/eurotech-iasi.ro\/magazinonline\/wp-json\/wp\/v2\/media\/75914"}],"wp:attachment":[{"href":"https:\/\/eurotech-iasi.ro\/magazinonline\/wp-json\/wp\/v2\/media?parent=11797"}],"wp:term":[{"taxonomy":"product_cat","embeddable":true,"href":"https:\/\/eurotech-iasi.ro\/magazinonline\/wp-json\/wp\/v2\/product_cat?post=11797"},{"taxonomy":"product_tag","embeddable":true,"href":"https:\/\/eurotech-iasi.ro\/magazinonline\/wp-json\/wp\/v2\/product_tag?post=11797"},{"taxonomy":"woo-feed-brand","embeddable":true,"href":"https:\/\/eurotech-iasi.ro\/magazinonline\/wp-json\/wp\/v2\/woo-feed-brand?post=11797"}],"curies":[{"name":"wp","href":"https:\/\/api.w.org\/{rel}","templated":true}]}}