{"id":11932,"date":"2018-06-27T12:22:44","date_gmt":"2018-06-27T09:22:44","guid":{"rendered":"https:\/\/eurotech-iasi.ro\/?post_type=product&#038;p=11932"},"modified":"2025-04-02T13:13:00","modified_gmt":"2025-04-02T10:13:00","slug":"aspirator-hibrid-compatibil-cu-acumulatori-li-ion-lxt-18-v-makita-dvc860lz-18-v-90-mbar-puterea-de-aspirare-8-l-volumul-rezervorului","status":"publish","type":"product","link":"https:\/\/eurotech-iasi.ro\/magazinonline\/produs\/aspirator-hibrid-compatibil-cu-acumulatori-li-ion-lxt-18-v-makita-dvc860lz-18-v-90-mbar-puterea-de-aspirare-8-l-volumul-rezervorului\/","title":{"rendered":"Aspirator hibrid MAKITA DVC860LZ"},"content":{"rendered":"<p><strong>Aspirator hibrid MAKITA DVC860LZ <\/strong>are un motor puternic de 1.050 W. Debit max. de aer (acumulator\/re\u021beaua electric\u0103) : 2.0\/3.7 mc\/min. Capacitatea rezervorului de 6\/8 l. Functionare continua cu acc BL1830 x 2 de 15 min. Putere de absorbtie este de 9\/25 kPa.<\/p>\n","protected":false},"excerpt":{"rendered":"<p><strong>Aspirator hibrid MAKITA DVC860LZ <\/strong>fara acumulatori si incarcator, are un motor de <strong>1.050 W<\/strong>, potrivit activitatilor de intensitate ridicata\/medie.<\/p>\n<p>Cod produs: DVC860LZ<\/p>\n","protected":false},"featured_media":14516,"comment_status":"open","ping_status":"closed","template":"","meta":{"_acf_changed":false},"product_cat":[4389,4339],"product_tag":[3289,3756,3755,3754],"woo-feed-brand":[],"class_list":{"0":"post-11932","1":"product","2":"type-product","3":"status-publish","4":"has-post-thumbnail","6":"product_brand-makita","7":"product_cat-aspiratoare-multifunctionale-umede-uscate","8":"product_cat-echipamente-pentru-curatenie","9":"product_tag-18-v","10":"product_tag-8-l-volumul-rezervorului","11":"product_tag-90-mbar-puterea-de-aspirare","12":"product_tag-aspirator-hibrid-compatibil-cu-acumulatori-li-ion-lxt-18-v-makita-dvc860lz","13":"pa_brand-makita","14":"pa_dimensiuni-366x334x368-mm","15":"pa_greutate-8-kg","16":"pa_putere-motor-1-050-w","17":"pa_tensiune-acumulatori-18-v","19":"first","20":"instock","21":"purchasable","22":"product-type-simple"},"acf":[],"yoast_head":"<!-- This site is optimized with the Yoast SEO plugin v27.3 - https:\/\/yoast.com\/product\/yoast-seo-wordpress\/ -->\n<title>Aspirator hibrid MAKITA DVC860LZ - Eurotech Iasi<\/title>\n<meta name=\"description\" content=\"Aspirator hibrid MAKITA DVC860LZ. f\u0103r\u0103 acumulatori \u0219i \u00eenc\u0103rc\u0103tor, are un motor de 1.050 W, potrivit activit\u0103\u021bilor de intensitate ridicat\u0103\/medie.\" \/>\n<meta name=\"robots\" content=\"index, follow, max-snippet:-1, max-image-preview:large, max-video-preview:-1\" \/>\n<link rel=\"canonical\" href=\"https:\/\/eurotech-iasi.ro\/magazinonline\/produs\/aspirator-hibrid-compatibil-cu-acumulatori-li-ion-lxt-18-v-makita-dvc860lz-18-v-90-mbar-puterea-de-aspirare-8-l-volumul-rezervorului\/\" \/>\n<meta property=\"og:locale\" content=\"ro_RO\" \/>\n<meta property=\"og:type\" content=\"article\" \/>\n<meta property=\"og:title\" content=\"Aspirator hibrid MAKITA DVC860LZ - Eurotech Iasi\" \/>\n<meta property=\"og:description\" content=\"Aspirator hibrid MAKITA DVC860LZ. f\u0103r\u0103 acumulatori \u0219i \u00eenc\u0103rc\u0103tor, are un motor de 1.050 W, potrivit activit\u0103\u021bilor de intensitate ridicat\u0103\/medie.\" \/>\n<meta property=\"og:url\" content=\"https:\/\/eurotech-iasi.ro\/magazinonline\/produs\/aspirator-hibrid-compatibil-cu-acumulatori-li-ion-lxt-18-v-makita-dvc860lz-18-v-90-mbar-puterea-de-aspirare-8-l-volumul-rezervorului\/\" \/>\n<meta property=\"og:site_name\" content=\"Eurotech Iasi\" \/>\n<meta property=\"article:publisher\" content=\"https:\/\/www.facebook.com\/EurotechIasi\/\" \/>\n<meta property=\"article:modified_time\" content=\"2025-04-02T10:13:00+00:00\" \/>\n<meta property=\"og:image\" content=\"https:\/\/eurotech-iasi.ro\/magazinonline\/wp-content\/uploads\/2018\/06\/Aspirator-hibrid-MAKITA-DVC860LZ.jpg\" \/>\n\t<meta property=\"og:image:width\" content=\"710\" \/>\n\t<meta property=\"og:image:height\" content=\"710\" \/>\n\t<meta property=\"og:image:type\" content=\"image\/jpeg\" \/>\n<script type=\"application\/ld+json\" class=\"yoast-schema-graph\">{\"@context\":\"https:\\\/\\\/schema.org\",\"@graph\":[{\"@type\":\"WebPage\",\"@id\":\"https:\\\/\\\/eurotech-iasi.ro\\\/magazinonline\\\/produs\\\/aspirator-hibrid-compatibil-cu-acumulatori-li-ion-lxt-18-v-makita-dvc860lz-18-v-90-mbar-puterea-de-aspirare-8-l-volumul-rezervorului\\\/\",\"url\":\"https:\\\/\\\/eurotech-iasi.ro\\\/magazinonline\\\/produs\\\/aspirator-hibrid-compatibil-cu-acumulatori-li-ion-lxt-18-v-makita-dvc860lz-18-v-90-mbar-puterea-de-aspirare-8-l-volumul-rezervorului\\\/\",\"name\":\"Aspirator hibrid MAKITA DVC860LZ - Eurotech Iasi\",\"isPartOf\":{\"@id\":\"https:\\\/\\\/eurotech-iasi.ro\\\/magazinonline\\\/#website\"},\"primaryImageOfPage\":{\"@id\":\"https:\\\/\\\/eurotech-iasi.ro\\\/magazinonline\\\/produs\\\/aspirator-hibrid-compatibil-cu-acumulatori-li-ion-lxt-18-v-makita-dvc860lz-18-v-90-mbar-puterea-de-aspirare-8-l-volumul-rezervorului\\\/#primaryimage\"},\"image\":{\"@id\":\"https:\\\/\\\/eurotech-iasi.ro\\\/magazinonline\\\/produs\\\/aspirator-hibrid-compatibil-cu-acumulatori-li-ion-lxt-18-v-makita-dvc860lz-18-v-90-mbar-puterea-de-aspirare-8-l-volumul-rezervorului\\\/#primaryimage\"},\"thumbnailUrl\":\"https:\\\/\\\/eurotech-iasi.ro\\\/magazinonline\\\/wp-content\\\/uploads\\\/2018\\\/06\\\/Aspirator-hibrid-MAKITA-DVC860LZ.jpg\",\"datePublished\":\"2018-06-27T09:22:44+00:00\",\"dateModified\":\"2025-04-02T10:13:00+00:00\",\"description\":\"Aspirator hibrid MAKITA DVC860LZ. f\u0103r\u0103 acumulatori \u0219i \u00eenc\u0103rc\u0103tor, are un motor de 1.050 W, potrivit activit\u0103\u021bilor de intensitate ridicat\u0103\\\/medie.\",\"breadcrumb\":{\"@id\":\"https:\\\/\\\/eurotech-iasi.ro\\\/magazinonline\\\/produs\\\/aspirator-hibrid-compatibil-cu-acumulatori-li-ion-lxt-18-v-makita-dvc860lz-18-v-90-mbar-puterea-de-aspirare-8-l-volumul-rezervorului\\\/#breadcrumb\"},\"inLanguage\":\"ro-RO\",\"potentialAction\":[{\"@type\":\"ReadAction\",\"target\":[\"https:\\\/\\\/eurotech-iasi.ro\\\/magazinonline\\\/produs\\\/aspirator-hibrid-compatibil-cu-acumulatori-li-ion-lxt-18-v-makita-dvc860lz-18-v-90-mbar-puterea-de-aspirare-8-l-volumul-rezervorului\\\/\"]}]},{\"@type\":\"ImageObject\",\"inLanguage\":\"ro-RO\",\"@id\":\"https:\\\/\\\/eurotech-iasi.ro\\\/magazinonline\\\/produs\\\/aspirator-hibrid-compatibil-cu-acumulatori-li-ion-lxt-18-v-makita-dvc860lz-18-v-90-mbar-puterea-de-aspirare-8-l-volumul-rezervorului\\\/#primaryimage\",\"url\":\"https:\\\/\\\/eurotech-iasi.ro\\\/magazinonline\\\/wp-content\\\/uploads\\\/2018\\\/06\\\/Aspirator-hibrid-MAKITA-DVC860LZ.jpg\",\"contentUrl\":\"https:\\\/\\\/eurotech-iasi.ro\\\/magazinonline\\\/wp-content\\\/uploads\\\/2018\\\/06\\\/Aspirator-hibrid-MAKITA-DVC860LZ.jpg\",\"width\":710,\"height\":710},{\"@type\":\"BreadcrumbList\",\"@id\":\"https:\\\/\\\/eurotech-iasi.ro\\\/magazinonline\\\/produs\\\/aspirator-hibrid-compatibil-cu-acumulatori-li-ion-lxt-18-v-makita-dvc860lz-18-v-90-mbar-puterea-de-aspirare-8-l-volumul-rezervorului\\\/#breadcrumb\",\"itemListElement\":[{\"@type\":\"ListItem\",\"position\":1,\"name\":\"Prima pagin\u0103\",\"item\":\"https:\\\/\\\/eurotech-iasi.ro\\\/magazinonline\\\/\"},{\"@type\":\"ListItem\",\"position\":2,\"name\":\"Shop\",\"item\":\"https:\\\/\\\/eurotech-iasi.ro\\\/magazinonline\\\/shop\\\/\"},{\"@type\":\"ListItem\",\"position\":3,\"name\":\"Aspirator hibrid MAKITA DVC860LZ\"}]},{\"@type\":\"WebSite\",\"@id\":\"https:\\\/\\\/eurotech-iasi.ro\\\/magazinonline\\\/#website\",\"url\":\"https:\\\/\\\/eurotech-iasi.ro\\\/magazinonline\\\/\",\"name\":\"Eurotech Iasi\",\"description\":\"Cu oameni seriosi\",\"publisher\":{\"@id\":\"https:\\\/\\\/eurotech-iasi.ro\\\/magazinonline\\\/#organization\"},\"potentialAction\":[{\"@type\":\"SearchAction\",\"target\":{\"@type\":\"EntryPoint\",\"urlTemplate\":\"https:\\\/\\\/eurotech-iasi.ro\\\/magazinonline\\\/?s={search_term_string}\"},\"query-input\":{\"@type\":\"PropertyValueSpecification\",\"valueRequired\":true,\"valueName\":\"search_term_string\"}}],\"inLanguage\":\"ro-RO\"},{\"@type\":\"Organization\",\"@id\":\"https:\\\/\\\/eurotech-iasi.ro\\\/magazinonline\\\/#organization\",\"name\":\"Eurotech Iasi\",\"url\":\"https:\\\/\\\/eurotech-iasi.ro\\\/magazinonline\\\/\",\"logo\":{\"@type\":\"ImageObject\",\"inLanguage\":\"ro-RO\",\"@id\":\"https:\\\/\\\/eurotech-iasi.ro\\\/magazinonline\\\/#\\\/schema\\\/logo\\\/image\\\/\",\"url\":\"https:\\\/\\\/eurotech-iasi.ro\\\/magazinonline\\\/wp-content\\\/uploads\\\/2020\\\/08\\\/logo-eurotech.png\",\"contentUrl\":\"https:\\\/\\\/eurotech-iasi.ro\\\/magazinonline\\\/wp-content\\\/uploads\\\/2020\\\/08\\\/logo-eurotech.png\",\"width\":290,\"height\":70,\"caption\":\"Eurotech Iasi\"},\"image\":{\"@id\":\"https:\\\/\\\/eurotech-iasi.ro\\\/magazinonline\\\/#\\\/schema\\\/logo\\\/image\\\/\"},\"sameAs\":[\"https:\\\/\\\/www.facebook.com\\\/EurotechIasi\\\/\"]}]}<\/script>\n<!-- \/ Yoast SEO plugin. -->","yoast_head_json":{"title":"Aspirator hibrid MAKITA DVC860LZ - Eurotech Iasi","description":"Aspirator hibrid MAKITA DVC860LZ. f\u0103r\u0103 acumulatori \u0219i \u00eenc\u0103rc\u0103tor, are un motor de 1.050 W, potrivit activit\u0103\u021bilor de intensitate ridicat\u0103\/medie.","robots":{"index":"index","follow":"follow","max-snippet":"max-snippet:-1","max-image-preview":"max-image-preview:large","max-video-preview":"max-video-preview:-1"},"canonical":"https:\/\/eurotech-iasi.ro\/magazinonline\/produs\/aspirator-hibrid-compatibil-cu-acumulatori-li-ion-lxt-18-v-makita-dvc860lz-18-v-90-mbar-puterea-de-aspirare-8-l-volumul-rezervorului\/","og_locale":"ro_RO","og_type":"article","og_title":"Aspirator hibrid MAKITA DVC860LZ - Eurotech Iasi","og_description":"Aspirator hibrid MAKITA DVC860LZ. f\u0103r\u0103 acumulatori \u0219i \u00eenc\u0103rc\u0103tor, are un motor de 1.050 W, potrivit activit\u0103\u021bilor de intensitate ridicat\u0103\/medie.","og_url":"https:\/\/eurotech-iasi.ro\/magazinonline\/produs\/aspirator-hibrid-compatibil-cu-acumulatori-li-ion-lxt-18-v-makita-dvc860lz-18-v-90-mbar-puterea-de-aspirare-8-l-volumul-rezervorului\/","og_site_name":"Eurotech Iasi","article_publisher":"https:\/\/www.facebook.com\/EurotechIasi\/","article_modified_time":"2025-04-02T10:13:00+00:00","og_image":[{"width":710,"height":710,"url":"https:\/\/eurotech-iasi.ro\/magazinonline\/wp-content\/uploads\/2018\/06\/Aspirator-hibrid-MAKITA-DVC860LZ.jpg","type":"image\/jpeg"}],"schema":{"@context":"https:\/\/schema.org","@graph":[{"@type":"WebPage","@id":"https:\/\/eurotech-iasi.ro\/magazinonline\/produs\/aspirator-hibrid-compatibil-cu-acumulatori-li-ion-lxt-18-v-makita-dvc860lz-18-v-90-mbar-puterea-de-aspirare-8-l-volumul-rezervorului\/","url":"https:\/\/eurotech-iasi.ro\/magazinonline\/produs\/aspirator-hibrid-compatibil-cu-acumulatori-li-ion-lxt-18-v-makita-dvc860lz-18-v-90-mbar-puterea-de-aspirare-8-l-volumul-rezervorului\/","name":"Aspirator hibrid MAKITA DVC860LZ - Eurotech Iasi","isPartOf":{"@id":"https:\/\/eurotech-iasi.ro\/magazinonline\/#website"},"primaryImageOfPage":{"@id":"https:\/\/eurotech-iasi.ro\/magazinonline\/produs\/aspirator-hibrid-compatibil-cu-acumulatori-li-ion-lxt-18-v-makita-dvc860lz-18-v-90-mbar-puterea-de-aspirare-8-l-volumul-rezervorului\/#primaryimage"},"image":{"@id":"https:\/\/eurotech-iasi.ro\/magazinonline\/produs\/aspirator-hibrid-compatibil-cu-acumulatori-li-ion-lxt-18-v-makita-dvc860lz-18-v-90-mbar-puterea-de-aspirare-8-l-volumul-rezervorului\/#primaryimage"},"thumbnailUrl":"https:\/\/eurotech-iasi.ro\/magazinonline\/wp-content\/uploads\/2018\/06\/Aspirator-hibrid-MAKITA-DVC860LZ.jpg","datePublished":"2018-06-27T09:22:44+00:00","dateModified":"2025-04-02T10:13:00+00:00","description":"Aspirator hibrid MAKITA DVC860LZ. f\u0103r\u0103 acumulatori \u0219i \u00eenc\u0103rc\u0103tor, are un motor de 1.050 W, potrivit activit\u0103\u021bilor de intensitate ridicat\u0103\/medie.","breadcrumb":{"@id":"https:\/\/eurotech-iasi.ro\/magazinonline\/produs\/aspirator-hibrid-compatibil-cu-acumulatori-li-ion-lxt-18-v-makita-dvc860lz-18-v-90-mbar-puterea-de-aspirare-8-l-volumul-rezervorului\/#breadcrumb"},"inLanguage":"ro-RO","potentialAction":[{"@type":"ReadAction","target":["https:\/\/eurotech-iasi.ro\/magazinonline\/produs\/aspirator-hibrid-compatibil-cu-acumulatori-li-ion-lxt-18-v-makita-dvc860lz-18-v-90-mbar-puterea-de-aspirare-8-l-volumul-rezervorului\/"]}]},{"@type":"ImageObject","inLanguage":"ro-RO","@id":"https:\/\/eurotech-iasi.ro\/magazinonline\/produs\/aspirator-hibrid-compatibil-cu-acumulatori-li-ion-lxt-18-v-makita-dvc860lz-18-v-90-mbar-puterea-de-aspirare-8-l-volumul-rezervorului\/#primaryimage","url":"https:\/\/eurotech-iasi.ro\/magazinonline\/wp-content\/uploads\/2018\/06\/Aspirator-hibrid-MAKITA-DVC860LZ.jpg","contentUrl":"https:\/\/eurotech-iasi.ro\/magazinonline\/wp-content\/uploads\/2018\/06\/Aspirator-hibrid-MAKITA-DVC860LZ.jpg","width":710,"height":710},{"@type":"BreadcrumbList","@id":"https:\/\/eurotech-iasi.ro\/magazinonline\/produs\/aspirator-hibrid-compatibil-cu-acumulatori-li-ion-lxt-18-v-makita-dvc860lz-18-v-90-mbar-puterea-de-aspirare-8-l-volumul-rezervorului\/#breadcrumb","itemListElement":[{"@type":"ListItem","position":1,"name":"Prima pagin\u0103","item":"https:\/\/eurotech-iasi.ro\/magazinonline\/"},{"@type":"ListItem","position":2,"name":"Shop","item":"https:\/\/eurotech-iasi.ro\/magazinonline\/shop\/"},{"@type":"ListItem","position":3,"name":"Aspirator hibrid MAKITA DVC860LZ"}]},{"@type":"WebSite","@id":"https:\/\/eurotech-iasi.ro\/magazinonline\/#website","url":"https:\/\/eurotech-iasi.ro\/magazinonline\/","name":"Eurotech Iasi","description":"Cu oameni seriosi","publisher":{"@id":"https:\/\/eurotech-iasi.ro\/magazinonline\/#organization"},"potentialAction":[{"@type":"SearchAction","target":{"@type":"EntryPoint","urlTemplate":"https:\/\/eurotech-iasi.ro\/magazinonline\/?s={search_term_string}"},"query-input":{"@type":"PropertyValueSpecification","valueRequired":true,"valueName":"search_term_string"}}],"inLanguage":"ro-RO"},{"@type":"Organization","@id":"https:\/\/eurotech-iasi.ro\/magazinonline\/#organization","name":"Eurotech Iasi","url":"https:\/\/eurotech-iasi.ro\/magazinonline\/","logo":{"@type":"ImageObject","inLanguage":"ro-RO","@id":"https:\/\/eurotech-iasi.ro\/magazinonline\/#\/schema\/logo\/image\/","url":"https:\/\/eurotech-iasi.ro\/magazinonline\/wp-content\/uploads\/2020\/08\/logo-eurotech.png","contentUrl":"https:\/\/eurotech-iasi.ro\/magazinonline\/wp-content\/uploads\/2020\/08\/logo-eurotech.png","width":290,"height":70,"caption":"Eurotech Iasi"},"image":{"@id":"https:\/\/eurotech-iasi.ro\/magazinonline\/#\/schema\/logo\/image\/"},"sameAs":["https:\/\/www.facebook.com\/EurotechIasi\/"]}]}},"_links":{"self":[{"href":"https:\/\/eurotech-iasi.ro\/magazinonline\/wp-json\/wp\/v2\/product\/11932","targetHints":{"allow":["GET"]}}],"collection":[{"href":"https:\/\/eurotech-iasi.ro\/magazinonline\/wp-json\/wp\/v2\/product"}],"about":[{"href":"https:\/\/eurotech-iasi.ro\/magazinonline\/wp-json\/wp\/v2\/types\/product"}],"replies":[{"embeddable":true,"href":"https:\/\/eurotech-iasi.ro\/magazinonline\/wp-json\/wp\/v2\/comments?post=11932"}],"wp:featuredmedia":[{"embeddable":true,"href":"https:\/\/eurotech-iasi.ro\/magazinonline\/wp-json\/wp\/v2\/media\/14516"}],"wp:attachment":[{"href":"https:\/\/eurotech-iasi.ro\/magazinonline\/wp-json\/wp\/v2\/media?parent=11932"}],"wp:term":[{"taxonomy":"product_cat","embeddable":true,"href":"https:\/\/eurotech-iasi.ro\/magazinonline\/wp-json\/wp\/v2\/product_cat?post=11932"},{"taxonomy":"product_tag","embeddable":true,"href":"https:\/\/eurotech-iasi.ro\/magazinonline\/wp-json\/wp\/v2\/product_tag?post=11932"},{"taxonomy":"woo-feed-brand","embeddable":true,"href":"https:\/\/eurotech-iasi.ro\/magazinonline\/wp-json\/wp\/v2\/woo-feed-brand?post=11932"}],"curies":[{"name":"wp","href":"https:\/\/api.w.org\/{rel}","templated":true}]}}