{"id":13470,"date":"2019-02-12T11:48:10","date_gmt":"2019-02-12T09:48:10","guid":{"rendered":"https:\/\/eurotech-iasi.ro\/magazinonline\/produs\/import-placeholder-for-3587\/"},"modified":"2026-01-05T16:19:26","modified_gmt":"2026-01-05T14:19:26","slug":"polizor-unghiular-125mm-1700w-tip-gws-17-125-s-bosch","status":"publish","type":"product","link":"https:\/\/eurotech-iasi.ro\/magazinonline\/produs\/polizor-unghiular-125mm-1700w-tip-gws-17-125-s-bosch\/","title":{"rendered":"Polizor unghiular 125mm, 1700W tip GWS 17-125 S BOSCH"},"content":{"rendered":"<p class=\"rounded\"><strong>Polizor unghiular 125mm, 1700W tip GWS 17-125 S BOSCH<\/strong> asigura o putere ridicata, capacitate de suprasarcina si protectie \u00eembunatatita \u00eempotriva prafului datorita orificiilor de admisie a aerului din partea posterioara, cu suport detasabil pentru filtrul de praf, pentru productivitate maxima.<br \/>\nDatorita dimensiunii semnificativ mai mici a manerului, polizorul unghiular cu motor puternic de 1.700 W asigura un confort sporit \u00een cadrul lucrarilor din industria metalurgica.<br \/>\nPentru o protectie sporita a utilizatorului, acesta este dotat cu functia KickBack Control, Restart Protection si cu un maner lateral cu Vibration Control.<br \/>\nPolizorul unghiular mic este dotat cu functiile Constant Speed, Soft Start si Overload Protection.<\/p>\n<p><strong>Set de livrare<\/strong>:<\/p>\n<ul>\n<li>Aparatoare de protectie 1 605 510 36<\/li>\n<li>Aparatoare din metal cu clema pentru protectie \u00eempotriva taierii 2 608 000 756<\/li>\n<li>Cheie pentru splinturi 1 607 950 043<\/li>\n<li>Cutie carton<\/li>\n<li>Filtru antipraf 2 607 432 053<\/li>\n<li>Flansa de prindere 1 605 703 099<\/li>\n<li>Maner auxiliar pentru controlul vibratiilor 2 608 900 000<\/li>\n<li>Piulita de strangere 1 603 340 040<\/li>\n<\/ul>\n<p><strong>Specificatii tehnice:<\/strong><\/p>\n<p><strong>Putere:\u00a0<\/strong>1700 W<\/p>\n<p><strong>Diametru disc:\u00a0<\/strong>125 mm<\/p>\n<p><strong>Turatie:\u00a0<\/strong>Reglabila<\/p>\n<p><strong>Turatie in gol:\u00a0<\/strong>2800 &#8211; 11500 rot\/min<\/p>\n<p><strong>Pornire progresiva:\u00a0<\/strong>Da<\/p>\n<p><strong>Maner antivibratii:\u00a0<\/strong>Da<\/p>\n<p><strong>Diametru interior disc:\u00a0<\/strong>22.23 mm<\/p>\n<p><strong>Arbore fixare:\u00a0<\/strong>M14<\/p>\n<p><strong>Greutate:\u00a0<\/strong>2.2 kg<\/p>\n","protected":false},"excerpt":{"rendered":"<p class=\"rounded\"><strong>Polizor unghiular 125mm, 1700W tip GWS 17-125 S BOSCH<\/strong> asigura o putere ridicata, capacitate de suprasarcina si protectie \u00eembunatatita \u00eempotriva prafului datorita orificiilor de admisie a aerului din partea posterioara, cu suport detasabil pentru filtrul de praf, pentru productivitate maxima.<\/p>\n<p><em><strong>Cod produs: 06017D0300<\/strong><\/em><\/p>\n<p>&nbsp;<\/p>\n","protected":false},"featured_media":100693,"comment_status":"closed","ping_status":"closed","template":"","meta":{"_acf_changed":false},"product_cat":[4310,4306],"product_tag":[2733,2713,2714,2716,2715,2719,2732],"woo-feed-brand":[],"class_list":{"0":"post-13470","1":"product","2":"type-product","3":"status-publish","4":"has-post-thumbnail","6":"product_brand-bosch","7":"product_cat-polizoare-unghiulare","8":"product_cat-scule-electrice","9":"product_tag-bosch-gws-17-125-cie","10":"product_tag-polizoare-unghiulare","11":"product_tag-polizoare-unghiulare-eurotech","12":"product_tag-polizoare-unghiulare-eurotech-iasi","13":"product_tag-polizoare-unghiulare-iasi","14":"product_tag-polizor-unghiular-bosch","15":"product_tag-polizor-unghiular-bosch-gws-17-125-cie","16":"pa_brand-bosch","17":"pa_diam-discuri-125-mm","18":"pa_greutate-2-2-kg","19":"pa_putere-1700-w","21":"first","22":"instock","23":"purchasable","24":"product-type-simple"},"acf":[],"yoast_head":"<!-- This site is optimized with the Yoast SEO plugin v27.5 - https:\/\/yoast.com\/product\/yoast-seo-wordpress\/ -->\n<title>Polizor unghiular 125mm, 1700W tip GWS 17-125 S BOSCH - Eurotech Iasi<\/title>\n<meta name=\"description\" content=\"Polizor unghiular BOSCH GWS 17-125 CIE reprezint\u0103 unealta perfect\u0103 pentru activit\u0103\u021bi de tip casnic, aceasta f\u0103c\u00e2nd fa\u021b\u0103 \u0219i activit\u0103\u021bilor \u00eendelungate.\" \/>\n<meta name=\"robots\" content=\"index, follow, max-snippet:-1, max-image-preview:large, max-video-preview:-1\" \/>\n<link rel=\"canonical\" href=\"https:\/\/eurotech-iasi.ro\/magazinonline\/produs\/polizor-unghiular-125mm-1700w-tip-gws-17-125-s-bosch\/\" \/>\n<meta property=\"og:locale\" content=\"ro_RO\" \/>\n<meta property=\"og:type\" content=\"article\" \/>\n<meta property=\"og:title\" content=\"Polizor unghiular 125mm, 1700W tip GWS 17-125 S BOSCH - Eurotech Iasi\" \/>\n<meta property=\"og:description\" content=\"Polizor unghiular BOSCH GWS 17-125 CIE reprezint\u0103 unealta perfect\u0103 pentru activit\u0103\u021bi de tip casnic, aceasta f\u0103c\u00e2nd fa\u021b\u0103 \u0219i activit\u0103\u021bilor \u00eendelungate.\" \/>\n<meta property=\"og:url\" content=\"https:\/\/eurotech-iasi.ro\/magazinonline\/produs\/polizor-unghiular-125mm-1700w-tip-gws-17-125-s-bosch\/\" \/>\n<meta property=\"og:site_name\" content=\"Eurotech Iasi\" \/>\n<meta property=\"article:publisher\" content=\"https:\/\/www.facebook.com\/EurotechIasi\/\" \/>\n<meta property=\"article:modified_time\" content=\"2026-01-05T14:19:26+00:00\" \/>\n<meta property=\"og:image\" content=\"https:\/\/eurotech-iasi.ro\/magazinonline\/wp-content\/uploads\/2019\/02\/Polizor-unghiular-125mm-1700W-tip-GWS-17-125-S-BOSCH-1.png\" \/>\n\t<meta property=\"og:image:width\" content=\"750\" \/>\n\t<meta property=\"og:image:height\" content=\"750\" \/>\n\t<meta property=\"og:image:type\" content=\"image\/png\" \/>\n<meta name=\"twitter:label1\" content=\"Timp estimat pentru citire\" \/>\n\t<meta name=\"twitter:data1\" content=\"1 minut\" \/>\n<script type=\"application\/ld+json\" class=\"yoast-schema-graph\">{\"@context\":\"https:\\\/\\\/schema.org\",\"@graph\":[{\"@type\":\"WebPage\",\"@id\":\"https:\\\/\\\/eurotech-iasi.ro\\\/magazinonline\\\/produs\\\/polizor-unghiular-125mm-1700w-tip-gws-17-125-s-bosch\\\/\",\"url\":\"https:\\\/\\\/eurotech-iasi.ro\\\/magazinonline\\\/produs\\\/polizor-unghiular-125mm-1700w-tip-gws-17-125-s-bosch\\\/\",\"name\":\"Polizor unghiular 125mm, 1700W tip GWS 17-125 S BOSCH - Eurotech Iasi\",\"isPartOf\":{\"@id\":\"https:\\\/\\\/eurotech-iasi.ro\\\/magazinonline\\\/#website\"},\"primaryImageOfPage\":{\"@id\":\"https:\\\/\\\/eurotech-iasi.ro\\\/magazinonline\\\/produs\\\/polizor-unghiular-125mm-1700w-tip-gws-17-125-s-bosch\\\/#primaryimage\"},\"image\":{\"@id\":\"https:\\\/\\\/eurotech-iasi.ro\\\/magazinonline\\\/produs\\\/polizor-unghiular-125mm-1700w-tip-gws-17-125-s-bosch\\\/#primaryimage\"},\"thumbnailUrl\":\"https:\\\/\\\/eurotech-iasi.ro\\\/magazinonline\\\/wp-content\\\/uploads\\\/2019\\\/02\\\/Polizor-unghiular-125mm-1700W-tip-GWS-17-125-S-BOSCH-1.png\",\"datePublished\":\"2019-02-12T09:48:10+00:00\",\"dateModified\":\"2026-01-05T14:19:26+00:00\",\"description\":\"Polizor unghiular BOSCH GWS 17-125 CIE reprezint\u0103 unealta perfect\u0103 pentru activit\u0103\u021bi de tip casnic, aceasta f\u0103c\u00e2nd fa\u021b\u0103 \u0219i activit\u0103\u021bilor \u00eendelungate.\",\"breadcrumb\":{\"@id\":\"https:\\\/\\\/eurotech-iasi.ro\\\/magazinonline\\\/produs\\\/polizor-unghiular-125mm-1700w-tip-gws-17-125-s-bosch\\\/#breadcrumb\"},\"inLanguage\":\"ro-RO\",\"potentialAction\":[{\"@type\":\"ReadAction\",\"target\":[\"https:\\\/\\\/eurotech-iasi.ro\\\/magazinonline\\\/produs\\\/polizor-unghiular-125mm-1700w-tip-gws-17-125-s-bosch\\\/\"]}]},{\"@type\":\"ImageObject\",\"inLanguage\":\"ro-RO\",\"@id\":\"https:\\\/\\\/eurotech-iasi.ro\\\/magazinonline\\\/produs\\\/polizor-unghiular-125mm-1700w-tip-gws-17-125-s-bosch\\\/#primaryimage\",\"url\":\"https:\\\/\\\/eurotech-iasi.ro\\\/magazinonline\\\/wp-content\\\/uploads\\\/2019\\\/02\\\/Polizor-unghiular-125mm-1700W-tip-GWS-17-125-S-BOSCH-1.png\",\"contentUrl\":\"https:\\\/\\\/eurotech-iasi.ro\\\/magazinonline\\\/wp-content\\\/uploads\\\/2019\\\/02\\\/Polizor-unghiular-125mm-1700W-tip-GWS-17-125-S-BOSCH-1.png\",\"width\":750,\"height\":750,\"caption\":\"Polizor unghiular 125mm, 1700W tip GWS 17-125 S BOSCH\"},{\"@type\":\"BreadcrumbList\",\"@id\":\"https:\\\/\\\/eurotech-iasi.ro\\\/magazinonline\\\/produs\\\/polizor-unghiular-125mm-1700w-tip-gws-17-125-s-bosch\\\/#breadcrumb\",\"itemListElement\":[{\"@type\":\"ListItem\",\"position\":1,\"name\":\"Prima pagin\u0103\",\"item\":\"https:\\\/\\\/eurotech-iasi.ro\\\/magazinonline\\\/\"},{\"@type\":\"ListItem\",\"position\":2,\"name\":\"Shop\",\"item\":\"https:\\\/\\\/eurotech-iasi.ro\\\/magazinonline\\\/shop\\\/\"},{\"@type\":\"ListItem\",\"position\":3,\"name\":\"Polizor unghiular 125mm, 1700W tip GWS 17-125 S BOSCH\"}]},{\"@type\":\"WebSite\",\"@id\":\"https:\\\/\\\/eurotech-iasi.ro\\\/magazinonline\\\/#website\",\"url\":\"https:\\\/\\\/eurotech-iasi.ro\\\/magazinonline\\\/\",\"name\":\"Eurotech Iasi\",\"description\":\"Cu oameni seriosi\",\"publisher\":{\"@id\":\"https:\\\/\\\/eurotech-iasi.ro\\\/magazinonline\\\/#organization\"},\"potentialAction\":[{\"@type\":\"SearchAction\",\"target\":{\"@type\":\"EntryPoint\",\"urlTemplate\":\"https:\\\/\\\/eurotech-iasi.ro\\\/magazinonline\\\/?s={search_term_string}\"},\"query-input\":{\"@type\":\"PropertyValueSpecification\",\"valueRequired\":true,\"valueName\":\"search_term_string\"}}],\"inLanguage\":\"ro-RO\"},{\"@type\":\"Organization\",\"@id\":\"https:\\\/\\\/eurotech-iasi.ro\\\/magazinonline\\\/#organization\",\"name\":\"Eurotech Iasi\",\"url\":\"https:\\\/\\\/eurotech-iasi.ro\\\/magazinonline\\\/\",\"logo\":{\"@type\":\"ImageObject\",\"inLanguage\":\"ro-RO\",\"@id\":\"https:\\\/\\\/eurotech-iasi.ro\\\/magazinonline\\\/#\\\/schema\\\/logo\\\/image\\\/\",\"url\":\"https:\\\/\\\/eurotech-iasi.ro\\\/magazinonline\\\/wp-content\\\/uploads\\\/2020\\\/08\\\/logo-eurotech.png\",\"contentUrl\":\"https:\\\/\\\/eurotech-iasi.ro\\\/magazinonline\\\/wp-content\\\/uploads\\\/2020\\\/08\\\/logo-eurotech.png\",\"width\":290,\"height\":70,\"caption\":\"Eurotech Iasi\"},\"image\":{\"@id\":\"https:\\\/\\\/eurotech-iasi.ro\\\/magazinonline\\\/#\\\/schema\\\/logo\\\/image\\\/\"},\"sameAs\":[\"https:\\\/\\\/www.facebook.com\\\/EurotechIasi\\\/\"]}]}<\/script>\n<!-- \/ Yoast SEO plugin. -->","yoast_head_json":{"title":"Polizor unghiular 125mm, 1700W tip GWS 17-125 S BOSCH - Eurotech Iasi","description":"Polizor unghiular BOSCH GWS 17-125 CIE reprezint\u0103 unealta perfect\u0103 pentru activit\u0103\u021bi de tip casnic, aceasta f\u0103c\u00e2nd fa\u021b\u0103 \u0219i activit\u0103\u021bilor \u00eendelungate.","robots":{"index":"index","follow":"follow","max-snippet":"max-snippet:-1","max-image-preview":"max-image-preview:large","max-video-preview":"max-video-preview:-1"},"canonical":"https:\/\/eurotech-iasi.ro\/magazinonline\/produs\/polizor-unghiular-125mm-1700w-tip-gws-17-125-s-bosch\/","og_locale":"ro_RO","og_type":"article","og_title":"Polizor unghiular 125mm, 1700W tip GWS 17-125 S BOSCH - Eurotech Iasi","og_description":"Polizor unghiular BOSCH GWS 17-125 CIE reprezint\u0103 unealta perfect\u0103 pentru activit\u0103\u021bi de tip casnic, aceasta f\u0103c\u00e2nd fa\u021b\u0103 \u0219i activit\u0103\u021bilor \u00eendelungate.","og_url":"https:\/\/eurotech-iasi.ro\/magazinonline\/produs\/polizor-unghiular-125mm-1700w-tip-gws-17-125-s-bosch\/","og_site_name":"Eurotech Iasi","article_publisher":"https:\/\/www.facebook.com\/EurotechIasi\/","article_modified_time":"2026-01-05T14:19:26+00:00","og_image":[{"width":750,"height":750,"url":"https:\/\/eurotech-iasi.ro\/magazinonline\/wp-content\/uploads\/2019\/02\/Polizor-unghiular-125mm-1700W-tip-GWS-17-125-S-BOSCH-1.png","type":"image\/png"}],"twitter_misc":{"Timp estimat pentru citire":"1 minut"},"schema":{"@context":"https:\/\/schema.org","@graph":[{"@type":"WebPage","@id":"https:\/\/eurotech-iasi.ro\/magazinonline\/produs\/polizor-unghiular-125mm-1700w-tip-gws-17-125-s-bosch\/","url":"https:\/\/eurotech-iasi.ro\/magazinonline\/produs\/polizor-unghiular-125mm-1700w-tip-gws-17-125-s-bosch\/","name":"Polizor unghiular 125mm, 1700W tip GWS 17-125 S BOSCH - Eurotech Iasi","isPartOf":{"@id":"https:\/\/eurotech-iasi.ro\/magazinonline\/#website"},"primaryImageOfPage":{"@id":"https:\/\/eurotech-iasi.ro\/magazinonline\/produs\/polizor-unghiular-125mm-1700w-tip-gws-17-125-s-bosch\/#primaryimage"},"image":{"@id":"https:\/\/eurotech-iasi.ro\/magazinonline\/produs\/polizor-unghiular-125mm-1700w-tip-gws-17-125-s-bosch\/#primaryimage"},"thumbnailUrl":"https:\/\/eurotech-iasi.ro\/magazinonline\/wp-content\/uploads\/2019\/02\/Polizor-unghiular-125mm-1700W-tip-GWS-17-125-S-BOSCH-1.png","datePublished":"2019-02-12T09:48:10+00:00","dateModified":"2026-01-05T14:19:26+00:00","description":"Polizor unghiular BOSCH GWS 17-125 CIE reprezint\u0103 unealta perfect\u0103 pentru activit\u0103\u021bi de tip casnic, aceasta f\u0103c\u00e2nd fa\u021b\u0103 \u0219i activit\u0103\u021bilor \u00eendelungate.","breadcrumb":{"@id":"https:\/\/eurotech-iasi.ro\/magazinonline\/produs\/polizor-unghiular-125mm-1700w-tip-gws-17-125-s-bosch\/#breadcrumb"},"inLanguage":"ro-RO","potentialAction":[{"@type":"ReadAction","target":["https:\/\/eurotech-iasi.ro\/magazinonline\/produs\/polizor-unghiular-125mm-1700w-tip-gws-17-125-s-bosch\/"]}]},{"@type":"ImageObject","inLanguage":"ro-RO","@id":"https:\/\/eurotech-iasi.ro\/magazinonline\/produs\/polizor-unghiular-125mm-1700w-tip-gws-17-125-s-bosch\/#primaryimage","url":"https:\/\/eurotech-iasi.ro\/magazinonline\/wp-content\/uploads\/2019\/02\/Polizor-unghiular-125mm-1700W-tip-GWS-17-125-S-BOSCH-1.png","contentUrl":"https:\/\/eurotech-iasi.ro\/magazinonline\/wp-content\/uploads\/2019\/02\/Polizor-unghiular-125mm-1700W-tip-GWS-17-125-S-BOSCH-1.png","width":750,"height":750,"caption":"Polizor unghiular 125mm, 1700W tip GWS 17-125 S BOSCH"},{"@type":"BreadcrumbList","@id":"https:\/\/eurotech-iasi.ro\/magazinonline\/produs\/polizor-unghiular-125mm-1700w-tip-gws-17-125-s-bosch\/#breadcrumb","itemListElement":[{"@type":"ListItem","position":1,"name":"Prima pagin\u0103","item":"https:\/\/eurotech-iasi.ro\/magazinonline\/"},{"@type":"ListItem","position":2,"name":"Shop","item":"https:\/\/eurotech-iasi.ro\/magazinonline\/shop\/"},{"@type":"ListItem","position":3,"name":"Polizor unghiular 125mm, 1700W tip GWS 17-125 S BOSCH"}]},{"@type":"WebSite","@id":"https:\/\/eurotech-iasi.ro\/magazinonline\/#website","url":"https:\/\/eurotech-iasi.ro\/magazinonline\/","name":"Eurotech Iasi","description":"Cu oameni seriosi","publisher":{"@id":"https:\/\/eurotech-iasi.ro\/magazinonline\/#organization"},"potentialAction":[{"@type":"SearchAction","target":{"@type":"EntryPoint","urlTemplate":"https:\/\/eurotech-iasi.ro\/magazinonline\/?s={search_term_string}"},"query-input":{"@type":"PropertyValueSpecification","valueRequired":true,"valueName":"search_term_string"}}],"inLanguage":"ro-RO"},{"@type":"Organization","@id":"https:\/\/eurotech-iasi.ro\/magazinonline\/#organization","name":"Eurotech Iasi","url":"https:\/\/eurotech-iasi.ro\/magazinonline\/","logo":{"@type":"ImageObject","inLanguage":"ro-RO","@id":"https:\/\/eurotech-iasi.ro\/magazinonline\/#\/schema\/logo\/image\/","url":"https:\/\/eurotech-iasi.ro\/magazinonline\/wp-content\/uploads\/2020\/08\/logo-eurotech.png","contentUrl":"https:\/\/eurotech-iasi.ro\/magazinonline\/wp-content\/uploads\/2020\/08\/logo-eurotech.png","width":290,"height":70,"caption":"Eurotech Iasi"},"image":{"@id":"https:\/\/eurotech-iasi.ro\/magazinonline\/#\/schema\/logo\/image\/"},"sameAs":["https:\/\/www.facebook.com\/EurotechIasi\/"]}]}},"_links":{"self":[{"href":"https:\/\/eurotech-iasi.ro\/magazinonline\/wp-json\/wp\/v2\/product\/13470","targetHints":{"allow":["GET"]}}],"collection":[{"href":"https:\/\/eurotech-iasi.ro\/magazinonline\/wp-json\/wp\/v2\/product"}],"about":[{"href":"https:\/\/eurotech-iasi.ro\/magazinonline\/wp-json\/wp\/v2\/types\/product"}],"replies":[{"embeddable":true,"href":"https:\/\/eurotech-iasi.ro\/magazinonline\/wp-json\/wp\/v2\/comments?post=13470"}],"wp:featuredmedia":[{"embeddable":true,"href":"https:\/\/eurotech-iasi.ro\/magazinonline\/wp-json\/wp\/v2\/media\/100693"}],"wp:attachment":[{"href":"https:\/\/eurotech-iasi.ro\/magazinonline\/wp-json\/wp\/v2\/media?parent=13470"}],"wp:term":[{"taxonomy":"product_cat","embeddable":true,"href":"https:\/\/eurotech-iasi.ro\/magazinonline\/wp-json\/wp\/v2\/product_cat?post=13470"},{"taxonomy":"product_tag","embeddable":true,"href":"https:\/\/eurotech-iasi.ro\/magazinonline\/wp-json\/wp\/v2\/product_tag?post=13470"},{"taxonomy":"woo-feed-brand","embeddable":true,"href":"https:\/\/eurotech-iasi.ro\/magazinonline\/wp-json\/wp\/v2\/woo-feed-brand?post=13470"}],"curies":[{"name":"wp","href":"https:\/\/api.w.org\/{rel}","templated":true}]}}