{"id":14353,"date":"2019-03-07T15:36:02","date_gmt":"2019-03-07T13:36:02","guid":{"rendered":"https:\/\/eurotech-iasi.ro\/magazinonline\/?post_type=product&#038;p=14353"},"modified":"2025-04-02T13:12:01","modified_gmt":"2025-04-02T10:12:01","slug":"masina-de-insurubat-fara-impact-makita-fs4000","status":"publish","type":"product","link":"https:\/\/eurotech-iasi.ro\/magazinonline\/produs\/masina-de-insurubat-fara-impact-makita-fs4000\/","title":{"rendered":"Masina de insurubat fara impact MAKITA FS4000"},"content":{"rendered":"<div class=\"wpb-content-wrapper\"><p>[vc_row][vc_column][vc_column_text]<strong>Masina de insurubat fara impact MAKITA FS4000<\/strong>, dotata cu motor de 570 W, se manevreaza foarte usor. Maner ergonomic cu suprafata cauciucata ceea ce-i confera control si confort sporit. Agatatoare practica ce ofera multa libertate de miscare. Limitator de adancime detasabil. Schimbare rapida a accesoriilor cu ajutorul suportului magnetic. Control electronic al turatie pentru precizie sporita la lucru. Grila de ventilare este conceputa astfel incat aerul eliminat sa nu ridice praful si impuritatile de pe suprafata de lucru.[\/vc_column_text][\/vc_column][\/vc_row]<\/p>\n<p>&nbsp;<\/p>\n<\/div>","protected":false},"excerpt":{"rendered":"<p><strong>Masina de insurubat fara impact MAKITA FS4000<\/strong>, dedicata activitatilor casnice cu intensitate medie sau scazuta.<\/p>\n<p>Cod produs: FS4000<\/p>\n","protected":false},"featured_media":14354,"comment_status":"open","ping_status":"closed","template":"","meta":{"_acf_changed":false},"product_cat":[6378,4306],"product_tag":[4943,4942,4941],"woo-feed-brand":[],"class_list":{"0":"post-14353","1":"product","2":"type-product","3":"status-publish","4":"has-post-thumbnail","6":"product_brand-makita","7":"product_cat-masini-de-gaurit-si-insurubat-scule-electrice","8":"product_cat-scule-electrice","9":"product_tag-makita-fs4000","10":"product_tag-masina-de-insurubat-fara-impact-makita","11":"product_tag-masina-de-insurubat-fara-impact-makita-fs4000","12":"pa_brand-makita","13":"pa_dimensiuni-269x65x207-mm","14":"pa_greutate-13-kg","15":"pa_nivel-vibratii-25-m-s2","16":"pa_nivel-zgomot-93-db","17":"pa_putere-motor-570-w","18":"pa_turatie-de-mers-in-gol-4-000-rpm","20":"first","21":"instock","22":"purchasable","23":"product-type-simple"},"acf":[],"yoast_head":"<!-- This site is optimized with the Yoast SEO plugin v27.5 - https:\/\/yoast.com\/product\/yoast-seo-wordpress\/ -->\n<title>Masina de insurubat fara impact MAKITA FS4000 - Eurotech Iasi<\/title>\n<meta name=\"description\" content=\"Ma\u0219in\u0103 de \u00een\u0219urubat f\u0103r\u0103 impact MAKITA FS4000, cu motor de 570 W, este dedicat\u0103 activit\u0103\u021bilor casnice cu intensitate medie sau sc\u0103zut\u0103.\" \/>\n<meta name=\"robots\" content=\"index, follow, max-snippet:-1, max-image-preview:large, max-video-preview:-1\" \/>\n<link rel=\"canonical\" href=\"https:\/\/eurotech-iasi.ro\/magazinonline\/produs\/masina-de-insurubat-fara-impact-makita-fs4000\/\" \/>\n<meta property=\"og:locale\" content=\"ro_RO\" \/>\n<meta property=\"og:type\" content=\"article\" \/>\n<meta property=\"og:title\" content=\"Masina de insurubat fara impact MAKITA FS4000 - Eurotech Iasi\" \/>\n<meta property=\"og:description\" content=\"Ma\u0219in\u0103 de \u00een\u0219urubat f\u0103r\u0103 impact MAKITA FS4000, cu motor de 570 W, este dedicat\u0103 activit\u0103\u021bilor casnice cu intensitate medie sau sc\u0103zut\u0103.\" \/>\n<meta property=\"og:url\" content=\"https:\/\/eurotech-iasi.ro\/magazinonline\/produs\/masina-de-insurubat-fara-impact-makita-fs4000\/\" \/>\n<meta property=\"og:site_name\" content=\"Eurotech Iasi\" \/>\n<meta property=\"article:publisher\" content=\"https:\/\/www.facebook.com\/EurotechIasi\/\" \/>\n<meta property=\"article:modified_time\" content=\"2025-04-02T10:12:01+00:00\" \/>\n<meta property=\"og:image\" content=\"https:\/\/eurotech-iasi.ro\/magazinonline\/wp-content\/uploads\/2019\/03\/Ma\u0219in\u0103-de-\u00een\u0219urubat-f\u0103r\u0103-impact-MAKITA-FS4000.jpg\" \/>\n\t<meta property=\"og:image:width\" content=\"710\" \/>\n\t<meta property=\"og:image:height\" content=\"710\" \/>\n\t<meta property=\"og:image:type\" content=\"image\/jpeg\" \/>\n<script type=\"application\/ld+json\" class=\"yoast-schema-graph\">{\"@context\":\"https:\\\/\\\/schema.org\",\"@graph\":[{\"@type\":\"WebPage\",\"@id\":\"https:\\\/\\\/eurotech-iasi.ro\\\/magazinonline\\\/produs\\\/masina-de-insurubat-fara-impact-makita-fs4000\\\/\",\"url\":\"https:\\\/\\\/eurotech-iasi.ro\\\/magazinonline\\\/produs\\\/masina-de-insurubat-fara-impact-makita-fs4000\\\/\",\"name\":\"Masina de insurubat fara impact MAKITA FS4000 - Eurotech Iasi\",\"isPartOf\":{\"@id\":\"https:\\\/\\\/eurotech-iasi.ro\\\/magazinonline\\\/#website\"},\"primaryImageOfPage\":{\"@id\":\"https:\\\/\\\/eurotech-iasi.ro\\\/magazinonline\\\/produs\\\/masina-de-insurubat-fara-impact-makita-fs4000\\\/#primaryimage\"},\"image\":{\"@id\":\"https:\\\/\\\/eurotech-iasi.ro\\\/magazinonline\\\/produs\\\/masina-de-insurubat-fara-impact-makita-fs4000\\\/#primaryimage\"},\"thumbnailUrl\":\"https:\\\/\\\/eurotech-iasi.ro\\\/magazinonline\\\/wp-content\\\/uploads\\\/2019\\\/03\\\/Ma\u0219in\u0103-de-\u00een\u0219urubat-f\u0103r\u0103-impact-MAKITA-FS4000.jpg\",\"datePublished\":\"2019-03-07T13:36:02+00:00\",\"dateModified\":\"2025-04-02T10:12:01+00:00\",\"description\":\"Ma\u0219in\u0103 de \u00een\u0219urubat f\u0103r\u0103 impact MAKITA FS4000, cu motor de 570 W, este dedicat\u0103 activit\u0103\u021bilor casnice cu intensitate medie sau sc\u0103zut\u0103.\",\"breadcrumb\":{\"@id\":\"https:\\\/\\\/eurotech-iasi.ro\\\/magazinonline\\\/produs\\\/masina-de-insurubat-fara-impact-makita-fs4000\\\/#breadcrumb\"},\"inLanguage\":\"ro-RO\",\"potentialAction\":[{\"@type\":\"ReadAction\",\"target\":[\"https:\\\/\\\/eurotech-iasi.ro\\\/magazinonline\\\/produs\\\/masina-de-insurubat-fara-impact-makita-fs4000\\\/\"]}]},{\"@type\":\"ImageObject\",\"inLanguage\":\"ro-RO\",\"@id\":\"https:\\\/\\\/eurotech-iasi.ro\\\/magazinonline\\\/produs\\\/masina-de-insurubat-fara-impact-makita-fs4000\\\/#primaryimage\",\"url\":\"https:\\\/\\\/eurotech-iasi.ro\\\/magazinonline\\\/wp-content\\\/uploads\\\/2019\\\/03\\\/Ma\u0219in\u0103-de-\u00een\u0219urubat-f\u0103r\u0103-impact-MAKITA-FS4000.jpg\",\"contentUrl\":\"https:\\\/\\\/eurotech-iasi.ro\\\/magazinonline\\\/wp-content\\\/uploads\\\/2019\\\/03\\\/Ma\u0219in\u0103-de-\u00een\u0219urubat-f\u0103r\u0103-impact-MAKITA-FS4000.jpg\",\"width\":710,\"height\":710},{\"@type\":\"BreadcrumbList\",\"@id\":\"https:\\\/\\\/eurotech-iasi.ro\\\/magazinonline\\\/produs\\\/masina-de-insurubat-fara-impact-makita-fs4000\\\/#breadcrumb\",\"itemListElement\":[{\"@type\":\"ListItem\",\"position\":1,\"name\":\"Prima pagin\u0103\",\"item\":\"https:\\\/\\\/eurotech-iasi.ro\\\/magazinonline\\\/\"},{\"@type\":\"ListItem\",\"position\":2,\"name\":\"Shop\",\"item\":\"https:\\\/\\\/eurotech-iasi.ro\\\/magazinonline\\\/shop\\\/\"},{\"@type\":\"ListItem\",\"position\":3,\"name\":\"Masina de insurubat fara impact MAKITA FS4000\"}]},{\"@type\":\"WebSite\",\"@id\":\"https:\\\/\\\/eurotech-iasi.ro\\\/magazinonline\\\/#website\",\"url\":\"https:\\\/\\\/eurotech-iasi.ro\\\/magazinonline\\\/\",\"name\":\"Eurotech Iasi\",\"description\":\"Cu oameni seriosi\",\"publisher\":{\"@id\":\"https:\\\/\\\/eurotech-iasi.ro\\\/magazinonline\\\/#organization\"},\"potentialAction\":[{\"@type\":\"SearchAction\",\"target\":{\"@type\":\"EntryPoint\",\"urlTemplate\":\"https:\\\/\\\/eurotech-iasi.ro\\\/magazinonline\\\/?s={search_term_string}\"},\"query-input\":{\"@type\":\"PropertyValueSpecification\",\"valueRequired\":true,\"valueName\":\"search_term_string\"}}],\"inLanguage\":\"ro-RO\"},{\"@type\":\"Organization\",\"@id\":\"https:\\\/\\\/eurotech-iasi.ro\\\/magazinonline\\\/#organization\",\"name\":\"Eurotech Iasi\",\"url\":\"https:\\\/\\\/eurotech-iasi.ro\\\/magazinonline\\\/\",\"logo\":{\"@type\":\"ImageObject\",\"inLanguage\":\"ro-RO\",\"@id\":\"https:\\\/\\\/eurotech-iasi.ro\\\/magazinonline\\\/#\\\/schema\\\/logo\\\/image\\\/\",\"url\":\"https:\\\/\\\/eurotech-iasi.ro\\\/magazinonline\\\/wp-content\\\/uploads\\\/2020\\\/08\\\/logo-eurotech.png\",\"contentUrl\":\"https:\\\/\\\/eurotech-iasi.ro\\\/magazinonline\\\/wp-content\\\/uploads\\\/2020\\\/08\\\/logo-eurotech.png\",\"width\":290,\"height\":70,\"caption\":\"Eurotech Iasi\"},\"image\":{\"@id\":\"https:\\\/\\\/eurotech-iasi.ro\\\/magazinonline\\\/#\\\/schema\\\/logo\\\/image\\\/\"},\"sameAs\":[\"https:\\\/\\\/www.facebook.com\\\/EurotechIasi\\\/\"]}]}<\/script>\n<!-- \/ Yoast SEO plugin. -->","yoast_head_json":{"title":"Masina de insurubat fara impact MAKITA FS4000 - Eurotech Iasi","description":"Ma\u0219in\u0103 de \u00een\u0219urubat f\u0103r\u0103 impact MAKITA FS4000, cu motor de 570 W, este dedicat\u0103 activit\u0103\u021bilor casnice cu intensitate medie sau sc\u0103zut\u0103.","robots":{"index":"index","follow":"follow","max-snippet":"max-snippet:-1","max-image-preview":"max-image-preview:large","max-video-preview":"max-video-preview:-1"},"canonical":"https:\/\/eurotech-iasi.ro\/magazinonline\/produs\/masina-de-insurubat-fara-impact-makita-fs4000\/","og_locale":"ro_RO","og_type":"article","og_title":"Masina de insurubat fara impact MAKITA FS4000 - Eurotech Iasi","og_description":"Ma\u0219in\u0103 de \u00een\u0219urubat f\u0103r\u0103 impact MAKITA FS4000, cu motor de 570 W, este dedicat\u0103 activit\u0103\u021bilor casnice cu intensitate medie sau sc\u0103zut\u0103.","og_url":"https:\/\/eurotech-iasi.ro\/magazinonline\/produs\/masina-de-insurubat-fara-impact-makita-fs4000\/","og_site_name":"Eurotech Iasi","article_publisher":"https:\/\/www.facebook.com\/EurotechIasi\/","article_modified_time":"2025-04-02T10:12:01+00:00","og_image":[{"width":710,"height":710,"url":"https:\/\/eurotech-iasi.ro\/magazinonline\/wp-content\/uploads\/2019\/03\/Ma\u0219in\u0103-de-\u00een\u0219urubat-f\u0103r\u0103-impact-MAKITA-FS4000.jpg","type":"image\/jpeg"}],"schema":{"@context":"https:\/\/schema.org","@graph":[{"@type":"WebPage","@id":"https:\/\/eurotech-iasi.ro\/magazinonline\/produs\/masina-de-insurubat-fara-impact-makita-fs4000\/","url":"https:\/\/eurotech-iasi.ro\/magazinonline\/produs\/masina-de-insurubat-fara-impact-makita-fs4000\/","name":"Masina de insurubat fara impact MAKITA FS4000 - Eurotech Iasi","isPartOf":{"@id":"https:\/\/eurotech-iasi.ro\/magazinonline\/#website"},"primaryImageOfPage":{"@id":"https:\/\/eurotech-iasi.ro\/magazinonline\/produs\/masina-de-insurubat-fara-impact-makita-fs4000\/#primaryimage"},"image":{"@id":"https:\/\/eurotech-iasi.ro\/magazinonline\/produs\/masina-de-insurubat-fara-impact-makita-fs4000\/#primaryimage"},"thumbnailUrl":"https:\/\/eurotech-iasi.ro\/magazinonline\/wp-content\/uploads\/2019\/03\/Ma\u0219in\u0103-de-\u00een\u0219urubat-f\u0103r\u0103-impact-MAKITA-FS4000.jpg","datePublished":"2019-03-07T13:36:02+00:00","dateModified":"2025-04-02T10:12:01+00:00","description":"Ma\u0219in\u0103 de \u00een\u0219urubat f\u0103r\u0103 impact MAKITA FS4000, cu motor de 570 W, este dedicat\u0103 activit\u0103\u021bilor casnice cu intensitate medie sau sc\u0103zut\u0103.","breadcrumb":{"@id":"https:\/\/eurotech-iasi.ro\/magazinonline\/produs\/masina-de-insurubat-fara-impact-makita-fs4000\/#breadcrumb"},"inLanguage":"ro-RO","potentialAction":[{"@type":"ReadAction","target":["https:\/\/eurotech-iasi.ro\/magazinonline\/produs\/masina-de-insurubat-fara-impact-makita-fs4000\/"]}]},{"@type":"ImageObject","inLanguage":"ro-RO","@id":"https:\/\/eurotech-iasi.ro\/magazinonline\/produs\/masina-de-insurubat-fara-impact-makita-fs4000\/#primaryimage","url":"https:\/\/eurotech-iasi.ro\/magazinonline\/wp-content\/uploads\/2019\/03\/Ma\u0219in\u0103-de-\u00een\u0219urubat-f\u0103r\u0103-impact-MAKITA-FS4000.jpg","contentUrl":"https:\/\/eurotech-iasi.ro\/magazinonline\/wp-content\/uploads\/2019\/03\/Ma\u0219in\u0103-de-\u00een\u0219urubat-f\u0103r\u0103-impact-MAKITA-FS4000.jpg","width":710,"height":710},{"@type":"BreadcrumbList","@id":"https:\/\/eurotech-iasi.ro\/magazinonline\/produs\/masina-de-insurubat-fara-impact-makita-fs4000\/#breadcrumb","itemListElement":[{"@type":"ListItem","position":1,"name":"Prima pagin\u0103","item":"https:\/\/eurotech-iasi.ro\/magazinonline\/"},{"@type":"ListItem","position":2,"name":"Shop","item":"https:\/\/eurotech-iasi.ro\/magazinonline\/shop\/"},{"@type":"ListItem","position":3,"name":"Masina de insurubat fara impact MAKITA FS4000"}]},{"@type":"WebSite","@id":"https:\/\/eurotech-iasi.ro\/magazinonline\/#website","url":"https:\/\/eurotech-iasi.ro\/magazinonline\/","name":"Eurotech Iasi","description":"Cu oameni seriosi","publisher":{"@id":"https:\/\/eurotech-iasi.ro\/magazinonline\/#organization"},"potentialAction":[{"@type":"SearchAction","target":{"@type":"EntryPoint","urlTemplate":"https:\/\/eurotech-iasi.ro\/magazinonline\/?s={search_term_string}"},"query-input":{"@type":"PropertyValueSpecification","valueRequired":true,"valueName":"search_term_string"}}],"inLanguage":"ro-RO"},{"@type":"Organization","@id":"https:\/\/eurotech-iasi.ro\/magazinonline\/#organization","name":"Eurotech Iasi","url":"https:\/\/eurotech-iasi.ro\/magazinonline\/","logo":{"@type":"ImageObject","inLanguage":"ro-RO","@id":"https:\/\/eurotech-iasi.ro\/magazinonline\/#\/schema\/logo\/image\/","url":"https:\/\/eurotech-iasi.ro\/magazinonline\/wp-content\/uploads\/2020\/08\/logo-eurotech.png","contentUrl":"https:\/\/eurotech-iasi.ro\/magazinonline\/wp-content\/uploads\/2020\/08\/logo-eurotech.png","width":290,"height":70,"caption":"Eurotech Iasi"},"image":{"@id":"https:\/\/eurotech-iasi.ro\/magazinonline\/#\/schema\/logo\/image\/"},"sameAs":["https:\/\/www.facebook.com\/EurotechIasi\/"]}]}},"_links":{"self":[{"href":"https:\/\/eurotech-iasi.ro\/magazinonline\/wp-json\/wp\/v2\/product\/14353","targetHints":{"allow":["GET"]}}],"collection":[{"href":"https:\/\/eurotech-iasi.ro\/magazinonline\/wp-json\/wp\/v2\/product"}],"about":[{"href":"https:\/\/eurotech-iasi.ro\/magazinonline\/wp-json\/wp\/v2\/types\/product"}],"replies":[{"embeddable":true,"href":"https:\/\/eurotech-iasi.ro\/magazinonline\/wp-json\/wp\/v2\/comments?post=14353"}],"wp:featuredmedia":[{"embeddable":true,"href":"https:\/\/eurotech-iasi.ro\/magazinonline\/wp-json\/wp\/v2\/media\/14354"}],"wp:attachment":[{"href":"https:\/\/eurotech-iasi.ro\/magazinonline\/wp-json\/wp\/v2\/media?parent=14353"}],"wp:term":[{"taxonomy":"product_cat","embeddable":true,"href":"https:\/\/eurotech-iasi.ro\/magazinonline\/wp-json\/wp\/v2\/product_cat?post=14353"},{"taxonomy":"product_tag","embeddable":true,"href":"https:\/\/eurotech-iasi.ro\/magazinonline\/wp-json\/wp\/v2\/product_tag?post=14353"},{"taxonomy":"woo-feed-brand","embeddable":true,"href":"https:\/\/eurotech-iasi.ro\/magazinonline\/wp-json\/wp\/v2\/woo-feed-brand?post=14353"}],"curies":[{"name":"wp","href":"https:\/\/api.w.org\/{rel}","templated":true}]}}