{"id":14433,"date":"2019-03-11T10:02:35","date_gmt":"2019-03-11T08:02:35","guid":{"rendered":"https:\/\/eurotech-iasi.ro\/magazinonline\/?post_type=product&#038;p=14433"},"modified":"2025-02-05T12:00:37","modified_gmt":"2025-02-05T10:00:37","slug":"motosapa-medialine-ms-7500-cf-basic","status":"publish","type":"product","link":"https:\/\/eurotech-iasi.ro\/magazinonline\/produs\/motosapa-medialine-ms-7500-cf-basic\/","title":{"rendered":"Motosapa MEDIALINE MS 7500 CF BASIC"},"content":{"rendered":"<p><strong>Motosapa MEDIALINE MS 7500 CF<\/strong>\u00a0este utilizat\u0103 pentru <strong>m\u0103run\u021birea p\u0103m\u00e2ntului<\/strong> dar \u0219i pentru a <strong>ara terenul moale<\/strong>.<\/p>\n<h2>Avantaje &#8211; Motosapa MEDIALINE MS 7500 CF:<\/h2>\n<ul>\n<li>-schimbator de viteze cu cablu, pentru schimbarea mai usoara a vitezelor<\/li>\n<li>-maneta rapida de schimbare a pozitiei ghidonului pe orizontala<\/li>\n<li>-filtru de aer in baia de ulei<\/li>\n<li>-transmisie cu ambreaj si cutie de viteze din fonta cu roti dintate in baia de ulei<\/li>\n<li>-24 cutite si 2 discuri laterale durabile cu o latime de lucru reglabila pana la 80 cm<\/li>\n<li>-maneta de ambreajprotectie impotriva pornirii accidentale conform normei EN 709<\/li>\n<li>-ghidon cu reglaj orizontal si vertical<\/li>\n<li>-toba de esapament cu protectie suplimentara conform normei EN709<\/li>\n<li>-motor puternic 7 CP<\/li>\n<li>-sistem transport roti\/freze cu picior de sprijin pentru stationare<\/li>\n<li>-aparatori cu grosimea tablei de 2 mm conform normei EN709<\/li>\n<\/ul>\n<p><strong>DATE TEHNICE:<\/strong><\/p>\n<ul>\n<li>Putere max. motor: 7,0 CP<\/li>\n<li>Tip motor: 4 timpi, 1 cilindru, r\u0103cire cu aer, arbore orizontal<\/li>\n<li>Cilindree: 208 cm3<\/li>\n<li>Alezaj x curs\u0103: 70 x 55 mm<\/li>\n<li>Compresie: 8,5 : 1<\/li>\n<li>Combustibil: benzin\u0103 f\u0103r\u0103 plumb<\/li>\n<li>Capacitate rezervor: 3,6 l<\/li>\n<li>Filtru de aer: \u00een baie de ulei<\/li>\n<li>Bobin\u0103 aprindere: tranzistorizat\u0103<\/li>\n<li>Pornire: demaror mecanic<\/li>\n<li>Consum: 1,8 l\/h la puterea nominal\u0103 (la 3600 rpm)<\/li>\n<li>Cutia de viteze: 3 viteze (2 \u00eenainte: 4.7 km\/h \/ 6.5 km\/h + 1 \u00eenapoi 3.5 km\/h)<\/li>\n<li>Transmisie: ambreiaj \u00een baie de ulei si cutie de viteze din font\u0103 cu roti din\u021bate<\/li>\n<li>Ghidonul: reglabil \u00een \u00een\u0103l\u0163ime \u0219i \u00een lateral cu manete pe ghidon pentru ac\u021bionare rapid\u0103<\/li>\n<li>Diametru frez\u0103: 350 mm<\/li>\n<li>L\u0103\u021bime de lucru: reglabil\u0103 50 &#8211; 80 cm<\/li>\n<li>Ad\u00e2ncime de lucru: 285 mm<\/li>\n<li>Num\u0103r cu\u021bite: 24<\/li>\n<li>Tip cu\u021bite: elicoidale cu grosime de 5mm \u0219i l\u0103\u021bime de 40 mm<\/li>\n<li>Mas\u0103 net\u0103: 79 kg<\/li>\n<\/ul>\n<p><strong>Dotare standard:<\/strong><\/p>\n<p><a href=\"https:\/\/eurotech-iasi.ro\/magazinonline\/wp-content\/uploads\/2020\/03\/dotare-standard-motosapa.png\"><img loading=\"lazy\" decoding=\"async\" class=\" wp-image-108384 alignleft\" src=\"https:\/\/eurotech-iasi.ro\/magazinonline\/wp-content\/uploads\/2020\/03\/dotare-standard-motosapa.png\" alt=\"\" width=\"536\" height=\"295\" srcset=\"https:\/\/eurotech-iasi.ro\/magazinonline\/wp-content\/uploads\/2020\/03\/dotare-standard-motosapa.png 1000w, https:\/\/eurotech-iasi.ro\/magazinonline\/wp-content\/uploads\/2020\/03\/dotare-standard-motosapa-300x165.png 300w, https:\/\/eurotech-iasi.ro\/magazinonline\/wp-content\/uploads\/2020\/03\/dotare-standard-motosapa-768x422.png 768w, https:\/\/eurotech-iasi.ro\/magazinonline\/wp-content\/uploads\/2020\/03\/dotare-standard-motosapa-600x330.png 600w\" sizes=\"auto, (max-width: 536px) 100vw, 536px\" \/><\/a><\/p>\n","protected":false},"excerpt":{"rendered":"<p><strong>Motosapa MEDIALINE MS 7500 CF BASIC<\/strong>, 7 CP, 2.9 l, 3 viteze (2 inainte + 1 inapoi) este excelent\u0103 pentru m\u0103run\u021birea p\u0103m\u00e2ntului moale.<\/p>\n<p><em><strong>Cod produs: MS7500CFBAS<\/strong><\/em><\/p>\n<p><span style=\"color: #ff0000;\"><em><strong>*Costul transportului va fi calculat\u00a0 si se va transmite la comanda ferma!<\/strong><\/em><\/span><\/p>\n<p>&nbsp;<\/p>\n","protected":false},"featured_media":108447,"comment_status":"open","ping_status":"closed","template":"","meta":{"_acf_changed":false},"product_cat":[4337,4370],"product_tag":[4986],"woo-feed-brand":[],"class_list":{"0":"post-14433","1":"product","2":"type-product","3":"status-publish","4":"has-post-thumbnail","6":"product_brand-medialine","7":"product_cat-gradinarit-agricultura","8":"product_cat-motosape","9":"product_tag-motosapa-medialine-ms-7500-cf-basic","10":"pa_brand-medialine","11":"pa_capacitate-cilindrica-208-cm","12":"pa_capacitate-rezervor-29-l","13":"pa_capacitate-rezervor-ulei-06-l","14":"pa_combustibil-benzina-2","15":"pa_consum-combustibil-1-l-h","16":"pa_dimensiuni-1640x1100x800-mm","17":"pa_greutate-79-kg","18":"pa_putere-motor-7-cp","19":"pa_tip-motor-4-timpi","21":"first","22":"outofstock","23":"purchasable","24":"product-type-simple"},"acf":[],"yoast_head":"<!-- This site is optimized with the Yoast SEO plugin v27.5 - https:\/\/yoast.com\/product\/yoast-seo-wordpress\/ -->\n<title>Motosapa MEDIALINE MS 7500 CF BASIC - Eurotech Iasi<\/title>\n<meta name=\"description\" content=\"Motosapa MEDIALINE MS 7500 CF BASIC, 7 CP, 2.9 l, 3 viteze (2 inainte + 1 inapoi), este excelent\u0103 pentru m\u0103run\u021birea p\u0103m\u00e2ntului moale.\" \/>\n<meta name=\"robots\" content=\"index, follow, max-snippet:-1, max-image-preview:large, max-video-preview:-1\" \/>\n<link rel=\"canonical\" href=\"https:\/\/eurotech-iasi.ro\/magazinonline\/produs\/motosapa-medialine-ms-7500-cf-basic\/\" \/>\n<meta property=\"og:locale\" content=\"ro_RO\" \/>\n<meta property=\"og:type\" content=\"article\" \/>\n<meta property=\"og:title\" content=\"Motosapa MEDIALINE MS 7500 CF BASIC - Eurotech Iasi\" \/>\n<meta property=\"og:description\" content=\"Motosapa MEDIALINE MS 7500 CF BASIC, 7 CP, 2.9 l, 3 viteze (2 inainte + 1 inapoi), este excelent\u0103 pentru m\u0103run\u021birea p\u0103m\u00e2ntului moale.\" \/>\n<meta property=\"og:url\" content=\"https:\/\/eurotech-iasi.ro\/magazinonline\/produs\/motosapa-medialine-ms-7500-cf-basic\/\" \/>\n<meta property=\"og:site_name\" content=\"Eurotech Iasi\" \/>\n<meta property=\"article:publisher\" content=\"https:\/\/www.facebook.com\/EurotechIasi\/\" \/>\n<meta property=\"article:modified_time\" content=\"2025-02-05T10:00:37+00:00\" \/>\n<meta property=\"og:image\" content=\"https:\/\/eurotech-iasi.ro\/magazinonline\/wp-content\/uploads\/2019\/03\/motosapa-agt-7500.png\" \/>\n\t<meta property=\"og:image:width\" content=\"750\" \/>\n\t<meta property=\"og:image:height\" content=\"750\" \/>\n\t<meta property=\"og:image:type\" content=\"image\/png\" \/>\n<meta name=\"twitter:label1\" content=\"Timp estimat pentru citire\" \/>\n\t<meta name=\"twitter:data1\" content=\"1 minut\" \/>\n<script type=\"application\/ld+json\" class=\"yoast-schema-graph\">{\"@context\":\"https:\\\/\\\/schema.org\",\"@graph\":[{\"@type\":\"WebPage\",\"@id\":\"https:\\\/\\\/eurotech-iasi.ro\\\/magazinonline\\\/produs\\\/motosapa-medialine-ms-7500-cf-basic\\\/\",\"url\":\"https:\\\/\\\/eurotech-iasi.ro\\\/magazinonline\\\/produs\\\/motosapa-medialine-ms-7500-cf-basic\\\/\",\"name\":\"Motosapa MEDIALINE MS 7500 CF BASIC - Eurotech Iasi\",\"isPartOf\":{\"@id\":\"https:\\\/\\\/eurotech-iasi.ro\\\/magazinonline\\\/#website\"},\"primaryImageOfPage\":{\"@id\":\"https:\\\/\\\/eurotech-iasi.ro\\\/magazinonline\\\/produs\\\/motosapa-medialine-ms-7500-cf-basic\\\/#primaryimage\"},\"image\":{\"@id\":\"https:\\\/\\\/eurotech-iasi.ro\\\/magazinonline\\\/produs\\\/motosapa-medialine-ms-7500-cf-basic\\\/#primaryimage\"},\"thumbnailUrl\":\"https:\\\/\\\/eurotech-iasi.ro\\\/magazinonline\\\/wp-content\\\/uploads\\\/2019\\\/03\\\/motosapa-agt-7500.png\",\"datePublished\":\"2019-03-11T08:02:35+00:00\",\"dateModified\":\"2025-02-05T10:00:37+00:00\",\"description\":\"Motosapa MEDIALINE MS 7500 CF BASIC, 7 CP, 2.9 l, 3 viteze (2 inainte + 1 inapoi), este excelent\u0103 pentru m\u0103run\u021birea p\u0103m\u00e2ntului moale.\",\"breadcrumb\":{\"@id\":\"https:\\\/\\\/eurotech-iasi.ro\\\/magazinonline\\\/produs\\\/motosapa-medialine-ms-7500-cf-basic\\\/#breadcrumb\"},\"inLanguage\":\"ro-RO\",\"potentialAction\":[{\"@type\":\"ReadAction\",\"target\":[\"https:\\\/\\\/eurotech-iasi.ro\\\/magazinonline\\\/produs\\\/motosapa-medialine-ms-7500-cf-basic\\\/\"]}]},{\"@type\":\"ImageObject\",\"inLanguage\":\"ro-RO\",\"@id\":\"https:\\\/\\\/eurotech-iasi.ro\\\/magazinonline\\\/produs\\\/motosapa-medialine-ms-7500-cf-basic\\\/#primaryimage\",\"url\":\"https:\\\/\\\/eurotech-iasi.ro\\\/magazinonline\\\/wp-content\\\/uploads\\\/2019\\\/03\\\/motosapa-agt-7500.png\",\"contentUrl\":\"https:\\\/\\\/eurotech-iasi.ro\\\/magazinonline\\\/wp-content\\\/uploads\\\/2019\\\/03\\\/motosapa-agt-7500.png\",\"width\":750,\"height\":750},{\"@type\":\"BreadcrumbList\",\"@id\":\"https:\\\/\\\/eurotech-iasi.ro\\\/magazinonline\\\/produs\\\/motosapa-medialine-ms-7500-cf-basic\\\/#breadcrumb\",\"itemListElement\":[{\"@type\":\"ListItem\",\"position\":1,\"name\":\"Prima pagin\u0103\",\"item\":\"https:\\\/\\\/eurotech-iasi.ro\\\/magazinonline\\\/\"},{\"@type\":\"ListItem\",\"position\":2,\"name\":\"Shop\",\"item\":\"https:\\\/\\\/eurotech-iasi.ro\\\/magazinonline\\\/shop\\\/\"},{\"@type\":\"ListItem\",\"position\":3,\"name\":\"Motosapa MEDIALINE MS 7500 CF BASIC\"}]},{\"@type\":\"WebSite\",\"@id\":\"https:\\\/\\\/eurotech-iasi.ro\\\/magazinonline\\\/#website\",\"url\":\"https:\\\/\\\/eurotech-iasi.ro\\\/magazinonline\\\/\",\"name\":\"Eurotech Iasi\",\"description\":\"Cu oameni seriosi\",\"publisher\":{\"@id\":\"https:\\\/\\\/eurotech-iasi.ro\\\/magazinonline\\\/#organization\"},\"potentialAction\":[{\"@type\":\"SearchAction\",\"target\":{\"@type\":\"EntryPoint\",\"urlTemplate\":\"https:\\\/\\\/eurotech-iasi.ro\\\/magazinonline\\\/?s={search_term_string}\"},\"query-input\":{\"@type\":\"PropertyValueSpecification\",\"valueRequired\":true,\"valueName\":\"search_term_string\"}}],\"inLanguage\":\"ro-RO\"},{\"@type\":\"Organization\",\"@id\":\"https:\\\/\\\/eurotech-iasi.ro\\\/magazinonline\\\/#organization\",\"name\":\"Eurotech Iasi\",\"url\":\"https:\\\/\\\/eurotech-iasi.ro\\\/magazinonline\\\/\",\"logo\":{\"@type\":\"ImageObject\",\"inLanguage\":\"ro-RO\",\"@id\":\"https:\\\/\\\/eurotech-iasi.ro\\\/magazinonline\\\/#\\\/schema\\\/logo\\\/image\\\/\",\"url\":\"https:\\\/\\\/eurotech-iasi.ro\\\/magazinonline\\\/wp-content\\\/uploads\\\/2020\\\/08\\\/logo-eurotech.png\",\"contentUrl\":\"https:\\\/\\\/eurotech-iasi.ro\\\/magazinonline\\\/wp-content\\\/uploads\\\/2020\\\/08\\\/logo-eurotech.png\",\"width\":290,\"height\":70,\"caption\":\"Eurotech Iasi\"},\"image\":{\"@id\":\"https:\\\/\\\/eurotech-iasi.ro\\\/magazinonline\\\/#\\\/schema\\\/logo\\\/image\\\/\"},\"sameAs\":[\"https:\\\/\\\/www.facebook.com\\\/EurotechIasi\\\/\"]}]}<\/script>\n<!-- \/ Yoast SEO plugin. -->","yoast_head_json":{"title":"Motosapa MEDIALINE MS 7500 CF BASIC - Eurotech Iasi","description":"Motosapa MEDIALINE MS 7500 CF BASIC, 7 CP, 2.9 l, 3 viteze (2 inainte + 1 inapoi), este excelent\u0103 pentru m\u0103run\u021birea p\u0103m\u00e2ntului moale.","robots":{"index":"index","follow":"follow","max-snippet":"max-snippet:-1","max-image-preview":"max-image-preview:large","max-video-preview":"max-video-preview:-1"},"canonical":"https:\/\/eurotech-iasi.ro\/magazinonline\/produs\/motosapa-medialine-ms-7500-cf-basic\/","og_locale":"ro_RO","og_type":"article","og_title":"Motosapa MEDIALINE MS 7500 CF BASIC - Eurotech Iasi","og_description":"Motosapa MEDIALINE MS 7500 CF BASIC, 7 CP, 2.9 l, 3 viteze (2 inainte + 1 inapoi), este excelent\u0103 pentru m\u0103run\u021birea p\u0103m\u00e2ntului moale.","og_url":"https:\/\/eurotech-iasi.ro\/magazinonline\/produs\/motosapa-medialine-ms-7500-cf-basic\/","og_site_name":"Eurotech Iasi","article_publisher":"https:\/\/www.facebook.com\/EurotechIasi\/","article_modified_time":"2025-02-05T10:00:37+00:00","og_image":[{"width":750,"height":750,"url":"https:\/\/eurotech-iasi.ro\/magazinonline\/wp-content\/uploads\/2019\/03\/motosapa-agt-7500.png","type":"image\/png"}],"twitter_misc":{"Timp estimat pentru citire":"1 minut"},"schema":{"@context":"https:\/\/schema.org","@graph":[{"@type":"WebPage","@id":"https:\/\/eurotech-iasi.ro\/magazinonline\/produs\/motosapa-medialine-ms-7500-cf-basic\/","url":"https:\/\/eurotech-iasi.ro\/magazinonline\/produs\/motosapa-medialine-ms-7500-cf-basic\/","name":"Motosapa MEDIALINE MS 7500 CF BASIC - Eurotech Iasi","isPartOf":{"@id":"https:\/\/eurotech-iasi.ro\/magazinonline\/#website"},"primaryImageOfPage":{"@id":"https:\/\/eurotech-iasi.ro\/magazinonline\/produs\/motosapa-medialine-ms-7500-cf-basic\/#primaryimage"},"image":{"@id":"https:\/\/eurotech-iasi.ro\/magazinonline\/produs\/motosapa-medialine-ms-7500-cf-basic\/#primaryimage"},"thumbnailUrl":"https:\/\/eurotech-iasi.ro\/magazinonline\/wp-content\/uploads\/2019\/03\/motosapa-agt-7500.png","datePublished":"2019-03-11T08:02:35+00:00","dateModified":"2025-02-05T10:00:37+00:00","description":"Motosapa MEDIALINE MS 7500 CF BASIC, 7 CP, 2.9 l, 3 viteze (2 inainte + 1 inapoi), este excelent\u0103 pentru m\u0103run\u021birea p\u0103m\u00e2ntului moale.","breadcrumb":{"@id":"https:\/\/eurotech-iasi.ro\/magazinonline\/produs\/motosapa-medialine-ms-7500-cf-basic\/#breadcrumb"},"inLanguage":"ro-RO","potentialAction":[{"@type":"ReadAction","target":["https:\/\/eurotech-iasi.ro\/magazinonline\/produs\/motosapa-medialine-ms-7500-cf-basic\/"]}]},{"@type":"ImageObject","inLanguage":"ro-RO","@id":"https:\/\/eurotech-iasi.ro\/magazinonline\/produs\/motosapa-medialine-ms-7500-cf-basic\/#primaryimage","url":"https:\/\/eurotech-iasi.ro\/magazinonline\/wp-content\/uploads\/2019\/03\/motosapa-agt-7500.png","contentUrl":"https:\/\/eurotech-iasi.ro\/magazinonline\/wp-content\/uploads\/2019\/03\/motosapa-agt-7500.png","width":750,"height":750},{"@type":"BreadcrumbList","@id":"https:\/\/eurotech-iasi.ro\/magazinonline\/produs\/motosapa-medialine-ms-7500-cf-basic\/#breadcrumb","itemListElement":[{"@type":"ListItem","position":1,"name":"Prima pagin\u0103","item":"https:\/\/eurotech-iasi.ro\/magazinonline\/"},{"@type":"ListItem","position":2,"name":"Shop","item":"https:\/\/eurotech-iasi.ro\/magazinonline\/shop\/"},{"@type":"ListItem","position":3,"name":"Motosapa MEDIALINE MS 7500 CF BASIC"}]},{"@type":"WebSite","@id":"https:\/\/eurotech-iasi.ro\/magazinonline\/#website","url":"https:\/\/eurotech-iasi.ro\/magazinonline\/","name":"Eurotech Iasi","description":"Cu oameni seriosi","publisher":{"@id":"https:\/\/eurotech-iasi.ro\/magazinonline\/#organization"},"potentialAction":[{"@type":"SearchAction","target":{"@type":"EntryPoint","urlTemplate":"https:\/\/eurotech-iasi.ro\/magazinonline\/?s={search_term_string}"},"query-input":{"@type":"PropertyValueSpecification","valueRequired":true,"valueName":"search_term_string"}}],"inLanguage":"ro-RO"},{"@type":"Organization","@id":"https:\/\/eurotech-iasi.ro\/magazinonline\/#organization","name":"Eurotech Iasi","url":"https:\/\/eurotech-iasi.ro\/magazinonline\/","logo":{"@type":"ImageObject","inLanguage":"ro-RO","@id":"https:\/\/eurotech-iasi.ro\/magazinonline\/#\/schema\/logo\/image\/","url":"https:\/\/eurotech-iasi.ro\/magazinonline\/wp-content\/uploads\/2020\/08\/logo-eurotech.png","contentUrl":"https:\/\/eurotech-iasi.ro\/magazinonline\/wp-content\/uploads\/2020\/08\/logo-eurotech.png","width":290,"height":70,"caption":"Eurotech Iasi"},"image":{"@id":"https:\/\/eurotech-iasi.ro\/magazinonline\/#\/schema\/logo\/image\/"},"sameAs":["https:\/\/www.facebook.com\/EurotechIasi\/"]}]}},"_links":{"self":[{"href":"https:\/\/eurotech-iasi.ro\/magazinonline\/wp-json\/wp\/v2\/product\/14433","targetHints":{"allow":["GET"]}}],"collection":[{"href":"https:\/\/eurotech-iasi.ro\/magazinonline\/wp-json\/wp\/v2\/product"}],"about":[{"href":"https:\/\/eurotech-iasi.ro\/magazinonline\/wp-json\/wp\/v2\/types\/product"}],"replies":[{"embeddable":true,"href":"https:\/\/eurotech-iasi.ro\/magazinonline\/wp-json\/wp\/v2\/comments?post=14433"}],"wp:featuredmedia":[{"embeddable":true,"href":"https:\/\/eurotech-iasi.ro\/magazinonline\/wp-json\/wp\/v2\/media\/108447"}],"wp:attachment":[{"href":"https:\/\/eurotech-iasi.ro\/magazinonline\/wp-json\/wp\/v2\/media?parent=14433"}],"wp:term":[{"taxonomy":"product_cat","embeddable":true,"href":"https:\/\/eurotech-iasi.ro\/magazinonline\/wp-json\/wp\/v2\/product_cat?post=14433"},{"taxonomy":"product_tag","embeddable":true,"href":"https:\/\/eurotech-iasi.ro\/magazinonline\/wp-json\/wp\/v2\/product_tag?post=14433"},{"taxonomy":"woo-feed-brand","embeddable":true,"href":"https:\/\/eurotech-iasi.ro\/magazinonline\/wp-json\/wp\/v2\/woo-feed-brand?post=14433"}],"curies":[{"name":"wp","href":"https:\/\/api.w.org\/{rel}","templated":true}]}}