{"id":15293,"date":"2019-04-03T12:59:08","date_gmt":"2019-04-03T09:59:08","guid":{"rendered":"https:\/\/eurotech-iasi.ro\/magazinonline\/?post_type=product&#038;p=15293"},"modified":"2025-04-02T13:00:03","modified_gmt":"2025-04-02T10:00:03","slug":"polizor-unghiular-makita-9565cvr","status":"publish","type":"product","link":"https:\/\/eurotech-iasi.ro\/magazinonline\/produs\/polizor-unghiular-makita-9565cvr\/","title":{"rendered":"Polizor unghiular Makita 9565CVR"},"content":{"rendered":"<p>Acest <strong>polizor unghiular Makita 9565CVR<\/strong> are o putere de absorbtie de <strong>1.400 W<\/strong>. Polizorul este dotat cu un amortizor de torsiune de tip nou (<strong>SJS<\/strong>). Cu ajutorul acestuia se evita reculurile si permite o pornire fara socuri. Masina permite o incarcare maxima datoria acoperirii brevetate in zig-zag a rotorului si izolatia imbunatatita a statorului. La aceasta mai gasim si perii de tip nou, cu deconectare, in suport brevetat.<\/p>\n<p>Polizorul este usor de manevrat datorita carcasei reductului dotat cu aparatoare amovibila din plastic. Acest <strong>polizor unghiular Makita 9565CVR<\/strong> detine un sistem de blocare a arborelui. Turatia se mentine constanta la incarcare datorita unui reglaj electronic. Datorita unei constructii tip labirint se realizeaza protectia impotriva prafului.<\/p>\n<div class=\"article_tab\">\n<div id=\"tab_content_1\" class=\"article_tab_item_content mobile_hide portrait_show\">\n<div class=\"product-usps-container\">\n<h4>BENEFICII UTILIZATOR:<\/h4>\n<div class=\"usp-container\">\n<ul>\n<li class=\"usp\">SJS: Sistem de absorb\u021bie a vibra\u021biilor \u0219i de eliminare a \u0219ocurilor \u00een timpul lucrului.<\/li>\n<li class=\"usp\">Pentru protec\u021bia ma\u0219inii \u0219i a re\u021belei electrice, func\u021bia Soft Start permite pornirea lent\u0103 a ma\u0219inii.<\/li>\n<li class=\"usp\">Ap\u0103r\u0103toarea discului poate fi reglat\u0103 rapid, f\u0103r\u0103 accesorii adi\u021bionale.<\/li>\n<li class=\"usp\">Protec\u0163ie \u00eempotriva prafului prin construc\u0163ia tip labirint.<\/li>\n<li class=\"usp\">Controlul electronic al tura\u021biei permite selectarea vitezei optime de lucru.<\/li>\n<\/ul>\n<\/div>\n<\/div>\n<div class=\"product-logos\">\n<div class=\"product-logos-item\">\n<div class=\"product-logos-item-image\"><\/div>\n<\/div>\n<\/div>\n<div class=\"standard_ac_info_inside_img col span_12_of_12\">\n<div class=\"standard-accessories\">\n<h4>ACCESORII STANDARD<\/h4>\n<div class=\"standard_ac_item_holder standard-accessories-container\">\n<div class=\"standard_ac_item standard-accessories-item\" data-artikelid=\"123098-1\">\n<div class=\"standard-accessories-item-image\"><a title=\"123098-1 - Ap\u0103r\u0103toare disc\" href=\"https:\/\/www.makita.ro\/product\/123098-1.html\"><img loading=\"lazy\" decoding=\"async\" class=\"\" title=\"123098-1 - Ap\u0103r\u0103toare disc\" src=\"https:\/\/ro.makitamedia.com\/images\/1_Makita\/102_accessories\/10208_PNG_Web\/123098-1.png\" alt=\"123098-1 - Ap\u0103r\u0103toare disc\" width=\"113\" height=\"113\" \/><\/a><\/div>\n<div class=\"standard-accessories-item-product-nr\">123098-1<\/div>\n<div class=\"standard-accessories-item-title\">Ap\u0103r\u0103toare disc<\/div>\n<\/div>\n<div class=\"standard_ac_item standard-accessories-item\" data-artikelid=\"153489-2\">\n<div class=\"standard-accessories-item-image\">\n<div class=\"standard-accessories-item-image-quick-view\"><a><i class=\"fa fa-search fa-2x\" aria-hidden=\"true\">\u00a0<\/i><\/a><\/div>\n<p><a title=\"153489-2 - Maner lateral\" href=\"https:\/\/www.makita.ro\/product\/153489-2.html\"><img loading=\"lazy\" decoding=\"async\" class=\"\" title=\"153489-2 - Maner lateral\" src=\"https:\/\/ro.makitamedia.com\/images\/1_Makita\/102_accessories\/10208_PNG_Web\/153489-2.png\" alt=\"153489-2 - Maner lateral\" width=\"103\" height=\"103\" \/><\/a><\/p>\n<\/div>\n<div class=\"standard-accessories-item-product-nr\">153489-2<\/div>\n<div class=\"standard-accessories-item-title\">Maner lateral<\/div>\n<\/div>\n<div class=\"standard_ac_item standard-accessories-item\" data-artikelid=\"224554-5\">\n<div class=\"standard-accessories-item-image\">\n<div class=\"standard-accessories-item-image-quick-view\"><a><i class=\"fa fa-search fa-2x\" aria-hidden=\"true\">\u00a0<\/i><\/a><\/div>\n<p><a title=\"224554-5 - Piuli\u0163\u0103 fixare 115-125-150mm\" href=\"https:\/\/www.makita.ro\/product\/224554-5.html\"><img loading=\"lazy\" decoding=\"async\" class=\"\" title=\"224554-5 - Piuli\u0163\u0103 fixare 115-125-150mm\" src=\"https:\/\/ro.makitamedia.com\/images\/1_Makita\/102_accessories\/10208_PNG_Web\/224554-5.png\" alt=\"224554-5 - Piuli\u0163\u0103 fixare 115-125-150mm\" width=\"91\" height=\"91\" \/><\/a><\/p>\n<\/div>\n<div class=\"standard-accessories-item-product-nr\">224554-5<\/div>\n<div class=\"standard-accessories-item-title\">Piuli\u0163\u0103 fixare 115-125-150mm<\/div>\n<\/div>\n<div class=\"standard_ac_item standard-accessories-item\" data-artikelid=\"782423-1\">\n<div class=\"standard-accessories-item-image\">\n<div class=\"standard-accessories-item-image-quick-view\"><a><i class=\"fa fa-search fa-2x\" aria-hidden=\"true\">\u00a0<\/i><\/a><\/div>\n<p><a title=\"782423-1 - Cheie de strangere 35\" href=\"https:\/\/www.makita.ro\/product\/782423-1.html\"><img loading=\"lazy\" decoding=\"async\" class=\"\" title=\"782423-1 - Cheie de strangere 35\" src=\"https:\/\/ro.makitamedia.com\/images\/1_Makita\/102_accessories\/10208_PNG_Web\/782423-1.png\" alt=\"782423-1 - Cheie de strangere 35\" width=\"91\" height=\"91\" \/><\/a><\/p>\n<\/div>\n<div class=\"standard-accessories-item-product-nr\">782423-1<\/div>\n<div class=\"standard-accessories-item-title\">Cheie de strangere 35<\/div>\n<\/div>\n<div class=\"standard_ac_item standard-accessories-item\" data-artikelid=\"D-18465\">\n<div class=\"standard-accessories-item-image\"><a title=\"D-18465 - DISC \u0218LEFUIRE METAL 125X6\" href=\"https:\/\/www.makita.ro\/product\/d-18465.html\"><img loading=\"lazy\" decoding=\"async\" class=\"\" title=\"D-18465 - DISC \u0218LEFUIRE METAL 125X6\" src=\"https:\/\/ro.makitamedia.com\/images\/1_Makita\/102_accessories\/10208_PNG_Web\/D-18465.png\" alt=\"D-18465 - DISC \u0218LEFUIRE METAL 125X6\" width=\"111\" height=\"111\" \/><\/a><\/div>\n<div class=\"standard-accessories-item-product-nr\">D-18465<\/div>\n<div class=\"standard-accessories-item-title\">DISC \u0218LEFUIRE METAL 125X6<\/div>\n<\/div>\n<div>\n<h4>INFORMATII TEHNICE:<\/h4>\n<div class=\"techspecs\">\n<div class=\"techspecs--row\">\n<div class=\"techspecs--row-specification\">Vibra\u021bii &#8211; 8 m\/s\u00b2<\/div>\n<\/div>\n<div class=\"techspecs--row\">\n<div class=\"techspecs--row-specification\">Putere absorbit\u0103 &#8211; 1400 W<\/div>\n<\/div>\n<div class=\"techspecs--row\">\n<div class=\"techspecs--row-specification\">Tura\u0163ie de mers \u00een gol &#8211; 2800 &#8211; 12000 RPM<\/div>\n<\/div>\n<div class=\"techspecs--row\">\n<div class=\"techspecs--row-specification\">Nivel presiune acustic\u0103 &#8211; 82 dB(A)<\/div>\n<\/div>\n<div class=\"techspecs--row\">\n<div class=\"techspecs--row-specification\">Nivel putere sonor\u0103 &#8211; 93 dB(A)<\/div>\n<\/div>\n<div class=\"techspecs--row\">\n<div class=\"techspecs--row-specification\">Diametru exterior &#8211; 125 mm<\/div>\n<\/div>\n<div class=\"techspecs--row\">\n<div class=\"techspecs--row-specification\">Dimensiuni (L x l x H) &#8211; 299 x 139 x 103 mm<\/div>\n<\/div>\n<div class=\"techspecs--row\">\n<div class=\"techspecs--row-specification\">Lungime cablu de alimentare &#8211; 2,5 m<\/div>\n<\/div>\n<div class=\"techspecs--row\">\n<div class=\"techspecs--row-specification\">Greutate net\u0103 &#8211; 3,5 kg<\/div>\n<\/div>\n<\/div>\n<\/div>\n<\/div>\n<\/div>\n<\/div>\n<\/div>\n<\/div>\n","protected":false},"excerpt":{"rendered":"<p><strong>Polizor unghiular Makita 9565CVR<\/strong> este un polizor puternic, ideal pentru utilizare profesionala.<\/p>\n<p>Cod produs: 9565CVR<\/p>\n","protected":false},"featured_media":106615,"comment_status":"open","ping_status":"closed","template":"","meta":{"_acf_changed":false},"product_cat":[4310,4306],"product_tag":[],"woo-feed-brand":[],"class_list":{"0":"post-15293","1":"product","2":"type-product","3":"status-publish","4":"has-post-thumbnail","6":"product_brand-makita","7":"product_cat-polizoare-unghiulare","8":"product_cat-scule-electrice","9":"pa_brand-makita","10":"pa_diametru-disc-125-mm","11":"pa_greutate-35-kg","12":"pa_putere-1-400-w","13":"pa_turatie-de-mers-in-gol-2-800-11-000-rpm","15":"first","16":"instock","17":"purchasable","18":"product-type-simple"},"acf":[],"yoast_head":"<!-- This site is optimized with the Yoast SEO plugin v27.3 - https:\/\/yoast.com\/product\/yoast-seo-wordpress\/ -->\n<title>Polizor unghiular Makita 9565CVR - Eurotech Iasi<\/title>\n<meta name=\"robots\" content=\"index, follow, max-snippet:-1, max-image-preview:large, max-video-preview:-1\" \/>\n<link rel=\"canonical\" href=\"https:\/\/eurotech-iasi.ro\/magazinonline\/produs\/polizor-unghiular-makita-9565cvr\/\" \/>\n<meta property=\"og:locale\" content=\"ro_RO\" \/>\n<meta property=\"og:type\" content=\"article\" \/>\n<meta property=\"og:title\" content=\"Polizor unghiular Makita 9565CVR - Eurotech Iasi\" \/>\n<meta property=\"og:description\" content=\"Polizor unghiular Makita 9565CVR este un polizor puternic, ideal pentru utilizare profesionala.  Cod produs: 9565CVR\" \/>\n<meta property=\"og:url\" content=\"https:\/\/eurotech-iasi.ro\/magazinonline\/produs\/polizor-unghiular-makita-9565cvr\/\" \/>\n<meta property=\"og:site_name\" content=\"Eurotech Iasi\" \/>\n<meta property=\"article:publisher\" content=\"https:\/\/www.facebook.com\/EurotechIasi\/\" \/>\n<meta property=\"article:modified_time\" content=\"2025-04-02T10:00:03+00:00\" \/>\n<meta property=\"og:image\" content=\"https:\/\/eurotech-iasi.ro\/magazinonline\/wp-content\/uploads\/2019\/04\/Polizor-unghiular-Makita-9565CVR-1.png\" \/>\n\t<meta property=\"og:image:width\" content=\"750\" \/>\n\t<meta property=\"og:image:height\" content=\"750\" \/>\n\t<meta property=\"og:image:type\" content=\"image\/png\" \/>\n<meta name=\"twitter:label1\" content=\"Timp estimat pentru citire\" \/>\n\t<meta name=\"twitter:data1\" content=\"1 minut\" \/>\n<script type=\"application\/ld+json\" class=\"yoast-schema-graph\">{\"@context\":\"https:\\\/\\\/schema.org\",\"@graph\":[{\"@type\":\"WebPage\",\"@id\":\"https:\\\/\\\/eurotech-iasi.ro\\\/magazinonline\\\/produs\\\/polizor-unghiular-makita-9565cvr\\\/\",\"url\":\"https:\\\/\\\/eurotech-iasi.ro\\\/magazinonline\\\/produs\\\/polizor-unghiular-makita-9565cvr\\\/\",\"name\":\"Polizor unghiular Makita 9565CVR - Eurotech Iasi\",\"isPartOf\":{\"@id\":\"https:\\\/\\\/eurotech-iasi.ro\\\/magazinonline\\\/#website\"},\"primaryImageOfPage\":{\"@id\":\"https:\\\/\\\/eurotech-iasi.ro\\\/magazinonline\\\/produs\\\/polizor-unghiular-makita-9565cvr\\\/#primaryimage\"},\"image\":{\"@id\":\"https:\\\/\\\/eurotech-iasi.ro\\\/magazinonline\\\/produs\\\/polizor-unghiular-makita-9565cvr\\\/#primaryimage\"},\"thumbnailUrl\":\"https:\\\/\\\/eurotech-iasi.ro\\\/magazinonline\\\/wp-content\\\/uploads\\\/2019\\\/04\\\/Polizor-unghiular-Makita-9565CVR-1.png\",\"datePublished\":\"2019-04-03T09:59:08+00:00\",\"dateModified\":\"2025-04-02T10:00:03+00:00\",\"breadcrumb\":{\"@id\":\"https:\\\/\\\/eurotech-iasi.ro\\\/magazinonline\\\/produs\\\/polizor-unghiular-makita-9565cvr\\\/#breadcrumb\"},\"inLanguage\":\"ro-RO\",\"potentialAction\":[{\"@type\":\"ReadAction\",\"target\":[\"https:\\\/\\\/eurotech-iasi.ro\\\/magazinonline\\\/produs\\\/polizor-unghiular-makita-9565cvr\\\/\"]}]},{\"@type\":\"ImageObject\",\"inLanguage\":\"ro-RO\",\"@id\":\"https:\\\/\\\/eurotech-iasi.ro\\\/magazinonline\\\/produs\\\/polizor-unghiular-makita-9565cvr\\\/#primaryimage\",\"url\":\"https:\\\/\\\/eurotech-iasi.ro\\\/magazinonline\\\/wp-content\\\/uploads\\\/2019\\\/04\\\/Polizor-unghiular-Makita-9565CVR-1.png\",\"contentUrl\":\"https:\\\/\\\/eurotech-iasi.ro\\\/magazinonline\\\/wp-content\\\/uploads\\\/2019\\\/04\\\/Polizor-unghiular-Makita-9565CVR-1.png\",\"width\":750,\"height\":750,\"caption\":\"Polizor unghiular Makita 9565CVR\"},{\"@type\":\"BreadcrumbList\",\"@id\":\"https:\\\/\\\/eurotech-iasi.ro\\\/magazinonline\\\/produs\\\/polizor-unghiular-makita-9565cvr\\\/#breadcrumb\",\"itemListElement\":[{\"@type\":\"ListItem\",\"position\":1,\"name\":\"Prima pagin\u0103\",\"item\":\"https:\\\/\\\/eurotech-iasi.ro\\\/magazinonline\\\/\"},{\"@type\":\"ListItem\",\"position\":2,\"name\":\"Shop\",\"item\":\"https:\\\/\\\/eurotech-iasi.ro\\\/magazinonline\\\/shop\\\/\"},{\"@type\":\"ListItem\",\"position\":3,\"name\":\"Polizor unghiular Makita 9565CVR\"}]},{\"@type\":\"WebSite\",\"@id\":\"https:\\\/\\\/eurotech-iasi.ro\\\/magazinonline\\\/#website\",\"url\":\"https:\\\/\\\/eurotech-iasi.ro\\\/magazinonline\\\/\",\"name\":\"Eurotech Iasi\",\"description\":\"Cu oameni seriosi\",\"publisher\":{\"@id\":\"https:\\\/\\\/eurotech-iasi.ro\\\/magazinonline\\\/#organization\"},\"potentialAction\":[{\"@type\":\"SearchAction\",\"target\":{\"@type\":\"EntryPoint\",\"urlTemplate\":\"https:\\\/\\\/eurotech-iasi.ro\\\/magazinonline\\\/?s={search_term_string}\"},\"query-input\":{\"@type\":\"PropertyValueSpecification\",\"valueRequired\":true,\"valueName\":\"search_term_string\"}}],\"inLanguage\":\"ro-RO\"},{\"@type\":\"Organization\",\"@id\":\"https:\\\/\\\/eurotech-iasi.ro\\\/magazinonline\\\/#organization\",\"name\":\"Eurotech Iasi\",\"url\":\"https:\\\/\\\/eurotech-iasi.ro\\\/magazinonline\\\/\",\"logo\":{\"@type\":\"ImageObject\",\"inLanguage\":\"ro-RO\",\"@id\":\"https:\\\/\\\/eurotech-iasi.ro\\\/magazinonline\\\/#\\\/schema\\\/logo\\\/image\\\/\",\"url\":\"https:\\\/\\\/eurotech-iasi.ro\\\/magazinonline\\\/wp-content\\\/uploads\\\/2020\\\/08\\\/logo-eurotech.png\",\"contentUrl\":\"https:\\\/\\\/eurotech-iasi.ro\\\/magazinonline\\\/wp-content\\\/uploads\\\/2020\\\/08\\\/logo-eurotech.png\",\"width\":290,\"height\":70,\"caption\":\"Eurotech Iasi\"},\"image\":{\"@id\":\"https:\\\/\\\/eurotech-iasi.ro\\\/magazinonline\\\/#\\\/schema\\\/logo\\\/image\\\/\"},\"sameAs\":[\"https:\\\/\\\/www.facebook.com\\\/EurotechIasi\\\/\"]}]}<\/script>\n<!-- \/ Yoast SEO plugin. -->","yoast_head_json":{"title":"Polizor unghiular Makita 9565CVR - Eurotech Iasi","robots":{"index":"index","follow":"follow","max-snippet":"max-snippet:-1","max-image-preview":"max-image-preview:large","max-video-preview":"max-video-preview:-1"},"canonical":"https:\/\/eurotech-iasi.ro\/magazinonline\/produs\/polizor-unghiular-makita-9565cvr\/","og_locale":"ro_RO","og_type":"article","og_title":"Polizor unghiular Makita 9565CVR - Eurotech Iasi","og_description":"Polizor unghiular Makita 9565CVR este un polizor puternic, ideal pentru utilizare profesionala.  Cod produs: 9565CVR","og_url":"https:\/\/eurotech-iasi.ro\/magazinonline\/produs\/polizor-unghiular-makita-9565cvr\/","og_site_name":"Eurotech Iasi","article_publisher":"https:\/\/www.facebook.com\/EurotechIasi\/","article_modified_time":"2025-04-02T10:00:03+00:00","og_image":[{"width":750,"height":750,"url":"https:\/\/eurotech-iasi.ro\/magazinonline\/wp-content\/uploads\/2019\/04\/Polizor-unghiular-Makita-9565CVR-1.png","type":"image\/png"}],"twitter_misc":{"Timp estimat pentru citire":"1 minut"},"schema":{"@context":"https:\/\/schema.org","@graph":[{"@type":"WebPage","@id":"https:\/\/eurotech-iasi.ro\/magazinonline\/produs\/polizor-unghiular-makita-9565cvr\/","url":"https:\/\/eurotech-iasi.ro\/magazinonline\/produs\/polizor-unghiular-makita-9565cvr\/","name":"Polizor unghiular Makita 9565CVR - Eurotech Iasi","isPartOf":{"@id":"https:\/\/eurotech-iasi.ro\/magazinonline\/#website"},"primaryImageOfPage":{"@id":"https:\/\/eurotech-iasi.ro\/magazinonline\/produs\/polizor-unghiular-makita-9565cvr\/#primaryimage"},"image":{"@id":"https:\/\/eurotech-iasi.ro\/magazinonline\/produs\/polizor-unghiular-makita-9565cvr\/#primaryimage"},"thumbnailUrl":"https:\/\/eurotech-iasi.ro\/magazinonline\/wp-content\/uploads\/2019\/04\/Polizor-unghiular-Makita-9565CVR-1.png","datePublished":"2019-04-03T09:59:08+00:00","dateModified":"2025-04-02T10:00:03+00:00","breadcrumb":{"@id":"https:\/\/eurotech-iasi.ro\/magazinonline\/produs\/polizor-unghiular-makita-9565cvr\/#breadcrumb"},"inLanguage":"ro-RO","potentialAction":[{"@type":"ReadAction","target":["https:\/\/eurotech-iasi.ro\/magazinonline\/produs\/polizor-unghiular-makita-9565cvr\/"]}]},{"@type":"ImageObject","inLanguage":"ro-RO","@id":"https:\/\/eurotech-iasi.ro\/magazinonline\/produs\/polizor-unghiular-makita-9565cvr\/#primaryimage","url":"https:\/\/eurotech-iasi.ro\/magazinonline\/wp-content\/uploads\/2019\/04\/Polizor-unghiular-Makita-9565CVR-1.png","contentUrl":"https:\/\/eurotech-iasi.ro\/magazinonline\/wp-content\/uploads\/2019\/04\/Polizor-unghiular-Makita-9565CVR-1.png","width":750,"height":750,"caption":"Polizor unghiular Makita 9565CVR"},{"@type":"BreadcrumbList","@id":"https:\/\/eurotech-iasi.ro\/magazinonline\/produs\/polizor-unghiular-makita-9565cvr\/#breadcrumb","itemListElement":[{"@type":"ListItem","position":1,"name":"Prima pagin\u0103","item":"https:\/\/eurotech-iasi.ro\/magazinonline\/"},{"@type":"ListItem","position":2,"name":"Shop","item":"https:\/\/eurotech-iasi.ro\/magazinonline\/shop\/"},{"@type":"ListItem","position":3,"name":"Polizor unghiular Makita 9565CVR"}]},{"@type":"WebSite","@id":"https:\/\/eurotech-iasi.ro\/magazinonline\/#website","url":"https:\/\/eurotech-iasi.ro\/magazinonline\/","name":"Eurotech Iasi","description":"Cu oameni seriosi","publisher":{"@id":"https:\/\/eurotech-iasi.ro\/magazinonline\/#organization"},"potentialAction":[{"@type":"SearchAction","target":{"@type":"EntryPoint","urlTemplate":"https:\/\/eurotech-iasi.ro\/magazinonline\/?s={search_term_string}"},"query-input":{"@type":"PropertyValueSpecification","valueRequired":true,"valueName":"search_term_string"}}],"inLanguage":"ro-RO"},{"@type":"Organization","@id":"https:\/\/eurotech-iasi.ro\/magazinonline\/#organization","name":"Eurotech Iasi","url":"https:\/\/eurotech-iasi.ro\/magazinonline\/","logo":{"@type":"ImageObject","inLanguage":"ro-RO","@id":"https:\/\/eurotech-iasi.ro\/magazinonline\/#\/schema\/logo\/image\/","url":"https:\/\/eurotech-iasi.ro\/magazinonline\/wp-content\/uploads\/2020\/08\/logo-eurotech.png","contentUrl":"https:\/\/eurotech-iasi.ro\/magazinonline\/wp-content\/uploads\/2020\/08\/logo-eurotech.png","width":290,"height":70,"caption":"Eurotech Iasi"},"image":{"@id":"https:\/\/eurotech-iasi.ro\/magazinonline\/#\/schema\/logo\/image\/"},"sameAs":["https:\/\/www.facebook.com\/EurotechIasi\/"]}]}},"_links":{"self":[{"href":"https:\/\/eurotech-iasi.ro\/magazinonline\/wp-json\/wp\/v2\/product\/15293","targetHints":{"allow":["GET"]}}],"collection":[{"href":"https:\/\/eurotech-iasi.ro\/magazinonline\/wp-json\/wp\/v2\/product"}],"about":[{"href":"https:\/\/eurotech-iasi.ro\/magazinonline\/wp-json\/wp\/v2\/types\/product"}],"replies":[{"embeddable":true,"href":"https:\/\/eurotech-iasi.ro\/magazinonline\/wp-json\/wp\/v2\/comments?post=15293"}],"wp:featuredmedia":[{"embeddable":true,"href":"https:\/\/eurotech-iasi.ro\/magazinonline\/wp-json\/wp\/v2\/media\/106615"}],"wp:attachment":[{"href":"https:\/\/eurotech-iasi.ro\/magazinonline\/wp-json\/wp\/v2\/media?parent=15293"}],"wp:term":[{"taxonomy":"product_cat","embeddable":true,"href":"https:\/\/eurotech-iasi.ro\/magazinonline\/wp-json\/wp\/v2\/product_cat?post=15293"},{"taxonomy":"product_tag","embeddable":true,"href":"https:\/\/eurotech-iasi.ro\/magazinonline\/wp-json\/wp\/v2\/product_tag?post=15293"},{"taxonomy":"woo-feed-brand","embeddable":true,"href":"https:\/\/eurotech-iasi.ro\/magazinonline\/wp-json\/wp\/v2\/woo-feed-brand?post=15293"}],"curies":[{"name":"wp","href":"https:\/\/api.w.org\/{rel}","templated":true}]}}