{"id":32143,"date":"2019-10-18T11:28:51","date_gmt":"2019-10-18T08:28:51","guid":{"rendered":"https:\/\/eurotech-iasi.ro\/magazinonline\/?post_type=product&#038;p=32143"},"modified":"2023-04-05T16:35:50","modified_gmt":"2023-04-05T13:35:50","slug":"motocompresor-portabil-kaeser-m-13","status":"publish","type":"product","link":"https:\/\/eurotech-iasi.ro\/magazinonline\/produs\/motocompresor-portabil-kaeser-m-13\/","title":{"rendered":"Motocompresor portabil Kaeser M 13"},"content":{"rendered":"<p>Acest <strong>motocompresor portabil Kaeser M 13\u00a0<\/strong>inregistreaza performante deosebite datorita rezervorului de combustibil. Acesta este generos dimensionat si are un control performant al aerului livrat. De asemenea, controlul este precis reglat pentru a asigura consumul real de aer. Aceasta reduce si mai mult consumul de combustibil al acestor echipamente deja eficiente.<\/p>\n<p>La acest <strong>motocompresor portabil Kaeser M 13<\/strong> este intalnit un motor <em>Honda GX 620<\/em> ce functioneraza pe baza de benzina. Rezervorul are o capacitate de <em>20 l<\/em>. Motocompresorul detine un panou de comanda\u00a0 intuitiv cu dispunere logica, buton simplu de pornire si demarator electric. Cadrul suport al compresorului, este echipat cu conexiuni fixe pentru: aerul comprimat, alimentare cu energia necesara ventilatorului si purjarea condensului.<\/p>\n<h2>Specificatii tehnice &#8211; <strong>motocompresor portabil Kaeser M 13:<\/strong><\/h2>\n<p><strong><span class=\"H\">Compresor cu \u0219urub<\/span><\/strong><br \/>\n<strong>Debit de aer<span class=\"H\">\u00a0 1,2\u00a0\u00a0 m\u00b3\/min<\/span><\/strong><br \/>\n<strong>Presiune de lucru<span class=\"H\">\u00a0 7 bar(r)<\/span><\/strong><\/p>\n<p><strong><span class=\"H\">Motor<\/span><\/strong><br \/>\n<strong>Putere nominal\u0103\u00a0 15,5\u00a0 kW<\/strong><br \/>\n<strong>Tura\u0163ia la mers \u00een sarcin\u0103\u00a0\u00a0 2500\u00a0\u00a0\u00a0 rot\/min<\/strong><br \/>\n<strong>Tura\u0163ia la mers \u00een gol\u00a0\u00a0 2200\u00a0\u00a0\u00a0 rot\/min<\/strong><br \/>\n<strong>Tip motor\u00a0\u00a0 benzin\u0103<\/strong><br \/>\n<strong>Model\u00a0\u00a0<span lang=\"de\" xml:lang=\"de\">GX 630, 2 cilindrii<\/span><\/strong><br \/>\n<strong>Produc\u0103tor\u00a0\u00a0 HONDA<\/strong><br \/>\n<strong>\u00a0\u00a0\u00a0\u00a0\u00a0\u00a0\u00a0\u00a0\u00a0\u00a0\u00a0\u00a0\u00a0\u00a0\u00a0\u00a0\u00a0\u00a0\u00a0\u00a0\u00a0\u00a0\u00a0\u00a0\u00a0\u00a0\u00a0\u00a0\u00a0\u00a0\u00a0\u00a0\u00a0\u00a0\u00a0\u00a0\u00a0\u00a0\u00a0\u00a0\u00a0\u00a0\u00a0\u00a0\u00a0\u00a0\u00a0\u00a0\u00a0\u00a0\u00a0\u00a0\u00a0\u00a0\u00a0\u00a0\u00a0\u00a0\u00a0\u00a0\u00a0\u00a0\u00a0\u00a0\u00a0\u00a0\u00a0\u00a0\u00a0\u00a0\u00a0\u00a0\u00a0\u00a0\u00a0\u00a0\u00a0\u00a0\u00a0\u00a0\u00a0\u00a0\u00a0\u00a0\u00a0\u00a0\u00a0\u00a0\u00a0\u00a0\u00a0\u00a0\u00a0\u00a0\u00a0\u00a0\u00a0\u00a0\u00a0\u00a0\u00a0\u00a0\u00a0\u00a0\u00a0\u00a0\u00a0\u00a0\u00a0\u00a0<\/strong><br \/>\n<strong><span class=\"H\">Dimensiuni \u0219i mase<\/span><\/strong><br \/>\n<strong>Lungime x \u00een\u0103l\u021bime x l\u0103\u021bime\u00a0 1080x790x800\u00a0\u00a0 mm<\/strong><br \/>\n<strong>Lungime cu bar\u0103 de tractare (func\u0163ie de reglaj)\u00a0 1080-1390\u00a0\u00a0 mm<\/strong><br \/>\n<strong>Capacitate rezervor\u00a0\u00a0 20\u00a0 l<\/strong><br \/>\n<strong>Conexiuni aer (cupl\u0103 tip ghear\u0103)\u00a0 1 x\u00a0\u00a0 G 1\/2\u00a0\u00a0\u00a0\u00a0\u00a0\u00a0\u00a0\u00a0\u00a0\u00a0\u00a0\u00a0\u00a0\u00a0\u00a0\u00a0\u00a0\u00a0\u00a0\u00a0\u00a0\u00a0\u00a0\u00a0\u00a0\u00a0\u00a0\u00a0\u00a0\u00a0\u00a0\u00a0\u00a0\u00a0\u00a0\u00a0\u00a0\u00a0\u00a0\u00a0\u00a0\u00a0\u00a0\u00a0\u00a0\u00a0\u00a0\u00a0\u00a0\u00a0\u00a0\u00a0\u00a0\u00a0\u00a0\u00a0\u00a0\u00a0\u00a0\u00a0\u00a0\u00a0\u00a0\u00a0\u00a0\u00a0\u00a0\u00a0\u00a0\u00a0\u00a0\u00a0\u00a0\u00a0\u00a0\u00a0\u00a0\u00a0\u00a0\u00a0\u00a0\u00a0\u00a0\u00a0\u00a0\u00a0\u00a0\u00a0\u00a0\u00a0\u00a0\u00a0\u00a0\u00a0\u00a0\u00a0\u00a0\u00a0\u00a0\u00a0\u00a0\u00a0\u00a0\u00a0\u00a0\u00a0\u00a0\u00a0\u00a0\u00a0<\/strong><br \/>\n<strong>Masa net\u0103, opera\u021bional\u00a0\u00a0\u00a0 202\u00a0\u00a0 kg<\/strong><\/p>\n<p><strong>Nivel de putere de zgomot, garantat conform RL2000\/14\/EC\u00a0\u00a0\u00a0 &lt; 97\u00a0\u00a0 dB(A)<\/strong><br \/>\n<strong>Nivel presiune sonor\u0103 m\u0103surat conform ISO 3744 (r=10m)\u00a0\u00a0 76\u00a0\u00a0 dB(A)<\/strong><br \/>\n<strong>Gama de temperaturi ambiante admise\u00a0\u00a0\u00a0 -10 \u00b0C la +50 \u00b0C<\/strong><br \/>\n<strong>Altitudinea deasupra nivelului m\u0103rii\u00a0 p\u00e2n\u0103 la 1000\u00a0 m<\/strong><\/p>\n","protected":false},"excerpt":{"rendered":"<p class=\"product_title entry-title\"><strong>Motocompresor portabil Kaeser M 13<\/strong> poate furniza aerul necesar pentru ciocane, scule pneumatice de gaurit, taiat sau polizat, chei cu impact, chiar si ciocane rotopercutoare.<\/p>\n<p>Cod produs: M13<\/p>\n","protected":false},"featured_media":32144,"comment_status":"open","ping_status":"closed","template":"","meta":{"_acf_changed":false},"product_cat":[4558],"product_tag":[],"woo-feed-brand":[],"class_list":{"0":"post-32143","1":"product","2":"type-product","3":"status-publish","4":"has-post-thumbnail","6":"product_brand-kaeser","7":"product_cat-motocompresoare","8":"pa_brand-kaeser","9":"pa_capacitate-rezervor-20-l","10":"pa_combustibil-benzina-2","11":"pa_debit-de-aer-1-2-m3-min","12":"pa_greutate-190-kg","13":"pa_presiune-maxima-7-bar","14":"pa_putere-13-5-kw","15":"pa_turatie-2500-rpm","17":"first","18":"outofstock","19":"purchasable","20":"product-type-simple"},"acf":[],"yoast_head":"<!-- This site is optimized with the Yoast SEO plugin v27.5 - https:\/\/yoast.com\/product\/yoast-seo-wordpress\/ -->\n<title>Motocompresor portabil Kaeser M 13 - Eurotech Iasi<\/title>\n<meta name=\"description\" content=\"Motocompresor portabil Kaeser M13 poate furniza aerul necesar pentru ciocane, scule pneumatice de gaurit, taiat sau polizat, chei cu impact, etc.\" \/>\n<meta name=\"robots\" content=\"index, follow, max-snippet:-1, max-image-preview:large, max-video-preview:-1\" \/>\n<link rel=\"canonical\" href=\"https:\/\/eurotech-iasi.ro\/magazinonline\/produs\/motocompresor-portabil-kaeser-m-13\/\" \/>\n<meta property=\"og:locale\" content=\"ro_RO\" \/>\n<meta property=\"og:type\" content=\"article\" \/>\n<meta property=\"og:title\" content=\"Motocompresor portabil Kaeser M 13 - Eurotech Iasi\" \/>\n<meta property=\"og:description\" content=\"Motocompresor portabil Kaeser M13 poate furniza aerul necesar pentru ciocane, scule pneumatice de gaurit, taiat sau polizat, chei cu impact, etc.\" \/>\n<meta property=\"og:url\" content=\"https:\/\/eurotech-iasi.ro\/magazinonline\/produs\/motocompresor-portabil-kaeser-m-13\/\" \/>\n<meta property=\"og:site_name\" content=\"Eurotech Iasi\" \/>\n<meta property=\"article:publisher\" content=\"https:\/\/www.facebook.com\/EurotechIasi\/\" \/>\n<meta property=\"article:modified_time\" content=\"2023-04-05T13:35:50+00:00\" \/>\n<meta property=\"og:image\" content=\"https:\/\/eurotech-iasi.ro\/magazinonline\/wp-content\/uploads\/2019\/10\/motocompresor-portabil-kaeser-m-13.jpg\" \/>\n\t<meta property=\"og:image:width\" content=\"710\" \/>\n\t<meta property=\"og:image:height\" content=\"710\" \/>\n\t<meta property=\"og:image:type\" content=\"image\/jpeg\" \/>\n<meta name=\"twitter:label1\" content=\"Timp estimat pentru citire\" \/>\n\t<meta name=\"twitter:data1\" content=\"1 minut\" \/>\n<script type=\"application\/ld+json\" class=\"yoast-schema-graph\">{\"@context\":\"https:\\\/\\\/schema.org\",\"@graph\":[{\"@type\":\"WebPage\",\"@id\":\"https:\\\/\\\/eurotech-iasi.ro\\\/magazinonline\\\/produs\\\/motocompresor-portabil-kaeser-m-13\\\/\",\"url\":\"https:\\\/\\\/eurotech-iasi.ro\\\/magazinonline\\\/produs\\\/motocompresor-portabil-kaeser-m-13\\\/\",\"name\":\"Motocompresor portabil Kaeser M 13 - Eurotech Iasi\",\"isPartOf\":{\"@id\":\"https:\\\/\\\/eurotech-iasi.ro\\\/magazinonline\\\/#website\"},\"primaryImageOfPage\":{\"@id\":\"https:\\\/\\\/eurotech-iasi.ro\\\/magazinonline\\\/produs\\\/motocompresor-portabil-kaeser-m-13\\\/#primaryimage\"},\"image\":{\"@id\":\"https:\\\/\\\/eurotech-iasi.ro\\\/magazinonline\\\/produs\\\/motocompresor-portabil-kaeser-m-13\\\/#primaryimage\"},\"thumbnailUrl\":\"https:\\\/\\\/eurotech-iasi.ro\\\/magazinonline\\\/wp-content\\\/uploads\\\/2019\\\/10\\\/motocompresor-portabil-kaeser-m-13.jpg\",\"datePublished\":\"2019-10-18T08:28:51+00:00\",\"dateModified\":\"2023-04-05T13:35:50+00:00\",\"description\":\"Motocompresor portabil Kaeser M13 poate furniza aerul necesar pentru ciocane, scule pneumatice de gaurit, taiat sau polizat, chei cu impact, etc.\",\"breadcrumb\":{\"@id\":\"https:\\\/\\\/eurotech-iasi.ro\\\/magazinonline\\\/produs\\\/motocompresor-portabil-kaeser-m-13\\\/#breadcrumb\"},\"inLanguage\":\"ro-RO\",\"potentialAction\":[{\"@type\":\"ReadAction\",\"target\":[\"https:\\\/\\\/eurotech-iasi.ro\\\/magazinonline\\\/produs\\\/motocompresor-portabil-kaeser-m-13\\\/\"]}]},{\"@type\":\"ImageObject\",\"inLanguage\":\"ro-RO\",\"@id\":\"https:\\\/\\\/eurotech-iasi.ro\\\/magazinonline\\\/produs\\\/motocompresor-portabil-kaeser-m-13\\\/#primaryimage\",\"url\":\"https:\\\/\\\/eurotech-iasi.ro\\\/magazinonline\\\/wp-content\\\/uploads\\\/2019\\\/10\\\/motocompresor-portabil-kaeser-m-13.jpg\",\"contentUrl\":\"https:\\\/\\\/eurotech-iasi.ro\\\/magazinonline\\\/wp-content\\\/uploads\\\/2019\\\/10\\\/motocompresor-portabil-kaeser-m-13.jpg\",\"width\":710,\"height\":710},{\"@type\":\"BreadcrumbList\",\"@id\":\"https:\\\/\\\/eurotech-iasi.ro\\\/magazinonline\\\/produs\\\/motocompresor-portabil-kaeser-m-13\\\/#breadcrumb\",\"itemListElement\":[{\"@type\":\"ListItem\",\"position\":1,\"name\":\"Prima pagin\u0103\",\"item\":\"https:\\\/\\\/eurotech-iasi.ro\\\/magazinonline\\\/\"},{\"@type\":\"ListItem\",\"position\":2,\"name\":\"Shop\",\"item\":\"https:\\\/\\\/eurotech-iasi.ro\\\/magazinonline\\\/shop\\\/\"},{\"@type\":\"ListItem\",\"position\":3,\"name\":\"Motocompresor portabil Kaeser M 13\"}]},{\"@type\":\"WebSite\",\"@id\":\"https:\\\/\\\/eurotech-iasi.ro\\\/magazinonline\\\/#website\",\"url\":\"https:\\\/\\\/eurotech-iasi.ro\\\/magazinonline\\\/\",\"name\":\"Eurotech Iasi\",\"description\":\"Cu oameni seriosi\",\"publisher\":{\"@id\":\"https:\\\/\\\/eurotech-iasi.ro\\\/magazinonline\\\/#organization\"},\"potentialAction\":[{\"@type\":\"SearchAction\",\"target\":{\"@type\":\"EntryPoint\",\"urlTemplate\":\"https:\\\/\\\/eurotech-iasi.ro\\\/magazinonline\\\/?s={search_term_string}\"},\"query-input\":{\"@type\":\"PropertyValueSpecification\",\"valueRequired\":true,\"valueName\":\"search_term_string\"}}],\"inLanguage\":\"ro-RO\"},{\"@type\":\"Organization\",\"@id\":\"https:\\\/\\\/eurotech-iasi.ro\\\/magazinonline\\\/#organization\",\"name\":\"Eurotech Iasi\",\"url\":\"https:\\\/\\\/eurotech-iasi.ro\\\/magazinonline\\\/\",\"logo\":{\"@type\":\"ImageObject\",\"inLanguage\":\"ro-RO\",\"@id\":\"https:\\\/\\\/eurotech-iasi.ro\\\/magazinonline\\\/#\\\/schema\\\/logo\\\/image\\\/\",\"url\":\"https:\\\/\\\/eurotech-iasi.ro\\\/magazinonline\\\/wp-content\\\/uploads\\\/2020\\\/08\\\/logo-eurotech.png\",\"contentUrl\":\"https:\\\/\\\/eurotech-iasi.ro\\\/magazinonline\\\/wp-content\\\/uploads\\\/2020\\\/08\\\/logo-eurotech.png\",\"width\":290,\"height\":70,\"caption\":\"Eurotech Iasi\"},\"image\":{\"@id\":\"https:\\\/\\\/eurotech-iasi.ro\\\/magazinonline\\\/#\\\/schema\\\/logo\\\/image\\\/\"},\"sameAs\":[\"https:\\\/\\\/www.facebook.com\\\/EurotechIasi\\\/\"]}]}<\/script>\n<!-- \/ Yoast SEO plugin. -->","yoast_head_json":{"title":"Motocompresor portabil Kaeser M 13 - Eurotech Iasi","description":"Motocompresor portabil Kaeser M13 poate furniza aerul necesar pentru ciocane, scule pneumatice de gaurit, taiat sau polizat, chei cu impact, etc.","robots":{"index":"index","follow":"follow","max-snippet":"max-snippet:-1","max-image-preview":"max-image-preview:large","max-video-preview":"max-video-preview:-1"},"canonical":"https:\/\/eurotech-iasi.ro\/magazinonline\/produs\/motocompresor-portabil-kaeser-m-13\/","og_locale":"ro_RO","og_type":"article","og_title":"Motocompresor portabil Kaeser M 13 - Eurotech Iasi","og_description":"Motocompresor portabil Kaeser M13 poate furniza aerul necesar pentru ciocane, scule pneumatice de gaurit, taiat sau polizat, chei cu impact, etc.","og_url":"https:\/\/eurotech-iasi.ro\/magazinonline\/produs\/motocompresor-portabil-kaeser-m-13\/","og_site_name":"Eurotech Iasi","article_publisher":"https:\/\/www.facebook.com\/EurotechIasi\/","article_modified_time":"2023-04-05T13:35:50+00:00","og_image":[{"width":710,"height":710,"url":"https:\/\/eurotech-iasi.ro\/magazinonline\/wp-content\/uploads\/2019\/10\/motocompresor-portabil-kaeser-m-13.jpg","type":"image\/jpeg"}],"twitter_misc":{"Timp estimat pentru citire":"1 minut"},"schema":{"@context":"https:\/\/schema.org","@graph":[{"@type":"WebPage","@id":"https:\/\/eurotech-iasi.ro\/magazinonline\/produs\/motocompresor-portabil-kaeser-m-13\/","url":"https:\/\/eurotech-iasi.ro\/magazinonline\/produs\/motocompresor-portabil-kaeser-m-13\/","name":"Motocompresor portabil Kaeser M 13 - Eurotech Iasi","isPartOf":{"@id":"https:\/\/eurotech-iasi.ro\/magazinonline\/#website"},"primaryImageOfPage":{"@id":"https:\/\/eurotech-iasi.ro\/magazinonline\/produs\/motocompresor-portabil-kaeser-m-13\/#primaryimage"},"image":{"@id":"https:\/\/eurotech-iasi.ro\/magazinonline\/produs\/motocompresor-portabil-kaeser-m-13\/#primaryimage"},"thumbnailUrl":"https:\/\/eurotech-iasi.ro\/magazinonline\/wp-content\/uploads\/2019\/10\/motocompresor-portabil-kaeser-m-13.jpg","datePublished":"2019-10-18T08:28:51+00:00","dateModified":"2023-04-05T13:35:50+00:00","description":"Motocompresor portabil Kaeser M13 poate furniza aerul necesar pentru ciocane, scule pneumatice de gaurit, taiat sau polizat, chei cu impact, etc.","breadcrumb":{"@id":"https:\/\/eurotech-iasi.ro\/magazinonline\/produs\/motocompresor-portabil-kaeser-m-13\/#breadcrumb"},"inLanguage":"ro-RO","potentialAction":[{"@type":"ReadAction","target":["https:\/\/eurotech-iasi.ro\/magazinonline\/produs\/motocompresor-portabil-kaeser-m-13\/"]}]},{"@type":"ImageObject","inLanguage":"ro-RO","@id":"https:\/\/eurotech-iasi.ro\/magazinonline\/produs\/motocompresor-portabil-kaeser-m-13\/#primaryimage","url":"https:\/\/eurotech-iasi.ro\/magazinonline\/wp-content\/uploads\/2019\/10\/motocompresor-portabil-kaeser-m-13.jpg","contentUrl":"https:\/\/eurotech-iasi.ro\/magazinonline\/wp-content\/uploads\/2019\/10\/motocompresor-portabil-kaeser-m-13.jpg","width":710,"height":710},{"@type":"BreadcrumbList","@id":"https:\/\/eurotech-iasi.ro\/magazinonline\/produs\/motocompresor-portabil-kaeser-m-13\/#breadcrumb","itemListElement":[{"@type":"ListItem","position":1,"name":"Prima pagin\u0103","item":"https:\/\/eurotech-iasi.ro\/magazinonline\/"},{"@type":"ListItem","position":2,"name":"Shop","item":"https:\/\/eurotech-iasi.ro\/magazinonline\/shop\/"},{"@type":"ListItem","position":3,"name":"Motocompresor portabil Kaeser M 13"}]},{"@type":"WebSite","@id":"https:\/\/eurotech-iasi.ro\/magazinonline\/#website","url":"https:\/\/eurotech-iasi.ro\/magazinonline\/","name":"Eurotech Iasi","description":"Cu oameni seriosi","publisher":{"@id":"https:\/\/eurotech-iasi.ro\/magazinonline\/#organization"},"potentialAction":[{"@type":"SearchAction","target":{"@type":"EntryPoint","urlTemplate":"https:\/\/eurotech-iasi.ro\/magazinonline\/?s={search_term_string}"},"query-input":{"@type":"PropertyValueSpecification","valueRequired":true,"valueName":"search_term_string"}}],"inLanguage":"ro-RO"},{"@type":"Organization","@id":"https:\/\/eurotech-iasi.ro\/magazinonline\/#organization","name":"Eurotech Iasi","url":"https:\/\/eurotech-iasi.ro\/magazinonline\/","logo":{"@type":"ImageObject","inLanguage":"ro-RO","@id":"https:\/\/eurotech-iasi.ro\/magazinonline\/#\/schema\/logo\/image\/","url":"https:\/\/eurotech-iasi.ro\/magazinonline\/wp-content\/uploads\/2020\/08\/logo-eurotech.png","contentUrl":"https:\/\/eurotech-iasi.ro\/magazinonline\/wp-content\/uploads\/2020\/08\/logo-eurotech.png","width":290,"height":70,"caption":"Eurotech Iasi"},"image":{"@id":"https:\/\/eurotech-iasi.ro\/magazinonline\/#\/schema\/logo\/image\/"},"sameAs":["https:\/\/www.facebook.com\/EurotechIasi\/"]}]}},"_links":{"self":[{"href":"https:\/\/eurotech-iasi.ro\/magazinonline\/wp-json\/wp\/v2\/product\/32143","targetHints":{"allow":["GET"]}}],"collection":[{"href":"https:\/\/eurotech-iasi.ro\/magazinonline\/wp-json\/wp\/v2\/product"}],"about":[{"href":"https:\/\/eurotech-iasi.ro\/magazinonline\/wp-json\/wp\/v2\/types\/product"}],"replies":[{"embeddable":true,"href":"https:\/\/eurotech-iasi.ro\/magazinonline\/wp-json\/wp\/v2\/comments?post=32143"}],"wp:featuredmedia":[{"embeddable":true,"href":"https:\/\/eurotech-iasi.ro\/magazinonline\/wp-json\/wp\/v2\/media\/32144"}],"wp:attachment":[{"href":"https:\/\/eurotech-iasi.ro\/magazinonline\/wp-json\/wp\/v2\/media?parent=32143"}],"wp:term":[{"taxonomy":"product_cat","embeddable":true,"href":"https:\/\/eurotech-iasi.ro\/magazinonline\/wp-json\/wp\/v2\/product_cat?post=32143"},{"taxonomy":"product_tag","embeddable":true,"href":"https:\/\/eurotech-iasi.ro\/magazinonline\/wp-json\/wp\/v2\/product_tag?post=32143"},{"taxonomy":"woo-feed-brand","embeddable":true,"href":"https:\/\/eurotech-iasi.ro\/magazinonline\/wp-json\/wp\/v2\/woo-feed-brand?post=32143"}],"curies":[{"name":"wp","href":"https:\/\/api.w.org\/{rel}","templated":true}]}}