{"id":37532,"date":"2019-11-19T09:31:00","date_gmt":"2019-11-19T07:31:00","guid":{"rendered":"https:\/\/eurotech-iasi.ro\/magazinonline\/?post_type=product&#038;p=37532"},"modified":"2026-03-20T15:19:23","modified_gmt":"2026-03-20T13:19:23","slug":"masina-de-carotat-rothenberger-rodiacut-400-rodiadrill-500","status":"publish","type":"product","link":"https:\/\/eurotech-iasi.ro\/magazinonline\/produs\/masina-de-carotat-rothenberger-rodiacut-400-rodiadrill-500\/","title":{"rendered":"Masina de carotat Rothenberger RODIACUT 400\/RODIADRILL 500"},"content":{"rendered":"<p><a title=\"Masina de carotat Rothenberger RODIACUT 400\/RODIADRILL 500\" href=\"https:\/\/eurotech-iasi.ro\/magazinonline\/produs\/masina-de-carotat-rothenberger-rodiacut-400-rodiadrill-500\/\" rel=\"nofollow\"><strong>Masina de carotat Rothenberger RODIACUT 400\/RODIADRILL 500<\/strong><\/a> &#8211; masina de carotat pentru diametre mari de gaurire, de utilizare intens\u0103<br \/>\nSuport<strong> RODIACUT\u00ae 400 PRO<\/strong>:<br \/>\nGama de foraj: &#8211; f\u0103r\u0103 inel de colectare a apei max. \u00d8 500 mm cu plac\u0103 distan\u0163atoare<br \/>\nAdaptor fixare motor de g\u0103urit: fixare direct\u0103 pe placa c\u0103ruciorului mobil<br \/>\nL x l x h:\u00a0 460 x 260 x 1100 mm<br \/>\nLungimea cursei: 680 mm<br \/>\nGreutate: 28.4 kg<br \/>\nMotorul: <strong>RODIADRILL 500<\/strong><br \/>\nPuterea intrare\/iesire: 4000 W \/ 3000 W<br \/>\nTrei viteze: 1 &#8211; moment de 185Nm \/ 2 &#8211; moment de 107 Nm \/3 &#8211; moment 55 Nm<br \/>\nFixare supoert pe perete\/pardoseala: cu \u0219uruburi<br \/>\nGama recomandat\u0103:<br \/>\n&#8211; sta\u021bionar umed \u00een beton (armat) \u00f8 32 \u2013 400 mm<br \/>\n&#8211; sta\u021bionar uscat \u00een c\u0103r\u0103mid\u0103 \u00f8 32 \u2013 400 mm<\/p>\n<p><strong>2 MODURI DE LUCRU CU UN SINGUR DISPOZITIV!<\/strong><\/p>\n<ul>\n<li>\u00d8 32\u2013400 mm pentru carotare stationara umeda in beton armat<\/li>\n<li>\u00d8 32\u2013400 mm pentru carotare uscata stationara in zidarie<\/li>\n<\/ul>\n<h2><strong>Specificatii tehnice &#8211; Masina de carotat Rothenberger RODIACUT 400\/RODIADRILL 500:<\/strong><\/h2>\n<p><strong>Putere:\u00a0<\/strong>4000 W<br \/>\n<strong>Moment max. de rotatie:\u00a0<\/strong>185 Nm<br \/>\n<strong>Diam. max. gaurire umeda:<\/strong> 400 mm<br \/>\n<strong>Sistem de prindere:\u00a0<\/strong>1\/2&#8243; + 1.1\/4\u201d<\/p>\n<p><strong>Set de livrare:<\/strong><\/p>\n<p><strong>Stativ <\/strong>RODIACUT 400<strong><br \/>\nMotor <\/strong>Rodiadrill 500<strong><br \/>\nChei fixe <\/strong>19\/24\/36\/41<strong><br \/>\nCheie imbus <\/strong>6 mm<strong><br \/>\nFurtun <\/strong>de apa AQUA STOP<strong><br \/>\nSet de prindere in beton <\/strong>FF35120<strong><br \/>\nGeant\u0103 <\/strong>pentru chei<br \/>\n<strong>Opritor<\/strong> magnetic<\/p>\n<p>&nbsp;<\/p>\n<p><iframe loading=\"lazy\" title=\"YouTube video player\" src=\"https:\/\/www.youtube.com\/embed\/oWtnx9Duiq4\" width=\"560\" height=\"315\" frameborder=\"0\" allowfullscreen=\"allowfullscreen\"><\/iframe><\/p>\n<p>&nbsp;<\/p>\n","protected":false},"excerpt":{"rendered":"<p><strong>Masina de carotat Rothenberger RODIACUT 400\/RODIADRILL 500<\/strong> poate fi folosit atat pentru gaurire umeda stationara in beton armat \u00d8 32 \u2013 400 mm cat si pentru gaurire uscata stationara in zidarie \u00d8 32 \u2013 400 mm.<\/p>\n<p><em><strong>Cod produs: FF34500<\/strong><\/em><\/p>\n<p>&nbsp;<\/p>\n<p>&nbsp;<\/p>\n","protected":false},"featured_media":37536,"comment_status":"open","ping_status":"closed","template":"","meta":{"_acf_changed":false},"product_cat":[8218],"product_tag":[],"woo-feed-brand":[],"class_list":{"0":"post-37532","1":"product","2":"type-product","3":"status-publish","4":"has-post-thumbnail","6":"product_brand-rothenberger","7":"product_cat-masini-de-carotat","8":"pa_brand-rothenberger","9":"pa_cupla-185nm-vit-1-107nm-vit-2-55nm-vit-3","10":"pa_putere-iesire-3000-w","11":"pa_putere-intrare-4000-w","13":"first","14":"instock","15":"purchasable","16":"product-type-simple"},"acf":[],"yoast_head":"<!-- This site is optimized with the Yoast SEO plugin v27.5 - https:\/\/yoast.com\/product\/yoast-seo-wordpress\/ -->\n<title>Masina de carotat Rothenberger RODIACUT 400\/RODIADRILL 500 - Eurotech Iasi<\/title>\n<meta name=\"description\" content=\"Masina de carotat Rothenberger RODIACUT 400\/RODIADRILL 500 poate fi folosit atat pentru gaurire umeda cat si pentru gaurire uscata.\" \/>\n<meta name=\"robots\" content=\"index, follow, max-snippet:-1, max-image-preview:large, max-video-preview:-1\" \/>\n<link rel=\"canonical\" href=\"https:\/\/eurotech-iasi.ro\/magazinonline\/produs\/masina-de-carotat-rothenberger-rodiacut-400-rodiadrill-500\/\" \/>\n<meta property=\"og:locale\" content=\"ro_RO\" \/>\n<meta property=\"og:type\" content=\"article\" \/>\n<meta property=\"og:title\" content=\"Masina de carotat Rothenberger RODIACUT 400\/RODIADRILL 500 - Eurotech Iasi\" \/>\n<meta property=\"og:description\" content=\"Masina de carotat Rothenberger RODIACUT 400\/RODIADRILL 500 poate fi folosit atat pentru gaurire umeda cat si pentru gaurire uscata.\" \/>\n<meta property=\"og:url\" content=\"https:\/\/eurotech-iasi.ro\/magazinonline\/produs\/masina-de-carotat-rothenberger-rodiacut-400-rodiadrill-500\/\" \/>\n<meta property=\"og:site_name\" content=\"Eurotech Iasi\" \/>\n<meta property=\"article:publisher\" content=\"https:\/\/www.facebook.com\/EurotechIasi\/\" \/>\n<meta property=\"article:modified_time\" content=\"2026-03-20T13:19:23+00:00\" \/>\n<meta property=\"og:image\" content=\"https:\/\/eurotech-iasi.ro\/magazinonline\/wp-content\/uploads\/2019\/11\/masina-de-carotat-rothenberger-rodiacut-400-rodiadrill-500-iasi-eurotech.jpg\" \/>\n\t<meta property=\"og:image:width\" content=\"710\" \/>\n\t<meta property=\"og:image:height\" content=\"710\" \/>\n\t<meta property=\"og:image:type\" content=\"image\/jpeg\" \/>\n<meta name=\"twitter:label1\" content=\"Timp estimat pentru citire\" \/>\n\t<meta name=\"twitter:data1\" content=\"1 minut\" \/>\n<script type=\"application\/ld+json\" class=\"yoast-schema-graph\">{\"@context\":\"https:\\\/\\\/schema.org\",\"@graph\":[{\"@type\":\"WebPage\",\"@id\":\"https:\\\/\\\/eurotech-iasi.ro\\\/magazinonline\\\/produs\\\/masina-de-carotat-rothenberger-rodiacut-400-rodiadrill-500\\\/\",\"url\":\"https:\\\/\\\/eurotech-iasi.ro\\\/magazinonline\\\/produs\\\/masina-de-carotat-rothenberger-rodiacut-400-rodiadrill-500\\\/\",\"name\":\"Masina de carotat Rothenberger RODIACUT 400\\\/RODIADRILL 500 - Eurotech Iasi\",\"isPartOf\":{\"@id\":\"https:\\\/\\\/eurotech-iasi.ro\\\/magazinonline\\\/#website\"},\"primaryImageOfPage\":{\"@id\":\"https:\\\/\\\/eurotech-iasi.ro\\\/magazinonline\\\/produs\\\/masina-de-carotat-rothenberger-rodiacut-400-rodiadrill-500\\\/#primaryimage\"},\"image\":{\"@id\":\"https:\\\/\\\/eurotech-iasi.ro\\\/magazinonline\\\/produs\\\/masina-de-carotat-rothenberger-rodiacut-400-rodiadrill-500\\\/#primaryimage\"},\"thumbnailUrl\":\"https:\\\/\\\/eurotech-iasi.ro\\\/magazinonline\\\/wp-content\\\/uploads\\\/2019\\\/11\\\/masina-de-carotat-rothenberger-rodiacut-400-rodiadrill-500-iasi-eurotech.jpg\",\"datePublished\":\"2019-11-19T07:31:00+00:00\",\"dateModified\":\"2026-03-20T13:19:23+00:00\",\"description\":\"Masina de carotat Rothenberger RODIACUT 400\\\/RODIADRILL 500 poate fi folosit atat pentru gaurire umeda cat si pentru gaurire uscata.\",\"breadcrumb\":{\"@id\":\"https:\\\/\\\/eurotech-iasi.ro\\\/magazinonline\\\/produs\\\/masina-de-carotat-rothenberger-rodiacut-400-rodiadrill-500\\\/#breadcrumb\"},\"inLanguage\":\"ro-RO\",\"potentialAction\":[{\"@type\":\"ReadAction\",\"target\":[\"https:\\\/\\\/eurotech-iasi.ro\\\/magazinonline\\\/produs\\\/masina-de-carotat-rothenberger-rodiacut-400-rodiadrill-500\\\/\"]}]},{\"@type\":\"ImageObject\",\"inLanguage\":\"ro-RO\",\"@id\":\"https:\\\/\\\/eurotech-iasi.ro\\\/magazinonline\\\/produs\\\/masina-de-carotat-rothenberger-rodiacut-400-rodiadrill-500\\\/#primaryimage\",\"url\":\"https:\\\/\\\/eurotech-iasi.ro\\\/magazinonline\\\/wp-content\\\/uploads\\\/2019\\\/11\\\/masina-de-carotat-rothenberger-rodiacut-400-rodiadrill-500-iasi-eurotech.jpg\",\"contentUrl\":\"https:\\\/\\\/eurotech-iasi.ro\\\/magazinonline\\\/wp-content\\\/uploads\\\/2019\\\/11\\\/masina-de-carotat-rothenberger-rodiacut-400-rodiadrill-500-iasi-eurotech.jpg\",\"width\":710,\"height\":710},{\"@type\":\"BreadcrumbList\",\"@id\":\"https:\\\/\\\/eurotech-iasi.ro\\\/magazinonline\\\/produs\\\/masina-de-carotat-rothenberger-rodiacut-400-rodiadrill-500\\\/#breadcrumb\",\"itemListElement\":[{\"@type\":\"ListItem\",\"position\":1,\"name\":\"Prima pagin\u0103\",\"item\":\"https:\\\/\\\/eurotech-iasi.ro\\\/magazinonline\\\/\"},{\"@type\":\"ListItem\",\"position\":2,\"name\":\"Shop\",\"item\":\"https:\\\/\\\/eurotech-iasi.ro\\\/magazinonline\\\/shop\\\/\"},{\"@type\":\"ListItem\",\"position\":3,\"name\":\"Masina de carotat Rothenberger RODIACUT 400\\\/RODIADRILL 500\"}]},{\"@type\":\"WebSite\",\"@id\":\"https:\\\/\\\/eurotech-iasi.ro\\\/magazinonline\\\/#website\",\"url\":\"https:\\\/\\\/eurotech-iasi.ro\\\/magazinonline\\\/\",\"name\":\"Eurotech Iasi\",\"description\":\"Cu oameni seriosi\",\"publisher\":{\"@id\":\"https:\\\/\\\/eurotech-iasi.ro\\\/magazinonline\\\/#organization\"},\"potentialAction\":[{\"@type\":\"SearchAction\",\"target\":{\"@type\":\"EntryPoint\",\"urlTemplate\":\"https:\\\/\\\/eurotech-iasi.ro\\\/magazinonline\\\/?s={search_term_string}\"},\"query-input\":{\"@type\":\"PropertyValueSpecification\",\"valueRequired\":true,\"valueName\":\"search_term_string\"}}],\"inLanguage\":\"ro-RO\"},{\"@type\":\"Organization\",\"@id\":\"https:\\\/\\\/eurotech-iasi.ro\\\/magazinonline\\\/#organization\",\"name\":\"Eurotech Iasi\",\"url\":\"https:\\\/\\\/eurotech-iasi.ro\\\/magazinonline\\\/\",\"logo\":{\"@type\":\"ImageObject\",\"inLanguage\":\"ro-RO\",\"@id\":\"https:\\\/\\\/eurotech-iasi.ro\\\/magazinonline\\\/#\\\/schema\\\/logo\\\/image\\\/\",\"url\":\"https:\\\/\\\/eurotech-iasi.ro\\\/magazinonline\\\/wp-content\\\/uploads\\\/2020\\\/08\\\/logo-eurotech.png\",\"contentUrl\":\"https:\\\/\\\/eurotech-iasi.ro\\\/magazinonline\\\/wp-content\\\/uploads\\\/2020\\\/08\\\/logo-eurotech.png\",\"width\":290,\"height\":70,\"caption\":\"Eurotech Iasi\"},\"image\":{\"@id\":\"https:\\\/\\\/eurotech-iasi.ro\\\/magazinonline\\\/#\\\/schema\\\/logo\\\/image\\\/\"},\"sameAs\":[\"https:\\\/\\\/www.facebook.com\\\/EurotechIasi\\\/\"]}]}<\/script>\n<!-- \/ Yoast SEO plugin. -->","yoast_head_json":{"title":"Masina de carotat Rothenberger RODIACUT 400\/RODIADRILL 500 - Eurotech Iasi","description":"Masina de carotat Rothenberger RODIACUT 400\/RODIADRILL 500 poate fi folosit atat pentru gaurire umeda cat si pentru gaurire uscata.","robots":{"index":"index","follow":"follow","max-snippet":"max-snippet:-1","max-image-preview":"max-image-preview:large","max-video-preview":"max-video-preview:-1"},"canonical":"https:\/\/eurotech-iasi.ro\/magazinonline\/produs\/masina-de-carotat-rothenberger-rodiacut-400-rodiadrill-500\/","og_locale":"ro_RO","og_type":"article","og_title":"Masina de carotat Rothenberger RODIACUT 400\/RODIADRILL 500 - Eurotech Iasi","og_description":"Masina de carotat Rothenberger RODIACUT 400\/RODIADRILL 500 poate fi folosit atat pentru gaurire umeda cat si pentru gaurire uscata.","og_url":"https:\/\/eurotech-iasi.ro\/magazinonline\/produs\/masina-de-carotat-rothenberger-rodiacut-400-rodiadrill-500\/","og_site_name":"Eurotech Iasi","article_publisher":"https:\/\/www.facebook.com\/EurotechIasi\/","article_modified_time":"2026-03-20T13:19:23+00:00","og_image":[{"width":710,"height":710,"url":"https:\/\/eurotech-iasi.ro\/magazinonline\/wp-content\/uploads\/2019\/11\/masina-de-carotat-rothenberger-rodiacut-400-rodiadrill-500-iasi-eurotech.jpg","type":"image\/jpeg"}],"twitter_misc":{"Timp estimat pentru citire":"1 minut"},"schema":{"@context":"https:\/\/schema.org","@graph":[{"@type":"WebPage","@id":"https:\/\/eurotech-iasi.ro\/magazinonline\/produs\/masina-de-carotat-rothenberger-rodiacut-400-rodiadrill-500\/","url":"https:\/\/eurotech-iasi.ro\/magazinonline\/produs\/masina-de-carotat-rothenberger-rodiacut-400-rodiadrill-500\/","name":"Masina de carotat Rothenberger RODIACUT 400\/RODIADRILL 500 - Eurotech Iasi","isPartOf":{"@id":"https:\/\/eurotech-iasi.ro\/magazinonline\/#website"},"primaryImageOfPage":{"@id":"https:\/\/eurotech-iasi.ro\/magazinonline\/produs\/masina-de-carotat-rothenberger-rodiacut-400-rodiadrill-500\/#primaryimage"},"image":{"@id":"https:\/\/eurotech-iasi.ro\/magazinonline\/produs\/masina-de-carotat-rothenberger-rodiacut-400-rodiadrill-500\/#primaryimage"},"thumbnailUrl":"https:\/\/eurotech-iasi.ro\/magazinonline\/wp-content\/uploads\/2019\/11\/masina-de-carotat-rothenberger-rodiacut-400-rodiadrill-500-iasi-eurotech.jpg","datePublished":"2019-11-19T07:31:00+00:00","dateModified":"2026-03-20T13:19:23+00:00","description":"Masina de carotat Rothenberger RODIACUT 400\/RODIADRILL 500 poate fi folosit atat pentru gaurire umeda cat si pentru gaurire uscata.","breadcrumb":{"@id":"https:\/\/eurotech-iasi.ro\/magazinonline\/produs\/masina-de-carotat-rothenberger-rodiacut-400-rodiadrill-500\/#breadcrumb"},"inLanguage":"ro-RO","potentialAction":[{"@type":"ReadAction","target":["https:\/\/eurotech-iasi.ro\/magazinonline\/produs\/masina-de-carotat-rothenberger-rodiacut-400-rodiadrill-500\/"]}]},{"@type":"ImageObject","inLanguage":"ro-RO","@id":"https:\/\/eurotech-iasi.ro\/magazinonline\/produs\/masina-de-carotat-rothenberger-rodiacut-400-rodiadrill-500\/#primaryimage","url":"https:\/\/eurotech-iasi.ro\/magazinonline\/wp-content\/uploads\/2019\/11\/masina-de-carotat-rothenberger-rodiacut-400-rodiadrill-500-iasi-eurotech.jpg","contentUrl":"https:\/\/eurotech-iasi.ro\/magazinonline\/wp-content\/uploads\/2019\/11\/masina-de-carotat-rothenberger-rodiacut-400-rodiadrill-500-iasi-eurotech.jpg","width":710,"height":710},{"@type":"BreadcrumbList","@id":"https:\/\/eurotech-iasi.ro\/magazinonline\/produs\/masina-de-carotat-rothenberger-rodiacut-400-rodiadrill-500\/#breadcrumb","itemListElement":[{"@type":"ListItem","position":1,"name":"Prima pagin\u0103","item":"https:\/\/eurotech-iasi.ro\/magazinonline\/"},{"@type":"ListItem","position":2,"name":"Shop","item":"https:\/\/eurotech-iasi.ro\/magazinonline\/shop\/"},{"@type":"ListItem","position":3,"name":"Masina de carotat Rothenberger RODIACUT 400\/RODIADRILL 500"}]},{"@type":"WebSite","@id":"https:\/\/eurotech-iasi.ro\/magazinonline\/#website","url":"https:\/\/eurotech-iasi.ro\/magazinonline\/","name":"Eurotech Iasi","description":"Cu oameni seriosi","publisher":{"@id":"https:\/\/eurotech-iasi.ro\/magazinonline\/#organization"},"potentialAction":[{"@type":"SearchAction","target":{"@type":"EntryPoint","urlTemplate":"https:\/\/eurotech-iasi.ro\/magazinonline\/?s={search_term_string}"},"query-input":{"@type":"PropertyValueSpecification","valueRequired":true,"valueName":"search_term_string"}}],"inLanguage":"ro-RO"},{"@type":"Organization","@id":"https:\/\/eurotech-iasi.ro\/magazinonline\/#organization","name":"Eurotech Iasi","url":"https:\/\/eurotech-iasi.ro\/magazinonline\/","logo":{"@type":"ImageObject","inLanguage":"ro-RO","@id":"https:\/\/eurotech-iasi.ro\/magazinonline\/#\/schema\/logo\/image\/","url":"https:\/\/eurotech-iasi.ro\/magazinonline\/wp-content\/uploads\/2020\/08\/logo-eurotech.png","contentUrl":"https:\/\/eurotech-iasi.ro\/magazinonline\/wp-content\/uploads\/2020\/08\/logo-eurotech.png","width":290,"height":70,"caption":"Eurotech Iasi"},"image":{"@id":"https:\/\/eurotech-iasi.ro\/magazinonline\/#\/schema\/logo\/image\/"},"sameAs":["https:\/\/www.facebook.com\/EurotechIasi\/"]}]}},"_links":{"self":[{"href":"https:\/\/eurotech-iasi.ro\/magazinonline\/wp-json\/wp\/v2\/product\/37532","targetHints":{"allow":["GET"]}}],"collection":[{"href":"https:\/\/eurotech-iasi.ro\/magazinonline\/wp-json\/wp\/v2\/product"}],"about":[{"href":"https:\/\/eurotech-iasi.ro\/magazinonline\/wp-json\/wp\/v2\/types\/product"}],"replies":[{"embeddable":true,"href":"https:\/\/eurotech-iasi.ro\/magazinonline\/wp-json\/wp\/v2\/comments?post=37532"}],"wp:featuredmedia":[{"embeddable":true,"href":"https:\/\/eurotech-iasi.ro\/magazinonline\/wp-json\/wp\/v2\/media\/37536"}],"wp:attachment":[{"href":"https:\/\/eurotech-iasi.ro\/magazinonline\/wp-json\/wp\/v2\/media?parent=37532"}],"wp:term":[{"taxonomy":"product_cat","embeddable":true,"href":"https:\/\/eurotech-iasi.ro\/magazinonline\/wp-json\/wp\/v2\/product_cat?post=37532"},{"taxonomy":"product_tag","embeddable":true,"href":"https:\/\/eurotech-iasi.ro\/magazinonline\/wp-json\/wp\/v2\/product_tag?post=37532"},{"taxonomy":"woo-feed-brand","embeddable":true,"href":"https:\/\/eurotech-iasi.ro\/magazinonline\/wp-json\/wp\/v2\/woo-feed-brand?post=37532"}],"curies":[{"name":"wp","href":"https:\/\/api.w.org\/{rel}","templated":true}]}}