{"id":39884,"date":"2019-11-29T17:01:35","date_gmt":"2019-11-29T15:01:35","guid":{"rendered":"https:\/\/eurotech-iasi.ro\/magazinonline\/?post_type=product&#038;p=39884"},"modified":"2024-01-10T15:56:37","modified_gmt":"2024-01-10T13:56:37","slug":"masina-de-gaurit-si-insurubat-bosch-gsr-18-v-60-fc","status":"publish","type":"product","link":"https:\/\/eurotech-iasi.ro\/magazinonline\/produs\/masina-de-gaurit-si-insurubat-bosch-gsr-18-v-60-fc\/","title":{"rendered":"Masina de gaurit si insurubat Bosch GSR 18 V-60 FC"},"content":{"rendered":"<p><a title=\"Masina de gaurit si insurubat Bosch GSR 18 V-60 FC\" href=\"https:\/\/eurotech-iasi.ro\/magazinonline\/produs\/masina-de-gaurit-si-insurubat-bosch-gsr-18-v-60-fc\/\" rel=\"nofollow\"><strong>Masina de gaurit si insurubat Bosch GSR 18 V-60 FC <\/strong><\/a>este echipat cu mai multe adaptoare reglabile asigura solutia optima pentru orice situatie de lucru.<\/p>\n<p><strong>Beneficii pentru utilizatori:<\/strong><\/p>\n<ul>\n<li>Sistem FlexiClick Bosch: compact si flexibil pentru orice lucrare in clasa de 18 V<\/li>\n<li>Flexibilitate deplina: cu mai multe adaptoare reglabile, sistemul FlexiClick Bosch asigurp solutia optima pentru orice situatie de lucru<\/li>\n<li>Manevrare usoara: adaptoarele Bosch FlexiClick pot fi fixate in 16 pozitii diferite (360\u00b0), fara a trebui sa fie demontate de pe surubelnita cu acumulator<\/li>\n<li>Versatil: atasamentul unic ciocan rotopercutor transforma masina de gaurit\/Insurubat intr-un ciocan rotopercutor veritabil<\/li>\n<\/ul>\n<h2>Specificatii tehnice &#8211; <strong>Masina de gaurit si insurubat Bosch GSR 18 V-60 FC:<\/strong><\/h2>\n<p><strong>Cuplu (de insurubare \u00een condi\u0163ii u\u015foare\/grele\/max.):<\/strong> 31\/60\/- Nm<br \/>\n<strong>Turaie la mersul \u00een gol<\/strong> treapta 1-a\/a 2-a 0 \u2013 600 \/ 0 \u2013 1.900 rot\/min<br \/>\n<strong>Tip acumulatori <\/strong>Tehnologie 18 V System<br \/>\n<strong>Domeniu de strangere, minim\/maxim<\/strong> 1,5 \/ 13 mm<br \/>\n<strong>Tensiunea acumulatorului<\/strong> 18.0 V<br \/>\n<strong>Greutate excl. acumulator <\/strong>0.9 kg<br \/>\n<strong>Trepte ale momentului de torsiune<\/strong> 20+1<br \/>\n<strong>Dimensiuni scula (l)<\/strong> 140 mm<br \/>\n<strong>Dimensiuni scula (L) <\/strong>246 mm<br \/>\n<strong>Dimensiuni scula (h) <\/strong>204 mm<br \/>\n<strong>Capacitate acumulator<\/strong> 5,0 Ah<br \/>\n<strong>Diam. de gaurire \u00een lemn, maxim <\/strong>38 mm<br \/>\n<strong>Diam. maxim suruburi <\/strong>10 mm<br \/>\n<strong>Nivel presiune sonora <\/strong>75 dB(A)<br \/>\n<strong>Nivel putere sonora<\/strong>\u00a086 dB(A)<\/p>\n<p><strong>Set de livrare:<\/strong><\/p>\n<p>&#8211; 2 x acumulatori GBA 18V 5.0Ah<br \/>\n&#8211; Incarcator rapid GAL 1880 CV<span class=\"a-ordernumber grey-text grey-text\">1<\/span><br \/>\n&#8211; L-BOXX 136<span class=\"a-ordernumber grey-text grey-text\">1\u00a0600\u00a0A01\u00a02G0<\/span><br \/>\n&#8211; Insertie L-BOXX scula electrica si incarcator<br \/>\n&#8211; Adaptor mandrina din metal GFA 18-M Professional<br \/>\n&#8211; Adaptor unghiular excentric GFA 18-E Professional<br \/>\n&#8211; Adaptor unghiular GFA 18-W Professional<br \/>\n&#8211; Adaptor ciocan incl. maner auxiliar GFA 18-H Professional<\/p>\n","protected":false},"excerpt":{"rendered":"<p><strong>Masina de gaurit si insurubat Bosch GSR 18 V-60 FC<\/strong> ideal pentru orice lucrare in clasa de 18 V.<\/p>\n<p><em><strong>Cod produs: 06019G7100<\/strong><\/em><\/p>\n","protected":false},"featured_media":78190,"comment_status":"open","ping_status":"closed","template":"","meta":{"_acf_changed":false},"product_cat":[4346,4335],"product_tag":[],"woo-feed-brand":[],"class_list":{"0":"post-39884","1":"product","2":"type-product","3":"status-publish","4":"has-post-thumbnail","6":"product_brand-bosch","7":"product_cat-masini-de-gaurit-si-insurubat-cu-acumulator","8":"product_cat-scule-electrice-cu-acumulatori","9":"pa_brand-bosch","10":"pa_diametru-max-gaurire-lemn-38-mm","11":"pa_diametru-max-gaurire-otel-13-mm","12":"pa_diametru-maxim-suruburi-10-mm","13":"pa_greutate-16-kg","14":"pa_tensiune-acumulatori-18-v","15":"pa_turatie-de-mers-in-gol-0-600-0-1-900-rot-min","17":"first","18":"outofstock","19":"purchasable","20":"product-type-simple"},"acf":[],"yoast_head":"<!-- This site is optimized with the Yoast SEO plugin v27.5 - https:\/\/yoast.com\/product\/yoast-seo-wordpress\/ -->\n<title>Masina de gaurit si insurubat Bosch GSR 18 V-60 FC - Eurotech Iasi<\/title>\n<meta name=\"description\" content=\"Masina de gaurit si insurubat Bosch GSR 18 V-60 FC,sistem FlexiClick Bosch compact si flexibil, ideal pentru orice lucrare in clasa de 18 V.\" \/>\n<meta name=\"robots\" content=\"index, follow, max-snippet:-1, max-image-preview:large, max-video-preview:-1\" \/>\n<link rel=\"canonical\" href=\"https:\/\/eurotech-iasi.ro\/magazinonline\/produs\/masina-de-gaurit-si-insurubat-bosch-gsr-18-v-60-fc\/\" \/>\n<meta property=\"og:locale\" content=\"ro_RO\" \/>\n<meta property=\"og:type\" content=\"article\" \/>\n<meta property=\"og:title\" content=\"Masina de gaurit si insurubat Bosch GSR 18 V-60 FC - Eurotech Iasi\" \/>\n<meta property=\"og:description\" content=\"Masina de gaurit si insurubat Bosch GSR 18 V-60 FC,sistem FlexiClick Bosch compact si flexibil, ideal pentru orice lucrare in clasa de 18 V.\" \/>\n<meta property=\"og:url\" content=\"https:\/\/eurotech-iasi.ro\/magazinonline\/produs\/masina-de-gaurit-si-insurubat-bosch-gsr-18-v-60-fc\/\" \/>\n<meta property=\"og:site_name\" content=\"Eurotech Iasi\" \/>\n<meta property=\"article:publisher\" content=\"https:\/\/www.facebook.com\/EurotechIasi\/\" \/>\n<meta property=\"article:modified_time\" content=\"2024-01-10T13:56:37+00:00\" \/>\n<meta property=\"og:image\" content=\"https:\/\/eurotech-iasi.ro\/magazinonline\/wp-content\/uploads\/2019\/11\/Masina-de-gaurit-si-insurubat-Bosch-GSR-18-V-60-FC-1.jpg\" \/>\n\t<meta property=\"og:image:width\" content=\"750\" \/>\n\t<meta property=\"og:image:height\" content=\"750\" \/>\n\t<meta property=\"og:image:type\" content=\"image\/jpeg\" \/>\n<meta name=\"twitter:label1\" content=\"Timp estimat pentru citire\" \/>\n\t<meta name=\"twitter:data1\" content=\"1 minut\" \/>\n<script type=\"application\/ld+json\" class=\"yoast-schema-graph\">{\"@context\":\"https:\\\/\\\/schema.org\",\"@graph\":[{\"@type\":\"WebPage\",\"@id\":\"https:\\\/\\\/eurotech-iasi.ro\\\/magazinonline\\\/produs\\\/masina-de-gaurit-si-insurubat-bosch-gsr-18-v-60-fc\\\/\",\"url\":\"https:\\\/\\\/eurotech-iasi.ro\\\/magazinonline\\\/produs\\\/masina-de-gaurit-si-insurubat-bosch-gsr-18-v-60-fc\\\/\",\"name\":\"Masina de gaurit si insurubat Bosch GSR 18 V-60 FC - Eurotech Iasi\",\"isPartOf\":{\"@id\":\"https:\\\/\\\/eurotech-iasi.ro\\\/magazinonline\\\/#website\"},\"primaryImageOfPage\":{\"@id\":\"https:\\\/\\\/eurotech-iasi.ro\\\/magazinonline\\\/produs\\\/masina-de-gaurit-si-insurubat-bosch-gsr-18-v-60-fc\\\/#primaryimage\"},\"image\":{\"@id\":\"https:\\\/\\\/eurotech-iasi.ro\\\/magazinonline\\\/produs\\\/masina-de-gaurit-si-insurubat-bosch-gsr-18-v-60-fc\\\/#primaryimage\"},\"thumbnailUrl\":\"https:\\\/\\\/eurotech-iasi.ro\\\/magazinonline\\\/wp-content\\\/uploads\\\/2019\\\/11\\\/Masina-de-gaurit-si-insurubat-Bosch-GSR-18-V-60-FC-1.jpg\",\"datePublished\":\"2019-11-29T15:01:35+00:00\",\"dateModified\":\"2024-01-10T13:56:37+00:00\",\"description\":\"Masina de gaurit si insurubat Bosch GSR 18 V-60 FC,sistem FlexiClick Bosch compact si flexibil, ideal pentru orice lucrare in clasa de 18 V.\",\"breadcrumb\":{\"@id\":\"https:\\\/\\\/eurotech-iasi.ro\\\/magazinonline\\\/produs\\\/masina-de-gaurit-si-insurubat-bosch-gsr-18-v-60-fc\\\/#breadcrumb\"},\"inLanguage\":\"ro-RO\",\"potentialAction\":[{\"@type\":\"ReadAction\",\"target\":[\"https:\\\/\\\/eurotech-iasi.ro\\\/magazinonline\\\/produs\\\/masina-de-gaurit-si-insurubat-bosch-gsr-18-v-60-fc\\\/\"]}]},{\"@type\":\"ImageObject\",\"inLanguage\":\"ro-RO\",\"@id\":\"https:\\\/\\\/eurotech-iasi.ro\\\/magazinonline\\\/produs\\\/masina-de-gaurit-si-insurubat-bosch-gsr-18-v-60-fc\\\/#primaryimage\",\"url\":\"https:\\\/\\\/eurotech-iasi.ro\\\/magazinonline\\\/wp-content\\\/uploads\\\/2019\\\/11\\\/Masina-de-gaurit-si-insurubat-Bosch-GSR-18-V-60-FC-1.jpg\",\"contentUrl\":\"https:\\\/\\\/eurotech-iasi.ro\\\/magazinonline\\\/wp-content\\\/uploads\\\/2019\\\/11\\\/Masina-de-gaurit-si-insurubat-Bosch-GSR-18-V-60-FC-1.jpg\",\"width\":750,\"height\":750,\"caption\":\"Masina de gaurit si insurubat Bosch GSR 18 V-60 FC\"},{\"@type\":\"BreadcrumbList\",\"@id\":\"https:\\\/\\\/eurotech-iasi.ro\\\/magazinonline\\\/produs\\\/masina-de-gaurit-si-insurubat-bosch-gsr-18-v-60-fc\\\/#breadcrumb\",\"itemListElement\":[{\"@type\":\"ListItem\",\"position\":1,\"name\":\"Prima pagin\u0103\",\"item\":\"https:\\\/\\\/eurotech-iasi.ro\\\/magazinonline\\\/\"},{\"@type\":\"ListItem\",\"position\":2,\"name\":\"Shop\",\"item\":\"https:\\\/\\\/eurotech-iasi.ro\\\/magazinonline\\\/shop\\\/\"},{\"@type\":\"ListItem\",\"position\":3,\"name\":\"Masina de gaurit si insurubat Bosch GSR 18 V-60 FC\"}]},{\"@type\":\"WebSite\",\"@id\":\"https:\\\/\\\/eurotech-iasi.ro\\\/magazinonline\\\/#website\",\"url\":\"https:\\\/\\\/eurotech-iasi.ro\\\/magazinonline\\\/\",\"name\":\"Eurotech Iasi\",\"description\":\"Cu oameni seriosi\",\"publisher\":{\"@id\":\"https:\\\/\\\/eurotech-iasi.ro\\\/magazinonline\\\/#organization\"},\"potentialAction\":[{\"@type\":\"SearchAction\",\"target\":{\"@type\":\"EntryPoint\",\"urlTemplate\":\"https:\\\/\\\/eurotech-iasi.ro\\\/magazinonline\\\/?s={search_term_string}\"},\"query-input\":{\"@type\":\"PropertyValueSpecification\",\"valueRequired\":true,\"valueName\":\"search_term_string\"}}],\"inLanguage\":\"ro-RO\"},{\"@type\":\"Organization\",\"@id\":\"https:\\\/\\\/eurotech-iasi.ro\\\/magazinonline\\\/#organization\",\"name\":\"Eurotech Iasi\",\"url\":\"https:\\\/\\\/eurotech-iasi.ro\\\/magazinonline\\\/\",\"logo\":{\"@type\":\"ImageObject\",\"inLanguage\":\"ro-RO\",\"@id\":\"https:\\\/\\\/eurotech-iasi.ro\\\/magazinonline\\\/#\\\/schema\\\/logo\\\/image\\\/\",\"url\":\"https:\\\/\\\/eurotech-iasi.ro\\\/magazinonline\\\/wp-content\\\/uploads\\\/2020\\\/08\\\/logo-eurotech.png\",\"contentUrl\":\"https:\\\/\\\/eurotech-iasi.ro\\\/magazinonline\\\/wp-content\\\/uploads\\\/2020\\\/08\\\/logo-eurotech.png\",\"width\":290,\"height\":70,\"caption\":\"Eurotech Iasi\"},\"image\":{\"@id\":\"https:\\\/\\\/eurotech-iasi.ro\\\/magazinonline\\\/#\\\/schema\\\/logo\\\/image\\\/\"},\"sameAs\":[\"https:\\\/\\\/www.facebook.com\\\/EurotechIasi\\\/\"]}]}<\/script>\n<!-- \/ Yoast SEO plugin. -->","yoast_head_json":{"title":"Masina de gaurit si insurubat Bosch GSR 18 V-60 FC - Eurotech Iasi","description":"Masina de gaurit si insurubat Bosch GSR 18 V-60 FC,sistem FlexiClick Bosch compact si flexibil, ideal pentru orice lucrare in clasa de 18 V.","robots":{"index":"index","follow":"follow","max-snippet":"max-snippet:-1","max-image-preview":"max-image-preview:large","max-video-preview":"max-video-preview:-1"},"canonical":"https:\/\/eurotech-iasi.ro\/magazinonline\/produs\/masina-de-gaurit-si-insurubat-bosch-gsr-18-v-60-fc\/","og_locale":"ro_RO","og_type":"article","og_title":"Masina de gaurit si insurubat Bosch GSR 18 V-60 FC - Eurotech Iasi","og_description":"Masina de gaurit si insurubat Bosch GSR 18 V-60 FC,sistem FlexiClick Bosch compact si flexibil, ideal pentru orice lucrare in clasa de 18 V.","og_url":"https:\/\/eurotech-iasi.ro\/magazinonline\/produs\/masina-de-gaurit-si-insurubat-bosch-gsr-18-v-60-fc\/","og_site_name":"Eurotech Iasi","article_publisher":"https:\/\/www.facebook.com\/EurotechIasi\/","article_modified_time":"2024-01-10T13:56:37+00:00","og_image":[{"width":750,"height":750,"url":"https:\/\/eurotech-iasi.ro\/magazinonline\/wp-content\/uploads\/2019\/11\/Masina-de-gaurit-si-insurubat-Bosch-GSR-18-V-60-FC-1.jpg","type":"image\/jpeg"}],"twitter_misc":{"Timp estimat pentru citire":"1 minut"},"schema":{"@context":"https:\/\/schema.org","@graph":[{"@type":"WebPage","@id":"https:\/\/eurotech-iasi.ro\/magazinonline\/produs\/masina-de-gaurit-si-insurubat-bosch-gsr-18-v-60-fc\/","url":"https:\/\/eurotech-iasi.ro\/magazinonline\/produs\/masina-de-gaurit-si-insurubat-bosch-gsr-18-v-60-fc\/","name":"Masina de gaurit si insurubat Bosch GSR 18 V-60 FC - Eurotech Iasi","isPartOf":{"@id":"https:\/\/eurotech-iasi.ro\/magazinonline\/#website"},"primaryImageOfPage":{"@id":"https:\/\/eurotech-iasi.ro\/magazinonline\/produs\/masina-de-gaurit-si-insurubat-bosch-gsr-18-v-60-fc\/#primaryimage"},"image":{"@id":"https:\/\/eurotech-iasi.ro\/magazinonline\/produs\/masina-de-gaurit-si-insurubat-bosch-gsr-18-v-60-fc\/#primaryimage"},"thumbnailUrl":"https:\/\/eurotech-iasi.ro\/magazinonline\/wp-content\/uploads\/2019\/11\/Masina-de-gaurit-si-insurubat-Bosch-GSR-18-V-60-FC-1.jpg","datePublished":"2019-11-29T15:01:35+00:00","dateModified":"2024-01-10T13:56:37+00:00","description":"Masina de gaurit si insurubat Bosch GSR 18 V-60 FC,sistem FlexiClick Bosch compact si flexibil, ideal pentru orice lucrare in clasa de 18 V.","breadcrumb":{"@id":"https:\/\/eurotech-iasi.ro\/magazinonline\/produs\/masina-de-gaurit-si-insurubat-bosch-gsr-18-v-60-fc\/#breadcrumb"},"inLanguage":"ro-RO","potentialAction":[{"@type":"ReadAction","target":["https:\/\/eurotech-iasi.ro\/magazinonline\/produs\/masina-de-gaurit-si-insurubat-bosch-gsr-18-v-60-fc\/"]}]},{"@type":"ImageObject","inLanguage":"ro-RO","@id":"https:\/\/eurotech-iasi.ro\/magazinonline\/produs\/masina-de-gaurit-si-insurubat-bosch-gsr-18-v-60-fc\/#primaryimage","url":"https:\/\/eurotech-iasi.ro\/magazinonline\/wp-content\/uploads\/2019\/11\/Masina-de-gaurit-si-insurubat-Bosch-GSR-18-V-60-FC-1.jpg","contentUrl":"https:\/\/eurotech-iasi.ro\/magazinonline\/wp-content\/uploads\/2019\/11\/Masina-de-gaurit-si-insurubat-Bosch-GSR-18-V-60-FC-1.jpg","width":750,"height":750,"caption":"Masina de gaurit si insurubat Bosch GSR 18 V-60 FC"},{"@type":"BreadcrumbList","@id":"https:\/\/eurotech-iasi.ro\/magazinonline\/produs\/masina-de-gaurit-si-insurubat-bosch-gsr-18-v-60-fc\/#breadcrumb","itemListElement":[{"@type":"ListItem","position":1,"name":"Prima pagin\u0103","item":"https:\/\/eurotech-iasi.ro\/magazinonline\/"},{"@type":"ListItem","position":2,"name":"Shop","item":"https:\/\/eurotech-iasi.ro\/magazinonline\/shop\/"},{"@type":"ListItem","position":3,"name":"Masina de gaurit si insurubat Bosch GSR 18 V-60 FC"}]},{"@type":"WebSite","@id":"https:\/\/eurotech-iasi.ro\/magazinonline\/#website","url":"https:\/\/eurotech-iasi.ro\/magazinonline\/","name":"Eurotech Iasi","description":"Cu oameni seriosi","publisher":{"@id":"https:\/\/eurotech-iasi.ro\/magazinonline\/#organization"},"potentialAction":[{"@type":"SearchAction","target":{"@type":"EntryPoint","urlTemplate":"https:\/\/eurotech-iasi.ro\/magazinonline\/?s={search_term_string}"},"query-input":{"@type":"PropertyValueSpecification","valueRequired":true,"valueName":"search_term_string"}}],"inLanguage":"ro-RO"},{"@type":"Organization","@id":"https:\/\/eurotech-iasi.ro\/magazinonline\/#organization","name":"Eurotech Iasi","url":"https:\/\/eurotech-iasi.ro\/magazinonline\/","logo":{"@type":"ImageObject","inLanguage":"ro-RO","@id":"https:\/\/eurotech-iasi.ro\/magazinonline\/#\/schema\/logo\/image\/","url":"https:\/\/eurotech-iasi.ro\/magazinonline\/wp-content\/uploads\/2020\/08\/logo-eurotech.png","contentUrl":"https:\/\/eurotech-iasi.ro\/magazinonline\/wp-content\/uploads\/2020\/08\/logo-eurotech.png","width":290,"height":70,"caption":"Eurotech Iasi"},"image":{"@id":"https:\/\/eurotech-iasi.ro\/magazinonline\/#\/schema\/logo\/image\/"},"sameAs":["https:\/\/www.facebook.com\/EurotechIasi\/"]}]}},"_links":{"self":[{"href":"https:\/\/eurotech-iasi.ro\/magazinonline\/wp-json\/wp\/v2\/product\/39884","targetHints":{"allow":["GET"]}}],"collection":[{"href":"https:\/\/eurotech-iasi.ro\/magazinonline\/wp-json\/wp\/v2\/product"}],"about":[{"href":"https:\/\/eurotech-iasi.ro\/magazinonline\/wp-json\/wp\/v2\/types\/product"}],"replies":[{"embeddable":true,"href":"https:\/\/eurotech-iasi.ro\/magazinonline\/wp-json\/wp\/v2\/comments?post=39884"}],"wp:featuredmedia":[{"embeddable":true,"href":"https:\/\/eurotech-iasi.ro\/magazinonline\/wp-json\/wp\/v2\/media\/78190"}],"wp:attachment":[{"href":"https:\/\/eurotech-iasi.ro\/magazinonline\/wp-json\/wp\/v2\/media?parent=39884"}],"wp:term":[{"taxonomy":"product_cat","embeddable":true,"href":"https:\/\/eurotech-iasi.ro\/magazinonline\/wp-json\/wp\/v2\/product_cat?post=39884"},{"taxonomy":"product_tag","embeddable":true,"href":"https:\/\/eurotech-iasi.ro\/magazinonline\/wp-json\/wp\/v2\/product_tag?post=39884"},{"taxonomy":"woo-feed-brand","embeddable":true,"href":"https:\/\/eurotech-iasi.ro\/magazinonline\/wp-json\/wp\/v2\/woo-feed-brand?post=39884"}],"curies":[{"name":"wp","href":"https:\/\/api.w.org\/{rel}","templated":true}]}}