{"id":58931,"date":"2020-04-22T11:22:58","date_gmt":"2020-04-22T08:22:58","guid":{"rendered":"https:\/\/eurotech-iasi.ro\/magazinonline\/?post_type=product&#038;p=58931"},"modified":"2026-01-05T11:02:53","modified_gmt":"2026-01-05T09:02:53","slug":"masina-de-frezat-caneluri-bosch-gnf-35-ca","status":"publish","type":"product","link":"https:\/\/eurotech-iasi.ro\/magazinonline\/produs\/masina-de-frezat-caneluri-bosch-gnf-35-ca\/","title":{"rendered":"Masina de frezat caneluri BOSCH GNF 35 CA"},"content":{"rendered":"<p><strong>Masina de frezat caneluri BOSCH GNF 35 CA<\/strong> dotat cu sistem Constant Electronic pentru o turatie constanta sub sarcina. Usor de manevrat cu un design ergonomic al manerului si posibilitati de prindere flexibile.<\/p>\n<p><strong>GNF 35 CA <\/strong>cu sistem de etansare impotriva prafului patentat de Bosch ce garanteaza cea mai indelungata durata de utilizare.<\/p>\n<p>Setul de livrare include:<\/p>\n<ul>\n<li class=\"m-conversion_area__li\">Flansa de prindere (numar de piesa de schimb: 3 609 202 039)<\/li>\n<li class=\"m-conversion_area__li\">Extractor (numar de piesa de schimb: 3 607 950 000)<\/li>\n<li class=\"m-conversion_area__li\">Piuli\u0163\u0103 rotund\u0103 (numar de piesa de schimb: 3 609 202 040)<\/li>\n<li class=\"m-conversion_area__li\">Cheie pentru splinturi cotita: <span class=\"a-ordernumber grey-text grey-text\">3\u00a0607\u00a0950\u00a0017<\/span><\/li>\n<li class=\"m-conversion_area__li\">3 distantiere, 4 mm (numar de piesa de schimb: 3 609 202 041)<\/li>\n<li class=\"m-conversion_area__li\">4 distantiere, 6 mm<\/li>\n<li class=\"m-conversion_area__li\">Valiza profesionala: <span class=\"a-ordernumber grey-text grey-text\">3\u00a0605\u00a0438\u00a0053<\/span><\/li>\n<\/ul>\n<p>&nbsp;<\/p>\n<p>&nbsp;<\/p>\n","protected":false},"excerpt":{"rendered":"<p><strong>Masina de frezat caneluri BOSCH GNF 35 CA<\/strong> usor de manevrat cu un design ergonomic al manerului si posibilitati de prindere flexibile.<\/p>\n<p><strong><em>Cod produs: 0601621708<\/em><\/strong><\/p>\n","protected":false},"featured_media":58936,"comment_status":"open","ping_status":"closed","template":"","meta":{"_acf_changed":false},"product_cat":[4306],"product_tag":[],"woo-feed-brand":[],"class_list":{"0":"post-58931","1":"product","2":"type-product","3":"status-publish","4":"has-post-thumbnail","6":"product_brand-bosch","7":"product_cat-scule-electrice","8":"pa_brand-bosch","9":"pa_diametru-disc-150-mm","10":"pa_greutate-4-7-kg","11":"pa_latime-taiere-3-39-mm","12":"pa_putere-nominala-1-400-w","14":"first","15":"instock","16":"purchasable","17":"product-type-simple"},"acf":[],"yoast_head":"<!-- This site is optimized with the Yoast SEO plugin v27.3 - https:\/\/yoast.com\/product\/yoast-seo-wordpress\/ -->\n<title>Masina de frezat caneluri BOSCH GNF 35 CA - Eurotech Iasi<\/title>\n<meta name=\"description\" content=\"Masina de frezat caneluri BOSCH GNF 35 CA, usor de manevrat cu un design ergonomic al manerului si posibilitati de prindere flexibile.\" \/>\n<meta name=\"robots\" content=\"index, follow, max-snippet:-1, max-image-preview:large, max-video-preview:-1\" \/>\n<link rel=\"canonical\" href=\"https:\/\/eurotech-iasi.ro\/magazinonline\/produs\/masina-de-frezat-caneluri-bosch-gnf-35-ca\/\" \/>\n<meta property=\"og:locale\" content=\"ro_RO\" \/>\n<meta property=\"og:type\" content=\"article\" \/>\n<meta property=\"og:title\" content=\"Masina de frezat caneluri BOSCH GNF 35 CA - Eurotech Iasi\" \/>\n<meta property=\"og:description\" content=\"Masina de frezat caneluri BOSCH GNF 35 CA, usor de manevrat cu un design ergonomic al manerului si posibilitati de prindere flexibile.\" \/>\n<meta property=\"og:url\" content=\"https:\/\/eurotech-iasi.ro\/magazinonline\/produs\/masina-de-frezat-caneluri-bosch-gnf-35-ca\/\" \/>\n<meta property=\"og:site_name\" content=\"Eurotech Iasi\" \/>\n<meta property=\"article:publisher\" content=\"https:\/\/www.facebook.com\/EurotechIasi\/\" \/>\n<meta property=\"article:modified_time\" content=\"2026-01-05T09:02:53+00:00\" \/>\n<meta property=\"og:image\" content=\"https:\/\/eurotech-iasi.ro\/magazinonline\/wp-content\/uploads\/2020\/04\/masina-de-frezat-caneluri-bosch-gnf-35-ca-eurotech-iasi.jpg\" \/>\n\t<meta property=\"og:image:width\" content=\"710\" \/>\n\t<meta property=\"og:image:height\" content=\"710\" \/>\n\t<meta property=\"og:image:type\" content=\"image\/jpeg\" \/>\n<script type=\"application\/ld+json\" class=\"yoast-schema-graph\">{\"@context\":\"https:\\\/\\\/schema.org\",\"@graph\":[{\"@type\":\"WebPage\",\"@id\":\"https:\\\/\\\/eurotech-iasi.ro\\\/magazinonline\\\/produs\\\/masina-de-frezat-caneluri-bosch-gnf-35-ca\\\/\",\"url\":\"https:\\\/\\\/eurotech-iasi.ro\\\/magazinonline\\\/produs\\\/masina-de-frezat-caneluri-bosch-gnf-35-ca\\\/\",\"name\":\"Masina de frezat caneluri BOSCH GNF 35 CA - Eurotech Iasi\",\"isPartOf\":{\"@id\":\"https:\\\/\\\/eurotech-iasi.ro\\\/magazinonline\\\/#website\"},\"primaryImageOfPage\":{\"@id\":\"https:\\\/\\\/eurotech-iasi.ro\\\/magazinonline\\\/produs\\\/masina-de-frezat-caneluri-bosch-gnf-35-ca\\\/#primaryimage\"},\"image\":{\"@id\":\"https:\\\/\\\/eurotech-iasi.ro\\\/magazinonline\\\/produs\\\/masina-de-frezat-caneluri-bosch-gnf-35-ca\\\/#primaryimage\"},\"thumbnailUrl\":\"https:\\\/\\\/eurotech-iasi.ro\\\/magazinonline\\\/wp-content\\\/uploads\\\/2020\\\/04\\\/masina-de-frezat-caneluri-bosch-gnf-35-ca-eurotech-iasi.jpg\",\"datePublished\":\"2020-04-22T08:22:58+00:00\",\"dateModified\":\"2026-01-05T09:02:53+00:00\",\"description\":\"Masina de frezat caneluri BOSCH GNF 35 CA, usor de manevrat cu un design ergonomic al manerului si posibilitati de prindere flexibile.\",\"breadcrumb\":{\"@id\":\"https:\\\/\\\/eurotech-iasi.ro\\\/magazinonline\\\/produs\\\/masina-de-frezat-caneluri-bosch-gnf-35-ca\\\/#breadcrumb\"},\"inLanguage\":\"ro-RO\",\"potentialAction\":[{\"@type\":\"ReadAction\",\"target\":[\"https:\\\/\\\/eurotech-iasi.ro\\\/magazinonline\\\/produs\\\/masina-de-frezat-caneluri-bosch-gnf-35-ca\\\/\"]}]},{\"@type\":\"ImageObject\",\"inLanguage\":\"ro-RO\",\"@id\":\"https:\\\/\\\/eurotech-iasi.ro\\\/magazinonline\\\/produs\\\/masina-de-frezat-caneluri-bosch-gnf-35-ca\\\/#primaryimage\",\"url\":\"https:\\\/\\\/eurotech-iasi.ro\\\/magazinonline\\\/wp-content\\\/uploads\\\/2020\\\/04\\\/masina-de-frezat-caneluri-bosch-gnf-35-ca-eurotech-iasi.jpg\",\"contentUrl\":\"https:\\\/\\\/eurotech-iasi.ro\\\/magazinonline\\\/wp-content\\\/uploads\\\/2020\\\/04\\\/masina-de-frezat-caneluri-bosch-gnf-35-ca-eurotech-iasi.jpg\",\"width\":710,\"height\":710},{\"@type\":\"BreadcrumbList\",\"@id\":\"https:\\\/\\\/eurotech-iasi.ro\\\/magazinonline\\\/produs\\\/masina-de-frezat-caneluri-bosch-gnf-35-ca\\\/#breadcrumb\",\"itemListElement\":[{\"@type\":\"ListItem\",\"position\":1,\"name\":\"Prima pagin\u0103\",\"item\":\"https:\\\/\\\/eurotech-iasi.ro\\\/magazinonline\\\/\"},{\"@type\":\"ListItem\",\"position\":2,\"name\":\"Shop\",\"item\":\"https:\\\/\\\/eurotech-iasi.ro\\\/magazinonline\\\/shop\\\/\"},{\"@type\":\"ListItem\",\"position\":3,\"name\":\"Masina de frezat caneluri BOSCH GNF 35 CA\"}]},{\"@type\":\"WebSite\",\"@id\":\"https:\\\/\\\/eurotech-iasi.ro\\\/magazinonline\\\/#website\",\"url\":\"https:\\\/\\\/eurotech-iasi.ro\\\/magazinonline\\\/\",\"name\":\"Eurotech Iasi\",\"description\":\"Cu oameni seriosi\",\"publisher\":{\"@id\":\"https:\\\/\\\/eurotech-iasi.ro\\\/magazinonline\\\/#organization\"},\"potentialAction\":[{\"@type\":\"SearchAction\",\"target\":{\"@type\":\"EntryPoint\",\"urlTemplate\":\"https:\\\/\\\/eurotech-iasi.ro\\\/magazinonline\\\/?s={search_term_string}\"},\"query-input\":{\"@type\":\"PropertyValueSpecification\",\"valueRequired\":true,\"valueName\":\"search_term_string\"}}],\"inLanguage\":\"ro-RO\"},{\"@type\":\"Organization\",\"@id\":\"https:\\\/\\\/eurotech-iasi.ro\\\/magazinonline\\\/#organization\",\"name\":\"Eurotech Iasi\",\"url\":\"https:\\\/\\\/eurotech-iasi.ro\\\/magazinonline\\\/\",\"logo\":{\"@type\":\"ImageObject\",\"inLanguage\":\"ro-RO\",\"@id\":\"https:\\\/\\\/eurotech-iasi.ro\\\/magazinonline\\\/#\\\/schema\\\/logo\\\/image\\\/\",\"url\":\"https:\\\/\\\/eurotech-iasi.ro\\\/magazinonline\\\/wp-content\\\/uploads\\\/2020\\\/08\\\/logo-eurotech.png\",\"contentUrl\":\"https:\\\/\\\/eurotech-iasi.ro\\\/magazinonline\\\/wp-content\\\/uploads\\\/2020\\\/08\\\/logo-eurotech.png\",\"width\":290,\"height\":70,\"caption\":\"Eurotech Iasi\"},\"image\":{\"@id\":\"https:\\\/\\\/eurotech-iasi.ro\\\/magazinonline\\\/#\\\/schema\\\/logo\\\/image\\\/\"},\"sameAs\":[\"https:\\\/\\\/www.facebook.com\\\/EurotechIasi\\\/\"]}]}<\/script>\n<!-- \/ Yoast SEO plugin. -->","yoast_head_json":{"title":"Masina de frezat caneluri BOSCH GNF 35 CA - Eurotech Iasi","description":"Masina de frezat caneluri BOSCH GNF 35 CA, usor de manevrat cu un design ergonomic al manerului si posibilitati de prindere flexibile.","robots":{"index":"index","follow":"follow","max-snippet":"max-snippet:-1","max-image-preview":"max-image-preview:large","max-video-preview":"max-video-preview:-1"},"canonical":"https:\/\/eurotech-iasi.ro\/magazinonline\/produs\/masina-de-frezat-caneluri-bosch-gnf-35-ca\/","og_locale":"ro_RO","og_type":"article","og_title":"Masina de frezat caneluri BOSCH GNF 35 CA - Eurotech Iasi","og_description":"Masina de frezat caneluri BOSCH GNF 35 CA, usor de manevrat cu un design ergonomic al manerului si posibilitati de prindere flexibile.","og_url":"https:\/\/eurotech-iasi.ro\/magazinonline\/produs\/masina-de-frezat-caneluri-bosch-gnf-35-ca\/","og_site_name":"Eurotech Iasi","article_publisher":"https:\/\/www.facebook.com\/EurotechIasi\/","article_modified_time":"2026-01-05T09:02:53+00:00","og_image":[{"width":710,"height":710,"url":"https:\/\/eurotech-iasi.ro\/magazinonline\/wp-content\/uploads\/2020\/04\/masina-de-frezat-caneluri-bosch-gnf-35-ca-eurotech-iasi.jpg","type":"image\/jpeg"}],"schema":{"@context":"https:\/\/schema.org","@graph":[{"@type":"WebPage","@id":"https:\/\/eurotech-iasi.ro\/magazinonline\/produs\/masina-de-frezat-caneluri-bosch-gnf-35-ca\/","url":"https:\/\/eurotech-iasi.ro\/magazinonline\/produs\/masina-de-frezat-caneluri-bosch-gnf-35-ca\/","name":"Masina de frezat caneluri BOSCH GNF 35 CA - Eurotech Iasi","isPartOf":{"@id":"https:\/\/eurotech-iasi.ro\/magazinonline\/#website"},"primaryImageOfPage":{"@id":"https:\/\/eurotech-iasi.ro\/magazinonline\/produs\/masina-de-frezat-caneluri-bosch-gnf-35-ca\/#primaryimage"},"image":{"@id":"https:\/\/eurotech-iasi.ro\/magazinonline\/produs\/masina-de-frezat-caneluri-bosch-gnf-35-ca\/#primaryimage"},"thumbnailUrl":"https:\/\/eurotech-iasi.ro\/magazinonline\/wp-content\/uploads\/2020\/04\/masina-de-frezat-caneluri-bosch-gnf-35-ca-eurotech-iasi.jpg","datePublished":"2020-04-22T08:22:58+00:00","dateModified":"2026-01-05T09:02:53+00:00","description":"Masina de frezat caneluri BOSCH GNF 35 CA, usor de manevrat cu un design ergonomic al manerului si posibilitati de prindere flexibile.","breadcrumb":{"@id":"https:\/\/eurotech-iasi.ro\/magazinonline\/produs\/masina-de-frezat-caneluri-bosch-gnf-35-ca\/#breadcrumb"},"inLanguage":"ro-RO","potentialAction":[{"@type":"ReadAction","target":["https:\/\/eurotech-iasi.ro\/magazinonline\/produs\/masina-de-frezat-caneluri-bosch-gnf-35-ca\/"]}]},{"@type":"ImageObject","inLanguage":"ro-RO","@id":"https:\/\/eurotech-iasi.ro\/magazinonline\/produs\/masina-de-frezat-caneluri-bosch-gnf-35-ca\/#primaryimage","url":"https:\/\/eurotech-iasi.ro\/magazinonline\/wp-content\/uploads\/2020\/04\/masina-de-frezat-caneluri-bosch-gnf-35-ca-eurotech-iasi.jpg","contentUrl":"https:\/\/eurotech-iasi.ro\/magazinonline\/wp-content\/uploads\/2020\/04\/masina-de-frezat-caneluri-bosch-gnf-35-ca-eurotech-iasi.jpg","width":710,"height":710},{"@type":"BreadcrumbList","@id":"https:\/\/eurotech-iasi.ro\/magazinonline\/produs\/masina-de-frezat-caneluri-bosch-gnf-35-ca\/#breadcrumb","itemListElement":[{"@type":"ListItem","position":1,"name":"Prima pagin\u0103","item":"https:\/\/eurotech-iasi.ro\/magazinonline\/"},{"@type":"ListItem","position":2,"name":"Shop","item":"https:\/\/eurotech-iasi.ro\/magazinonline\/shop\/"},{"@type":"ListItem","position":3,"name":"Masina de frezat caneluri BOSCH GNF 35 CA"}]},{"@type":"WebSite","@id":"https:\/\/eurotech-iasi.ro\/magazinonline\/#website","url":"https:\/\/eurotech-iasi.ro\/magazinonline\/","name":"Eurotech Iasi","description":"Cu oameni seriosi","publisher":{"@id":"https:\/\/eurotech-iasi.ro\/magazinonline\/#organization"},"potentialAction":[{"@type":"SearchAction","target":{"@type":"EntryPoint","urlTemplate":"https:\/\/eurotech-iasi.ro\/magazinonline\/?s={search_term_string}"},"query-input":{"@type":"PropertyValueSpecification","valueRequired":true,"valueName":"search_term_string"}}],"inLanguage":"ro-RO"},{"@type":"Organization","@id":"https:\/\/eurotech-iasi.ro\/magazinonline\/#organization","name":"Eurotech Iasi","url":"https:\/\/eurotech-iasi.ro\/magazinonline\/","logo":{"@type":"ImageObject","inLanguage":"ro-RO","@id":"https:\/\/eurotech-iasi.ro\/magazinonline\/#\/schema\/logo\/image\/","url":"https:\/\/eurotech-iasi.ro\/magazinonline\/wp-content\/uploads\/2020\/08\/logo-eurotech.png","contentUrl":"https:\/\/eurotech-iasi.ro\/magazinonline\/wp-content\/uploads\/2020\/08\/logo-eurotech.png","width":290,"height":70,"caption":"Eurotech Iasi"},"image":{"@id":"https:\/\/eurotech-iasi.ro\/magazinonline\/#\/schema\/logo\/image\/"},"sameAs":["https:\/\/www.facebook.com\/EurotechIasi\/"]}]}},"_links":{"self":[{"href":"https:\/\/eurotech-iasi.ro\/magazinonline\/wp-json\/wp\/v2\/product\/58931","targetHints":{"allow":["GET"]}}],"collection":[{"href":"https:\/\/eurotech-iasi.ro\/magazinonline\/wp-json\/wp\/v2\/product"}],"about":[{"href":"https:\/\/eurotech-iasi.ro\/magazinonline\/wp-json\/wp\/v2\/types\/product"}],"replies":[{"embeddable":true,"href":"https:\/\/eurotech-iasi.ro\/magazinonline\/wp-json\/wp\/v2\/comments?post=58931"}],"wp:featuredmedia":[{"embeddable":true,"href":"https:\/\/eurotech-iasi.ro\/magazinonline\/wp-json\/wp\/v2\/media\/58936"}],"wp:attachment":[{"href":"https:\/\/eurotech-iasi.ro\/magazinonline\/wp-json\/wp\/v2\/media?parent=58931"}],"wp:term":[{"taxonomy":"product_cat","embeddable":true,"href":"https:\/\/eurotech-iasi.ro\/magazinonline\/wp-json\/wp\/v2\/product_cat?post=58931"},{"taxonomy":"product_tag","embeddable":true,"href":"https:\/\/eurotech-iasi.ro\/magazinonline\/wp-json\/wp\/v2\/product_tag?post=58931"},{"taxonomy":"woo-feed-brand","embeddable":true,"href":"https:\/\/eurotech-iasi.ro\/magazinonline\/wp-json\/wp\/v2\/woo-feed-brand?post=58931"}],"curies":[{"name":"wp","href":"https:\/\/api.w.org\/{rel}","templated":true}]}}