{"id":75518,"date":"2022-08-29T17:08:13","date_gmt":"2022-08-29T14:08:13","guid":{"rendered":"https:\/\/eurotech-iasi.ro\/magazinonline\/?post_type=product&#038;p=75518"},"modified":"2026-03-09T15:44:56","modified_gmt":"2026-03-09T13:44:56","slug":"tractoras-de-tuns-iarba-stihl-rt-5097","status":"publish","type":"product","link":"https:\/\/eurotech-iasi.ro\/magazinonline\/produs\/tractoras-de-tuns-iarba-stihl-rt-5097\/","title":{"rendered":"Tractoras de tuns iarba STIHL RT 5097"},"content":{"rendered":"<p><a title=\"Tractoras de tuns iarba cu cos colector de 250 l, STIHL RT 5097.1\" href=\"https:\/\/eurotech-iasi.ro\/magazinonline\/produs\/tractoras-de-tuns-iarba-cu-cos-colector-de-250-l-stihl-rt-50971\/\" rel=\"nofollow\"><strong>Tractoras de tuns iarba STIHL RT 5097 <\/strong><\/a>\u00a0 model RT5097.1 va ajuta sa intretineti zone extinse de gazon. Cu dotarile sale de confort si mecanismele de comanda aflate la indemana, acest tractoras de tuns iarba va ofera tehnologia de care aveti nevoie pentru ingrijire fara efort a gazonului.<\/p>\n<p>Puteti regla scaunul confortabil cu arc al acestui tractor de gazon exact la inaltimea corpului dumneavoastra, fara a folosi unelte. Datorita reglajului simplu al inaltimii de taiere si a ambreiajului electromagnetic al lamei pentru activarea si dezactivarea puntii de cosit, obtineti o performanta la fel de ridicata de cosire si rezultate de inalta calitate. Sistemul de gestionare a prinderii de pe ambele parti ale platformei de cosit ajuta la adunarea cat mai completa a gazonului pe toata latimea de taiere si la ghidarea acesteia catre lamele de taiere.<\/p>\n<p>Puteti schimba directia de deplasare a tractorului de gazon de la treapta inainte la treapta inapoi cu o singura actiune. Datorita manerului practic al arcului, cutia de colectare a iarba de 250 de litri poate fi golita fara efort de pe scaunul soferului. Cutia de colectare a iarba din plastic cu design \u201ebasculant\u201d este foarte usor de curatat.<\/p>\n<ul>\n<li style=\"text-align: left;\"><em>Actionare cu 1 pedala pentru manevrare rapida<\/em><br \/>\n<em>Reglarea inaltimii de taiere usor de utilizat si ambreiajul lamei<\/em><\/li>\n<li style=\"text-align: left;\"><em>Pentru proprietarii de gradini private si gradinarii<\/em><\/li>\n<li style=\"text-align: left;\"><em>Confortabil datorita scaunului soferului reglabil<\/em><\/li>\n<li style=\"text-align: left;\"><em>Masina de tuns iarba puternica pentru intretinerea gazonului mare<\/em><\/li>\n<li style=\"text-align: left;\"><em>Cutie de colectare a iarba din plastic de 250 litri cu maner cu sabie<\/em><\/li>\n<\/ul>\n<h2>Specificatii tehnice &#8211; Tractoras de tuns iarba STIHL RT 5097:<\/h2>\n<p><strong>Suprafata gazonului &#8211;<\/strong>\u00a0Pana la 6000 m\u00b2<br \/>\n<strong>Latime de taiere<\/strong> &#8211; 95 cm<br \/>\n<strong>Inaltime de taiere<\/strong> &#8211; 30-100 mm<br \/>\n<strong>Volum cutie de colectare iarba<\/strong> &#8211; 250 l<br \/>\n<strong>Tip transmisie<\/strong> &#8211; hidrostatica<br \/>\n<strong>Capacitate rezervor<\/strong> &#8211; 9 l<br \/>\n<strong>Deplasare &#8211;<\/strong> 452 cm\u00b3<br \/>\n<strong>Motor &#8211;<\/strong>\u00a0In 4 timpi<br \/>\n<strong>Tip motor &#8211;<\/strong> STIHL EVC 4.000<br \/>\n<strong>Capacitate cilindrica<\/strong>: 500 cmc<br \/>\n<strong>Combustibil:<\/strong> Benzina fara plumb<br \/>\n<strong>Capacitate rezervor combustibil:<\/strong> 9 l<br \/>\n<strong>Putere nominala<\/strong> &#8211; 8,2 kW \/ 11,1 CP<br \/>\n<strong>Cutie de viteze<\/strong>: Hidrostatica<br \/>\n<strong>Actionare:<\/strong> Reglabila continuu<br \/>\n<strong>Viteza de lucru<\/strong> &#8211; 2750 rpm<br \/>\n<strong>Latimea aparatului cu masina de tuns<\/strong> &#8211; 98 cm<br \/>\n<strong>Lungimea dispozitivului<\/strong> &#8211; 206 cm<br \/>\n<strong>Inaltimea aparatului<\/strong> &#8211; 115 cm<br \/>\n<strong>Nivel de putere sonora garantat LWA &#8211;<\/strong> 100 dB(A)<br \/>\n<strong>Nivelul de presiune acustica masurat LpA<\/strong> &#8211; 86 dB(A)<br \/>\n<strong>Dimensiuni (L x l x h)<\/strong> &#8211; 2420 x 1010 x 1160 mm<br \/>\n<strong>Greutate &#8211;<\/strong> 231 kg<\/p>\n<p><span style=\"text-decoration: underline;\"><em><strong>Documentatie tehnica:<\/strong><\/em><\/span><\/p>\n<p><a title=\"Fisa tehnica tractoras tuns iarba Stihl RT 5097.1\" href=\"https:\/\/eurotech-iasi.ro\/magazinonline\/wp-content\/uploads\/2023\/04\/RT-5097-C-Tractoras-de-tuns-iarba-pentru-taiere-cu-precizie.pdf\" target=\"_blank\" rel=\"noopener\"><strong><em><u>\ud83d\udce5 Fisa tehnica<\/u><\/em><\/strong><\/a><br \/>\n<iframe loading=\"lazy\" title=\"YouTube video player\" src=\"https:\/\/www.youtube.com\/embed\/pcb9iB0YaZY\" width=\"650\" height=\"315\" frameborder=\"0\" allowfullscreen=\"allowfullscreen\"><\/iframe><\/p>\n","protected":false},"excerpt":{"rendered":"<p><strong>Tractoras de tuns iarba STIHL RT 5097<\/strong> model RT 5097.1\u00a0 va va ajuta sa intretineti zone extinse de gazon. Cu dotarile sale de confort si mecanismele de comanda aflate la indemana, acest tractoras de tuns iarba va ofera tehnologia de care aveti nevoie pentru ingrijire fara efort a gazonului.<\/p>\n<p><em><strong>Cod produs: 61602000023<\/strong><\/em><\/p>\n<p><span style=\"color: #ff0000;\"><em><a href=\"https:\/\/eurotech-iasi.ro\/magazinonline\/?attachment_id=87685\" rel=\"attachment wp-att-87685\"><img loading=\"lazy\" decoding=\"async\" class=\"wp-image-87685 aligncenter\" src=\"https:\/\/eurotech-iasi.ro\/magazinonline\/wp-content\/uploads\/2019\/06\/2-1-150x150.png\" alt=\"\" width=\"72\" height=\"72\" srcset=\"https:\/\/eurotech-iasi.ro\/magazinonline\/wp-content\/uploads\/2019\/06\/2-1-150x150.png 150w, https:\/\/eurotech-iasi.ro\/magazinonline\/wp-content\/uploads\/2019\/06\/2-1-100x100.png 100w, https:\/\/eurotech-iasi.ro\/magazinonline\/wp-content\/uploads\/2019\/06\/2-1.png 200w\" sizes=\"auto, (max-width: 72px) 100vw, 72px\" \/><\/a><\/em><\/span><\/p>\n<h5><span style=\"color: #eb782b;\"><em><strong>\u00a0<a href=\"https:\/\/eurotech-iasi.ro\/magazinonline\/termeni-si-conditii\/\">*Garan\u021bie 2 ani<\/a> + 6 luni Extra Garan\u021bie. <\/strong><\/em><\/span><\/h5>\n<h5><span style=\"color: #eb782b;\"><em><strong>\u00cenregistreaz\u0103\u00a0 produsul achizi\u021bionat de la noi, \u00een termen de <\/strong><\/em><\/span><span style=\"color: #003366;\"><em><strong>30 de zile de la cump\u0103rare<\/strong><\/em><\/span><span style=\"color: #eb782b;\"><em><strong>, pe site-ul oficial STIHL la adresa<a href=\"https:\/\/preg.stihl.com\/product?lang=RO_ro&amp;country=RO\">\u00a0preg.stihl.com<\/a> \u0219i profit\u0103 de prelungirea gratuit\u0103 a garan\u021biei cu 6 luni !<\/strong><\/em><\/span><\/h5>\n","protected":false},"featured_media":75519,"comment_status":"open","ping_status":"closed","template":"","meta":{"_acf_changed":false},"product_cat":[6413,4337,4368,6412],"product_tag":[],"woo-feed-brand":[],"class_list":{"0":"post-75518","1":"product","2":"type-product","3":"status-publish","4":"has-post-thumbnail","6":"product_brand-stihl","7":"product_cat-extra-reduceri","8":"product_cat-gradinarit-agricultura","9":"product_cat-masini-de-tuns-gazonul","10":"product_cat-promotie-stihl","11":"pa_brand-stihl","12":"pa_capacitate-cilindrica-500-cmc","13":"pa_combustibil-benzina-fara-plumb-2","14":"pa_greutate-231-kg","15":"pa_inaltime-de-taiere-30-100-mm","16":"pa_latime-taiere-95-cm","17":"pa_motor-4-timpi","18":"pa_putere-nominala-82-kw-111-cp","19":"pa_volum-cos-colector-250-l","21":"first","22":"instock","23":"sale","24":"shipping-taxable","25":"purchasable","26":"product-type-simple"},"acf":[],"yoast_head":"<!-- This site is optimized with the Yoast SEO plugin v27.3 - https:\/\/yoast.com\/product\/yoast-seo-wordpress\/ -->\n<title>Tractoras de tuns iarba STIHL RT 5097 - Eurotech Iasi<\/title>\n<meta name=\"description\" content=\"Tractoras de tuns iarba STIHL RT 5097 ideal pentru \u00eentre\u021binerea eficient\u0103 a peluzelor mari, at\u00e2t de c\u0103tre utilizatorii priva\u021bi \u0219i pentru \u00eentre\u021binerea profesional\u0103 a gr\u0103dinilor.\" \/>\n<meta name=\"robots\" content=\"index, follow, max-snippet:-1, max-image-preview:large, max-video-preview:-1\" \/>\n<link rel=\"canonical\" href=\"https:\/\/eurotech-iasi.ro\/magazinonline\/produs\/tractoras-de-tuns-iarba-stihl-rt-5097\/\" \/>\n<meta property=\"og:locale\" content=\"ro_RO\" \/>\n<meta property=\"og:type\" content=\"article\" \/>\n<meta property=\"og:title\" content=\"Tractoras de tuns iarba STIHL RT 5097 - Eurotech Iasi\" \/>\n<meta property=\"og:description\" content=\"Tractoras de tuns iarba STIHL RT 5097 ideal pentru \u00eentre\u021binerea eficient\u0103 a peluzelor mari, at\u00e2t de c\u0103tre utilizatorii priva\u021bi \u0219i pentru \u00eentre\u021binerea profesional\u0103 a gr\u0103dinilor.\" \/>\n<meta property=\"og:url\" content=\"https:\/\/eurotech-iasi.ro\/magazinonline\/produs\/tractoras-de-tuns-iarba-stihl-rt-5097\/\" \/>\n<meta property=\"og:site_name\" content=\"Eurotech Iasi\" \/>\n<meta property=\"article:publisher\" content=\"https:\/\/www.facebook.com\/EurotechIasi\/\" \/>\n<meta property=\"article:modified_time\" content=\"2026-03-09T13:44:56+00:00\" \/>\n<meta property=\"og:image\" content=\"https:\/\/eurotech-iasi.ro\/magazinonline\/wp-content\/uploads\/2022\/08\/Tractoras-de-tuns-iarba-STIHL-RT-5097-cu-cos-colector-pentru-iarba-1.png\" \/>\n\t<meta property=\"og:image:width\" content=\"750\" \/>\n\t<meta property=\"og:image:height\" content=\"750\" \/>\n\t<meta property=\"og:image:type\" content=\"image\/png\" \/>\n<meta name=\"twitter:label1\" content=\"Timp estimat pentru citire\" \/>\n\t<meta name=\"twitter:data1\" content=\"3 minute\" \/>\n<script type=\"application\/ld+json\" class=\"yoast-schema-graph\">{\"@context\":\"https:\\\/\\\/schema.org\",\"@graph\":[{\"@type\":\"WebPage\",\"@id\":\"https:\\\/\\\/eurotech-iasi.ro\\\/magazinonline\\\/produs\\\/tractoras-de-tuns-iarba-stihl-rt-5097\\\/\",\"url\":\"https:\\\/\\\/eurotech-iasi.ro\\\/magazinonline\\\/produs\\\/tractoras-de-tuns-iarba-stihl-rt-5097\\\/\",\"name\":\"Tractoras de tuns iarba STIHL RT 5097 - Eurotech Iasi\",\"isPartOf\":{\"@id\":\"https:\\\/\\\/eurotech-iasi.ro\\\/magazinonline\\\/#website\"},\"primaryImageOfPage\":{\"@id\":\"https:\\\/\\\/eurotech-iasi.ro\\\/magazinonline\\\/produs\\\/tractoras-de-tuns-iarba-stihl-rt-5097\\\/#primaryimage\"},\"image\":{\"@id\":\"https:\\\/\\\/eurotech-iasi.ro\\\/magazinonline\\\/produs\\\/tractoras-de-tuns-iarba-stihl-rt-5097\\\/#primaryimage\"},\"thumbnailUrl\":\"https:\\\/\\\/eurotech-iasi.ro\\\/magazinonline\\\/wp-content\\\/uploads\\\/2022\\\/08\\\/Tractoras-de-tuns-iarba-STIHL-RT-5097-cu-cos-colector-pentru-iarba-1.png\",\"datePublished\":\"2022-08-29T14:08:13+00:00\",\"dateModified\":\"2026-03-09T13:44:56+00:00\",\"description\":\"Tractoras de tuns iarba STIHL RT 5097 ideal pentru \u00eentre\u021binerea eficient\u0103 a peluzelor mari, at\u00e2t de c\u0103tre utilizatorii priva\u021bi \u0219i pentru \u00eentre\u021binerea profesional\u0103 a gr\u0103dinilor.\",\"breadcrumb\":{\"@id\":\"https:\\\/\\\/eurotech-iasi.ro\\\/magazinonline\\\/produs\\\/tractoras-de-tuns-iarba-stihl-rt-5097\\\/#breadcrumb\"},\"inLanguage\":\"ro-RO\",\"potentialAction\":[{\"@type\":\"ReadAction\",\"target\":[\"https:\\\/\\\/eurotech-iasi.ro\\\/magazinonline\\\/produs\\\/tractoras-de-tuns-iarba-stihl-rt-5097\\\/\"]}]},{\"@type\":\"ImageObject\",\"inLanguage\":\"ro-RO\",\"@id\":\"https:\\\/\\\/eurotech-iasi.ro\\\/magazinonline\\\/produs\\\/tractoras-de-tuns-iarba-stihl-rt-5097\\\/#primaryimage\",\"url\":\"https:\\\/\\\/eurotech-iasi.ro\\\/magazinonline\\\/wp-content\\\/uploads\\\/2022\\\/08\\\/Tractoras-de-tuns-iarba-STIHL-RT-5097-cu-cos-colector-pentru-iarba-1.png\",\"contentUrl\":\"https:\\\/\\\/eurotech-iasi.ro\\\/magazinonline\\\/wp-content\\\/uploads\\\/2022\\\/08\\\/Tractoras-de-tuns-iarba-STIHL-RT-5097-cu-cos-colector-pentru-iarba-1.png\",\"width\":750,\"height\":750,\"caption\":\"Tractoras de tuns iarba STIHL RT 5097\"},{\"@type\":\"BreadcrumbList\",\"@id\":\"https:\\\/\\\/eurotech-iasi.ro\\\/magazinonline\\\/produs\\\/tractoras-de-tuns-iarba-stihl-rt-5097\\\/#breadcrumb\",\"itemListElement\":[{\"@type\":\"ListItem\",\"position\":1,\"name\":\"Prima pagin\u0103\",\"item\":\"https:\\\/\\\/eurotech-iasi.ro\\\/magazinonline\\\/\"},{\"@type\":\"ListItem\",\"position\":2,\"name\":\"Shop\",\"item\":\"https:\\\/\\\/eurotech-iasi.ro\\\/magazinonline\\\/shop\\\/\"},{\"@type\":\"ListItem\",\"position\":3,\"name\":\"Tractoras de tuns iarba STIHL RT 5097\"}]},{\"@type\":\"WebSite\",\"@id\":\"https:\\\/\\\/eurotech-iasi.ro\\\/magazinonline\\\/#website\",\"url\":\"https:\\\/\\\/eurotech-iasi.ro\\\/magazinonline\\\/\",\"name\":\"Eurotech Iasi\",\"description\":\"Cu oameni seriosi\",\"publisher\":{\"@id\":\"https:\\\/\\\/eurotech-iasi.ro\\\/magazinonline\\\/#organization\"},\"potentialAction\":[{\"@type\":\"SearchAction\",\"target\":{\"@type\":\"EntryPoint\",\"urlTemplate\":\"https:\\\/\\\/eurotech-iasi.ro\\\/magazinonline\\\/?s={search_term_string}\"},\"query-input\":{\"@type\":\"PropertyValueSpecification\",\"valueRequired\":true,\"valueName\":\"search_term_string\"}}],\"inLanguage\":\"ro-RO\"},{\"@type\":\"Organization\",\"@id\":\"https:\\\/\\\/eurotech-iasi.ro\\\/magazinonline\\\/#organization\",\"name\":\"Eurotech Iasi\",\"url\":\"https:\\\/\\\/eurotech-iasi.ro\\\/magazinonline\\\/\",\"logo\":{\"@type\":\"ImageObject\",\"inLanguage\":\"ro-RO\",\"@id\":\"https:\\\/\\\/eurotech-iasi.ro\\\/magazinonline\\\/#\\\/schema\\\/logo\\\/image\\\/\",\"url\":\"https:\\\/\\\/eurotech-iasi.ro\\\/magazinonline\\\/wp-content\\\/uploads\\\/2020\\\/08\\\/logo-eurotech.png\",\"contentUrl\":\"https:\\\/\\\/eurotech-iasi.ro\\\/magazinonline\\\/wp-content\\\/uploads\\\/2020\\\/08\\\/logo-eurotech.png\",\"width\":290,\"height\":70,\"caption\":\"Eurotech Iasi\"},\"image\":{\"@id\":\"https:\\\/\\\/eurotech-iasi.ro\\\/magazinonline\\\/#\\\/schema\\\/logo\\\/image\\\/\"},\"sameAs\":[\"https:\\\/\\\/www.facebook.com\\\/EurotechIasi\\\/\"]}]}<\/script>\n<!-- \/ Yoast SEO plugin. -->","yoast_head_json":{"title":"Tractoras de tuns iarba STIHL RT 5097 - Eurotech Iasi","description":"Tractoras de tuns iarba STIHL RT 5097 ideal pentru \u00eentre\u021binerea eficient\u0103 a peluzelor mari, at\u00e2t de c\u0103tre utilizatorii priva\u021bi \u0219i pentru \u00eentre\u021binerea profesional\u0103 a gr\u0103dinilor.","robots":{"index":"index","follow":"follow","max-snippet":"max-snippet:-1","max-image-preview":"max-image-preview:large","max-video-preview":"max-video-preview:-1"},"canonical":"https:\/\/eurotech-iasi.ro\/magazinonline\/produs\/tractoras-de-tuns-iarba-stihl-rt-5097\/","og_locale":"ro_RO","og_type":"article","og_title":"Tractoras de tuns iarba STIHL RT 5097 - Eurotech Iasi","og_description":"Tractoras de tuns iarba STIHL RT 5097 ideal pentru \u00eentre\u021binerea eficient\u0103 a peluzelor mari, at\u00e2t de c\u0103tre utilizatorii priva\u021bi \u0219i pentru \u00eentre\u021binerea profesional\u0103 a gr\u0103dinilor.","og_url":"https:\/\/eurotech-iasi.ro\/magazinonline\/produs\/tractoras-de-tuns-iarba-stihl-rt-5097\/","og_site_name":"Eurotech Iasi","article_publisher":"https:\/\/www.facebook.com\/EurotechIasi\/","article_modified_time":"2026-03-09T13:44:56+00:00","og_image":[{"width":750,"height":750,"url":"https:\/\/eurotech-iasi.ro\/magazinonline\/wp-content\/uploads\/2022\/08\/Tractoras-de-tuns-iarba-STIHL-RT-5097-cu-cos-colector-pentru-iarba-1.png","type":"image\/png"}],"twitter_misc":{"Timp estimat pentru citire":"3 minute"},"schema":{"@context":"https:\/\/schema.org","@graph":[{"@type":"WebPage","@id":"https:\/\/eurotech-iasi.ro\/magazinonline\/produs\/tractoras-de-tuns-iarba-stihl-rt-5097\/","url":"https:\/\/eurotech-iasi.ro\/magazinonline\/produs\/tractoras-de-tuns-iarba-stihl-rt-5097\/","name":"Tractoras de tuns iarba STIHL RT 5097 - Eurotech Iasi","isPartOf":{"@id":"https:\/\/eurotech-iasi.ro\/magazinonline\/#website"},"primaryImageOfPage":{"@id":"https:\/\/eurotech-iasi.ro\/magazinonline\/produs\/tractoras-de-tuns-iarba-stihl-rt-5097\/#primaryimage"},"image":{"@id":"https:\/\/eurotech-iasi.ro\/magazinonline\/produs\/tractoras-de-tuns-iarba-stihl-rt-5097\/#primaryimage"},"thumbnailUrl":"https:\/\/eurotech-iasi.ro\/magazinonline\/wp-content\/uploads\/2022\/08\/Tractoras-de-tuns-iarba-STIHL-RT-5097-cu-cos-colector-pentru-iarba-1.png","datePublished":"2022-08-29T14:08:13+00:00","dateModified":"2026-03-09T13:44:56+00:00","description":"Tractoras de tuns iarba STIHL RT 5097 ideal pentru \u00eentre\u021binerea eficient\u0103 a peluzelor mari, at\u00e2t de c\u0103tre utilizatorii priva\u021bi \u0219i pentru \u00eentre\u021binerea profesional\u0103 a gr\u0103dinilor.","breadcrumb":{"@id":"https:\/\/eurotech-iasi.ro\/magazinonline\/produs\/tractoras-de-tuns-iarba-stihl-rt-5097\/#breadcrumb"},"inLanguage":"ro-RO","potentialAction":[{"@type":"ReadAction","target":["https:\/\/eurotech-iasi.ro\/magazinonline\/produs\/tractoras-de-tuns-iarba-stihl-rt-5097\/"]}]},{"@type":"ImageObject","inLanguage":"ro-RO","@id":"https:\/\/eurotech-iasi.ro\/magazinonline\/produs\/tractoras-de-tuns-iarba-stihl-rt-5097\/#primaryimage","url":"https:\/\/eurotech-iasi.ro\/magazinonline\/wp-content\/uploads\/2022\/08\/Tractoras-de-tuns-iarba-STIHL-RT-5097-cu-cos-colector-pentru-iarba-1.png","contentUrl":"https:\/\/eurotech-iasi.ro\/magazinonline\/wp-content\/uploads\/2022\/08\/Tractoras-de-tuns-iarba-STIHL-RT-5097-cu-cos-colector-pentru-iarba-1.png","width":750,"height":750,"caption":"Tractoras de tuns iarba STIHL RT 5097"},{"@type":"BreadcrumbList","@id":"https:\/\/eurotech-iasi.ro\/magazinonline\/produs\/tractoras-de-tuns-iarba-stihl-rt-5097\/#breadcrumb","itemListElement":[{"@type":"ListItem","position":1,"name":"Prima pagin\u0103","item":"https:\/\/eurotech-iasi.ro\/magazinonline\/"},{"@type":"ListItem","position":2,"name":"Shop","item":"https:\/\/eurotech-iasi.ro\/magazinonline\/shop\/"},{"@type":"ListItem","position":3,"name":"Tractoras de tuns iarba STIHL RT 5097"}]},{"@type":"WebSite","@id":"https:\/\/eurotech-iasi.ro\/magazinonline\/#website","url":"https:\/\/eurotech-iasi.ro\/magazinonline\/","name":"Eurotech Iasi","description":"Cu oameni seriosi","publisher":{"@id":"https:\/\/eurotech-iasi.ro\/magazinonline\/#organization"},"potentialAction":[{"@type":"SearchAction","target":{"@type":"EntryPoint","urlTemplate":"https:\/\/eurotech-iasi.ro\/magazinonline\/?s={search_term_string}"},"query-input":{"@type":"PropertyValueSpecification","valueRequired":true,"valueName":"search_term_string"}}],"inLanguage":"ro-RO"},{"@type":"Organization","@id":"https:\/\/eurotech-iasi.ro\/magazinonline\/#organization","name":"Eurotech Iasi","url":"https:\/\/eurotech-iasi.ro\/magazinonline\/","logo":{"@type":"ImageObject","inLanguage":"ro-RO","@id":"https:\/\/eurotech-iasi.ro\/magazinonline\/#\/schema\/logo\/image\/","url":"https:\/\/eurotech-iasi.ro\/magazinonline\/wp-content\/uploads\/2020\/08\/logo-eurotech.png","contentUrl":"https:\/\/eurotech-iasi.ro\/magazinonline\/wp-content\/uploads\/2020\/08\/logo-eurotech.png","width":290,"height":70,"caption":"Eurotech Iasi"},"image":{"@id":"https:\/\/eurotech-iasi.ro\/magazinonline\/#\/schema\/logo\/image\/"},"sameAs":["https:\/\/www.facebook.com\/EurotechIasi\/"]}]}},"_links":{"self":[{"href":"https:\/\/eurotech-iasi.ro\/magazinonline\/wp-json\/wp\/v2\/product\/75518","targetHints":{"allow":["GET"]}}],"collection":[{"href":"https:\/\/eurotech-iasi.ro\/magazinonline\/wp-json\/wp\/v2\/product"}],"about":[{"href":"https:\/\/eurotech-iasi.ro\/magazinonline\/wp-json\/wp\/v2\/types\/product"}],"replies":[{"embeddable":true,"href":"https:\/\/eurotech-iasi.ro\/magazinonline\/wp-json\/wp\/v2\/comments?post=75518"}],"wp:featuredmedia":[{"embeddable":true,"href":"https:\/\/eurotech-iasi.ro\/magazinonline\/wp-json\/wp\/v2\/media\/75519"}],"wp:attachment":[{"href":"https:\/\/eurotech-iasi.ro\/magazinonline\/wp-json\/wp\/v2\/media?parent=75518"}],"wp:term":[{"taxonomy":"product_cat","embeddable":true,"href":"https:\/\/eurotech-iasi.ro\/magazinonline\/wp-json\/wp\/v2\/product_cat?post=75518"},{"taxonomy":"product_tag","embeddable":true,"href":"https:\/\/eurotech-iasi.ro\/magazinonline\/wp-json\/wp\/v2\/product_tag?post=75518"},{"taxonomy":"woo-feed-brand","embeddable":true,"href":"https:\/\/eurotech-iasi.ro\/magazinonline\/wp-json\/wp\/v2\/woo-feed-brand?post=75518"}],"curies":[{"name":"wp","href":"https:\/\/api.w.org\/{rel}","templated":true}]}}