{"id":78818,"date":"2022-11-25T13:34:01","date_gmt":"2022-11-25T11:34:01","guid":{"rendered":"https:\/\/eurotech-iasi.ro\/magazinonline\/?post_type=product&#038;p=78818"},"modified":"2025-01-22T10:03:58","modified_gmt":"2025-01-22T08:03:58","slug":"compresor-cu-piston-fiac-tip-stratos-24","status":"publish","type":"product","link":"https:\/\/eurotech-iasi.ro\/magazinonline\/produs\/compresor-cu-piston-fiac-tip-stratos-24\/","title":{"rendered":"Compresor cu piston FIAC tip STRATOS 24"},"content":{"rendered":"<p><a title=\"Compresor cu piston FIAC tip STRATOS 24\" href=\"https:\/\/eurotech-iasi.ro\/magazinonline\/produs\/compresor-cu-piston-fiac-tip-stratos-24\/\" rel=\"nofollow\"><strong>Compresor cu piston FIAC tip STRATOS 24 <\/strong><\/a>este un compresor profesional, coaxial, cu un piston , actionat de un motor electric monofazat, produs de FIAC.<br \/>\n<strong> FIAC\u00a0<\/strong>este lider \u00een elita produc\u0103torilor de compresoare de aer. \u00cenfiin\u021bat\u0103 \u00een 1977 de catre Romano Lucchi,\u00a0FIAC\u00a0produce o gam\u0103 larg\u0103 de produse in 4 categorii principale: compresoare cu piston, compresor cu \u0219urub, scule pneumatice, echipamente pentru tratarea aerului comprimat.\u00a0FIAC\u00a0activeaz\u0103 de mul\u021bi ani pe pia\u021ba interna\u021bional\u0103, caracterizat\u0103 printr-o evolu\u021bie dinamic\u0103 \u00een care clientul, cu cerin\u021bele \u0219i a\u0219tept\u0103rile sale, este centrul aten\u021biei.<br \/>\nProdusele\u00a0<strong>FIAC\u00a0<\/strong>sunt eficiente din punct de vedere al costurilor \u0219i al consumului de energie, extrem de fiabile.<br \/>\nGrupul compresor are o constructie robusta, ungere imbunatatita realizata cu un consum scazut de ulei, aripioare de racire a cilindrului si a capacului chiulasei, ventilatie fortata cu debit mare, nivel redus de zgomot.<\/p>\n<p><strong>Este echipat cu:<\/strong><\/p>\n<ul>\n<li>presostat,<\/li>\n<li>protectie termica cu resetare automata,<\/li>\n<li>regulator de presiune,<\/li>\n<li>manometru,<\/li>\n<li>supapa de siguranta,<\/li>\n<li>robinet de purjare a condensului,<\/li>\n<li>maner pentru transport.<\/li>\n<li>Doua roti de transport si doua picioare de sprijin cu tampoane de cauciuc pentru mai multa stabilitate.<\/li>\n<li>Compresorul se livreaza cu ulei sintetic in baie.<\/li>\n<\/ul>\n<h2>Specificatii tehnice &#8211; <strong>Compresor cu piston FIAC tip STRATOS 24:<\/strong><\/h2>\n<p><strong>Tensiune alimentare:\u00a0<\/strong>220 V<br \/>\n<strong>Volum butelie:\u00a0<\/strong>24 l<br \/>\n<strong>Presiune maxima:\u00a0<\/strong>8 bar<br \/>\n<strong>Transmisie:\u00a0<\/strong>antrenare directa<br \/>\n<strong>Putere (kW):\u00a0<\/strong>1.5 kW<br \/>\n<strong>Putere (CP):\u00a0<\/strong>2.0 CP<br \/>\n<strong>Debit de aer aspirat:\u00a0<\/strong>170 l\/min<br \/>\n<strong>Ungere:\u00a0<\/strong>Cu ulei<br \/>\n<strong>Num\u0103r cilindri:\u00a0<\/strong>1<br \/>\n<strong>Turatie:\u00a0<\/strong>2850 rpm<br \/>\n<strong>Nivel de zgomot (LpA, la 4m):\u00a0<\/strong>80 dB(A)<br \/>\n<strong>Dimensiuni (L x l x H):\u00a0<\/strong>610 x 310 x 580 mm<br \/>\n<strong>Greutate:\u00a0<\/strong>21 kg<\/p>\n<p><span style=\"text-decoration: underline;\"><em><strong>Documentatie tehnica:<\/strong><\/em><\/span><\/p>\n<p><a href=\"https:\/\/eurotech-iasi.ro\/magazinonline\/wp-content\/uploads\/2022\/11\/Manual-compresoare-cu-piston-STRATOS_24.pdf\"><strong><em><u>\ud83d\udce5 Manual de utilizare<\/u><\/em><\/strong><\/a><\/p>\n","protected":false},"excerpt":{"rendered":"<p><strong>Compresor cu piston FIAC tip STRATOS 24 este un compresor profesional, coaxial, cu un piston , actionat de un motor electric monofazat.<\/strong><\/p>\n<p><em><strong>Cos produs: STRATOS24<\/strong><\/em><\/p>\n","protected":false},"featured_media":78824,"comment_status":"open","ping_status":"closed","template":"","meta":{"_acf_changed":false},"product_cat":[4344,6403],"product_tag":[],"woo-feed-brand":[],"class_list":{"0":"post-78818","1":"product","2":"type-product","3":"status-publish","4":"has-post-thumbnail","6":"product_brand-fiac","7":"product_cat-compresoare","8":"product_cat-compresoare-cu-piston","9":"pa_brand-fiac","10":"pa_debit-aer-170-l-min","11":"pa_dimensiuni-610-x-310-x-580-mm","12":"pa_greutate-21-kg","13":"pa_nivel-zgomot-80-dba","14":"pa_presiune-maxima-8-bar","15":"pa_putere-compresor-2-cp-1-5-kw","16":"pa_tensiune-alimentare-220-v","17":"pa_turatie-nominala-2850-rpm","18":"pa_ungere-cu-ulei","19":"pa_volum-butelie-24-l","21":"first","22":"instock","23":"shipping-taxable","24":"purchasable","25":"product-type-simple"},"acf":[],"yoast_head":"<!-- This site is optimized with the Yoast SEO plugin v27.3 - https:\/\/yoast.com\/product\/yoast-seo-wordpress\/ -->\n<title>Compresor cu piston FIAC tip STRATOS 24 - Eurotech Iasi<\/title>\n<meta name=\"robots\" content=\"index, follow, max-snippet:-1, max-image-preview:large, max-video-preview:-1\" \/>\n<link rel=\"canonical\" href=\"https:\/\/eurotech-iasi.ro\/magazinonline\/produs\/compresor-cu-piston-fiac-tip-stratos-24\/\" \/>\n<meta property=\"og:locale\" content=\"ro_RO\" \/>\n<meta property=\"og:type\" content=\"article\" \/>\n<meta property=\"og:title\" content=\"Compresor cu piston FIAC tip STRATOS 24 - Eurotech Iasi\" \/>\n<meta property=\"og:description\" content=\"Compresor cu piston FIAC tip STRATOS 24 este un compresor profesional, coaxial, cu un piston , actionat de un motor electric monofazat.  Cos produs: STRATOS24\" \/>\n<meta property=\"og:url\" content=\"https:\/\/eurotech-iasi.ro\/magazinonline\/produs\/compresor-cu-piston-fiac-tip-stratos-24\/\" \/>\n<meta property=\"og:site_name\" content=\"Eurotech Iasi\" \/>\n<meta property=\"article:publisher\" content=\"https:\/\/www.facebook.com\/EurotechIasi\/\" \/>\n<meta property=\"article:modified_time\" content=\"2025-01-22T08:03:58+00:00\" \/>\n<meta property=\"og:image\" content=\"https:\/\/eurotech-iasi.ro\/magazinonline\/wp-content\/uploads\/2022\/11\/Compresor-cu-piston-FIAC-tip-STRATOS-24-5.png\" \/>\n\t<meta property=\"og:image:width\" content=\"750\" \/>\n\t<meta property=\"og:image:height\" content=\"750\" \/>\n\t<meta property=\"og:image:type\" content=\"image\/png\" \/>\n<meta name=\"twitter:label1\" content=\"Timp estimat pentru citire\" \/>\n\t<meta name=\"twitter:data1\" content=\"1 minut\" \/>\n<script type=\"application\/ld+json\" class=\"yoast-schema-graph\">{\"@context\":\"https:\\\/\\\/schema.org\",\"@graph\":[{\"@type\":\"WebPage\",\"@id\":\"https:\\\/\\\/eurotech-iasi.ro\\\/magazinonline\\\/produs\\\/compresor-cu-piston-fiac-tip-stratos-24\\\/\",\"url\":\"https:\\\/\\\/eurotech-iasi.ro\\\/magazinonline\\\/produs\\\/compresor-cu-piston-fiac-tip-stratos-24\\\/\",\"name\":\"Compresor cu piston FIAC tip STRATOS 24 - Eurotech Iasi\",\"isPartOf\":{\"@id\":\"https:\\\/\\\/eurotech-iasi.ro\\\/magazinonline\\\/#website\"},\"primaryImageOfPage\":{\"@id\":\"https:\\\/\\\/eurotech-iasi.ro\\\/magazinonline\\\/produs\\\/compresor-cu-piston-fiac-tip-stratos-24\\\/#primaryimage\"},\"image\":{\"@id\":\"https:\\\/\\\/eurotech-iasi.ro\\\/magazinonline\\\/produs\\\/compresor-cu-piston-fiac-tip-stratos-24\\\/#primaryimage\"},\"thumbnailUrl\":\"https:\\\/\\\/eurotech-iasi.ro\\\/magazinonline\\\/wp-content\\\/uploads\\\/2022\\\/11\\\/Compresor-cu-piston-FIAC-tip-STRATOS-24-5.png\",\"datePublished\":\"2022-11-25T11:34:01+00:00\",\"dateModified\":\"2025-01-22T08:03:58+00:00\",\"breadcrumb\":{\"@id\":\"https:\\\/\\\/eurotech-iasi.ro\\\/magazinonline\\\/produs\\\/compresor-cu-piston-fiac-tip-stratos-24\\\/#breadcrumb\"},\"inLanguage\":\"ro-RO\",\"potentialAction\":[{\"@type\":\"ReadAction\",\"target\":[\"https:\\\/\\\/eurotech-iasi.ro\\\/magazinonline\\\/produs\\\/compresor-cu-piston-fiac-tip-stratos-24\\\/\"]}]},{\"@type\":\"ImageObject\",\"inLanguage\":\"ro-RO\",\"@id\":\"https:\\\/\\\/eurotech-iasi.ro\\\/magazinonline\\\/produs\\\/compresor-cu-piston-fiac-tip-stratos-24\\\/#primaryimage\",\"url\":\"https:\\\/\\\/eurotech-iasi.ro\\\/magazinonline\\\/wp-content\\\/uploads\\\/2022\\\/11\\\/Compresor-cu-piston-FIAC-tip-STRATOS-24-5.png\",\"contentUrl\":\"https:\\\/\\\/eurotech-iasi.ro\\\/magazinonline\\\/wp-content\\\/uploads\\\/2022\\\/11\\\/Compresor-cu-piston-FIAC-tip-STRATOS-24-5.png\",\"width\":750,\"height\":750,\"caption\":\"Compresor cu piston FIAC tip STRATOS 24\"},{\"@type\":\"BreadcrumbList\",\"@id\":\"https:\\\/\\\/eurotech-iasi.ro\\\/magazinonline\\\/produs\\\/compresor-cu-piston-fiac-tip-stratos-24\\\/#breadcrumb\",\"itemListElement\":[{\"@type\":\"ListItem\",\"position\":1,\"name\":\"Prima pagin\u0103\",\"item\":\"https:\\\/\\\/eurotech-iasi.ro\\\/magazinonline\\\/\"},{\"@type\":\"ListItem\",\"position\":2,\"name\":\"Shop\",\"item\":\"https:\\\/\\\/eurotech-iasi.ro\\\/magazinonline\\\/shop\\\/\"},{\"@type\":\"ListItem\",\"position\":3,\"name\":\"Compresor cu piston FIAC tip STRATOS 24\"}]},{\"@type\":\"WebSite\",\"@id\":\"https:\\\/\\\/eurotech-iasi.ro\\\/magazinonline\\\/#website\",\"url\":\"https:\\\/\\\/eurotech-iasi.ro\\\/magazinonline\\\/\",\"name\":\"Eurotech Iasi\",\"description\":\"Cu oameni seriosi\",\"publisher\":{\"@id\":\"https:\\\/\\\/eurotech-iasi.ro\\\/magazinonline\\\/#organization\"},\"potentialAction\":[{\"@type\":\"SearchAction\",\"target\":{\"@type\":\"EntryPoint\",\"urlTemplate\":\"https:\\\/\\\/eurotech-iasi.ro\\\/magazinonline\\\/?s={search_term_string}\"},\"query-input\":{\"@type\":\"PropertyValueSpecification\",\"valueRequired\":true,\"valueName\":\"search_term_string\"}}],\"inLanguage\":\"ro-RO\"},{\"@type\":\"Organization\",\"@id\":\"https:\\\/\\\/eurotech-iasi.ro\\\/magazinonline\\\/#organization\",\"name\":\"Eurotech Iasi\",\"url\":\"https:\\\/\\\/eurotech-iasi.ro\\\/magazinonline\\\/\",\"logo\":{\"@type\":\"ImageObject\",\"inLanguage\":\"ro-RO\",\"@id\":\"https:\\\/\\\/eurotech-iasi.ro\\\/magazinonline\\\/#\\\/schema\\\/logo\\\/image\\\/\",\"url\":\"https:\\\/\\\/eurotech-iasi.ro\\\/magazinonline\\\/wp-content\\\/uploads\\\/2020\\\/08\\\/logo-eurotech.png\",\"contentUrl\":\"https:\\\/\\\/eurotech-iasi.ro\\\/magazinonline\\\/wp-content\\\/uploads\\\/2020\\\/08\\\/logo-eurotech.png\",\"width\":290,\"height\":70,\"caption\":\"Eurotech Iasi\"},\"image\":{\"@id\":\"https:\\\/\\\/eurotech-iasi.ro\\\/magazinonline\\\/#\\\/schema\\\/logo\\\/image\\\/\"},\"sameAs\":[\"https:\\\/\\\/www.facebook.com\\\/EurotechIasi\\\/\"]}]}<\/script>\n<!-- \/ Yoast SEO plugin. -->","yoast_head_json":{"title":"Compresor cu piston FIAC tip STRATOS 24 - Eurotech Iasi","robots":{"index":"index","follow":"follow","max-snippet":"max-snippet:-1","max-image-preview":"max-image-preview:large","max-video-preview":"max-video-preview:-1"},"canonical":"https:\/\/eurotech-iasi.ro\/magazinonline\/produs\/compresor-cu-piston-fiac-tip-stratos-24\/","og_locale":"ro_RO","og_type":"article","og_title":"Compresor cu piston FIAC tip STRATOS 24 - Eurotech Iasi","og_description":"Compresor cu piston FIAC tip STRATOS 24 este un compresor profesional, coaxial, cu un piston , actionat de un motor electric monofazat.  Cos produs: STRATOS24","og_url":"https:\/\/eurotech-iasi.ro\/magazinonline\/produs\/compresor-cu-piston-fiac-tip-stratos-24\/","og_site_name":"Eurotech Iasi","article_publisher":"https:\/\/www.facebook.com\/EurotechIasi\/","article_modified_time":"2025-01-22T08:03:58+00:00","og_image":[{"width":750,"height":750,"url":"https:\/\/eurotech-iasi.ro\/magazinonline\/wp-content\/uploads\/2022\/11\/Compresor-cu-piston-FIAC-tip-STRATOS-24-5.png","type":"image\/png"}],"twitter_misc":{"Timp estimat pentru citire":"1 minut"},"schema":{"@context":"https:\/\/schema.org","@graph":[{"@type":"WebPage","@id":"https:\/\/eurotech-iasi.ro\/magazinonline\/produs\/compresor-cu-piston-fiac-tip-stratos-24\/","url":"https:\/\/eurotech-iasi.ro\/magazinonline\/produs\/compresor-cu-piston-fiac-tip-stratos-24\/","name":"Compresor cu piston FIAC tip STRATOS 24 - Eurotech Iasi","isPartOf":{"@id":"https:\/\/eurotech-iasi.ro\/magazinonline\/#website"},"primaryImageOfPage":{"@id":"https:\/\/eurotech-iasi.ro\/magazinonline\/produs\/compresor-cu-piston-fiac-tip-stratos-24\/#primaryimage"},"image":{"@id":"https:\/\/eurotech-iasi.ro\/magazinonline\/produs\/compresor-cu-piston-fiac-tip-stratos-24\/#primaryimage"},"thumbnailUrl":"https:\/\/eurotech-iasi.ro\/magazinonline\/wp-content\/uploads\/2022\/11\/Compresor-cu-piston-FIAC-tip-STRATOS-24-5.png","datePublished":"2022-11-25T11:34:01+00:00","dateModified":"2025-01-22T08:03:58+00:00","breadcrumb":{"@id":"https:\/\/eurotech-iasi.ro\/magazinonline\/produs\/compresor-cu-piston-fiac-tip-stratos-24\/#breadcrumb"},"inLanguage":"ro-RO","potentialAction":[{"@type":"ReadAction","target":["https:\/\/eurotech-iasi.ro\/magazinonline\/produs\/compresor-cu-piston-fiac-tip-stratos-24\/"]}]},{"@type":"ImageObject","inLanguage":"ro-RO","@id":"https:\/\/eurotech-iasi.ro\/magazinonline\/produs\/compresor-cu-piston-fiac-tip-stratos-24\/#primaryimage","url":"https:\/\/eurotech-iasi.ro\/magazinonline\/wp-content\/uploads\/2022\/11\/Compresor-cu-piston-FIAC-tip-STRATOS-24-5.png","contentUrl":"https:\/\/eurotech-iasi.ro\/magazinonline\/wp-content\/uploads\/2022\/11\/Compresor-cu-piston-FIAC-tip-STRATOS-24-5.png","width":750,"height":750,"caption":"Compresor cu piston FIAC tip STRATOS 24"},{"@type":"BreadcrumbList","@id":"https:\/\/eurotech-iasi.ro\/magazinonline\/produs\/compresor-cu-piston-fiac-tip-stratos-24\/#breadcrumb","itemListElement":[{"@type":"ListItem","position":1,"name":"Prima pagin\u0103","item":"https:\/\/eurotech-iasi.ro\/magazinonline\/"},{"@type":"ListItem","position":2,"name":"Shop","item":"https:\/\/eurotech-iasi.ro\/magazinonline\/shop\/"},{"@type":"ListItem","position":3,"name":"Compresor cu piston FIAC tip STRATOS 24"}]},{"@type":"WebSite","@id":"https:\/\/eurotech-iasi.ro\/magazinonline\/#website","url":"https:\/\/eurotech-iasi.ro\/magazinonline\/","name":"Eurotech Iasi","description":"Cu oameni seriosi","publisher":{"@id":"https:\/\/eurotech-iasi.ro\/magazinonline\/#organization"},"potentialAction":[{"@type":"SearchAction","target":{"@type":"EntryPoint","urlTemplate":"https:\/\/eurotech-iasi.ro\/magazinonline\/?s={search_term_string}"},"query-input":{"@type":"PropertyValueSpecification","valueRequired":true,"valueName":"search_term_string"}}],"inLanguage":"ro-RO"},{"@type":"Organization","@id":"https:\/\/eurotech-iasi.ro\/magazinonline\/#organization","name":"Eurotech Iasi","url":"https:\/\/eurotech-iasi.ro\/magazinonline\/","logo":{"@type":"ImageObject","inLanguage":"ro-RO","@id":"https:\/\/eurotech-iasi.ro\/magazinonline\/#\/schema\/logo\/image\/","url":"https:\/\/eurotech-iasi.ro\/magazinonline\/wp-content\/uploads\/2020\/08\/logo-eurotech.png","contentUrl":"https:\/\/eurotech-iasi.ro\/magazinonline\/wp-content\/uploads\/2020\/08\/logo-eurotech.png","width":290,"height":70,"caption":"Eurotech Iasi"},"image":{"@id":"https:\/\/eurotech-iasi.ro\/magazinonline\/#\/schema\/logo\/image\/"},"sameAs":["https:\/\/www.facebook.com\/EurotechIasi\/"]}]}},"_links":{"self":[{"href":"https:\/\/eurotech-iasi.ro\/magazinonline\/wp-json\/wp\/v2\/product\/78818","targetHints":{"allow":["GET"]}}],"collection":[{"href":"https:\/\/eurotech-iasi.ro\/magazinonline\/wp-json\/wp\/v2\/product"}],"about":[{"href":"https:\/\/eurotech-iasi.ro\/magazinonline\/wp-json\/wp\/v2\/types\/product"}],"replies":[{"embeddable":true,"href":"https:\/\/eurotech-iasi.ro\/magazinonline\/wp-json\/wp\/v2\/comments?post=78818"}],"wp:featuredmedia":[{"embeddable":true,"href":"https:\/\/eurotech-iasi.ro\/magazinonline\/wp-json\/wp\/v2\/media\/78824"}],"wp:attachment":[{"href":"https:\/\/eurotech-iasi.ro\/magazinonline\/wp-json\/wp\/v2\/media?parent=78818"}],"wp:term":[{"taxonomy":"product_cat","embeddable":true,"href":"https:\/\/eurotech-iasi.ro\/magazinonline\/wp-json\/wp\/v2\/product_cat?post=78818"},{"taxonomy":"product_tag","embeddable":true,"href":"https:\/\/eurotech-iasi.ro\/magazinonline\/wp-json\/wp\/v2\/product_tag?post=78818"},{"taxonomy":"woo-feed-brand","embeddable":true,"href":"https:\/\/eurotech-iasi.ro\/magazinonline\/wp-json\/wp\/v2\/woo-feed-brand?post=78818"}],"curies":[{"name":"wp","href":"https:\/\/api.w.org\/{rel}","templated":true}]}}