{"id":82938,"date":"2023-02-07T15:25:22","date_gmt":"2023-02-07T13:25:22","guid":{"rendered":"https:\/\/eurotech-iasi.ro\/magazinonline\/?post_type=product&#038;p=82938"},"modified":"2025-01-29T17:12:35","modified_gmt":"2025-01-29T15:12:35","slug":"remorca-motocultor-bisonte-bta-600r-capacitate-600-kg-dim-1-400-x-1-000-x-500-mm","status":"publish","type":"product","link":"https:\/\/eurotech-iasi.ro\/magazinonline\/produs\/remorca-motocultor-bisonte-bta-600r-capacitate-600-kg-dim-1-400-x-1-000-x-500-mm\/","title":{"rendered":"Remorca motocultor BISONTE BTA-600R, capacitate 600 kg, dim.1.400 x 1.000 x 500 mm"},"content":{"rendered":"<p><a title=\"Remorca motocultor BISONTE BTA-600R, capacitate 600 kg,\" href=\"https:\/\/eurotech-iasi.ro\/magazinonline\/produs\/remorca-motocultor-bisonte-bta-600r-capacitate-600-kg-dim-1-400-x-1-000-x-500-mm\/\" rel=\"nofollow\"><strong>Remorca motocultor BISONTE BTA-600R, capacitate 600 kg, dim.1.400 x 1.000 x 500 mm<\/strong><\/a> este ideala pentru transportul diferitelor recolte din gospodarie, fiind compatibila cu toate motocultoarele cu sistem de fixare cu bolt.<\/p>\n<div class=\"content scrolled-sections\">\n<section id=\"tab-description\">\n<div class=\"content pb-50\">\n<div class=\"product-description-content blured-desc all-desc-full\">\n<p><em><strong>Avantaje:\u00a0<\/strong><\/em><\/p>\n<div class=\"content scrolled-sections\">\n<section id=\"tab-description\">\n<div class=\"content pb-50\">\n<div class=\"product-description-content blured-desc all-desc-full\">\n<ul>\n<li>Compatibil\u0103 cu toate motocultoarele cu sistem de fixare cu bolt.<\/li>\n<li>Scaun confortabil \u0219i reglabil pe orizontal\u0103, dotat cu cutie depozitat scule.<\/li>\n<li>Obloanele se desfac pe toate laturile.<\/li>\n<li>Cuva este basculabila manual.<\/li>\n<li>Dimensiuni cuva marite, pentru o capacitate de incarcare mai mare.<\/li>\n<li>Sistem dublu de fr\u00e2nare pe sabo\u021bi: fr\u00e2n\u0103 de picior \u0219i fr\u00e2n\u0103 de m\u00e2n\u0103 (de sta\u021bionare)<\/li>\n<li>Suspensie pe foi de arc, rezisten\u021b\u0103 la \u0219ocuri \u0219i greut\u0103\u021bi mari.<\/li>\n<li>Ro\u021bi pneumatice din cauciuc 4.00-12.<\/li>\n<li>Nuca de prindere este oscilant\u0103 \u0219i dimensionat\u0103 pentru a putea fi tractat\u0103 \u0219i de motocultoare precum BCS, Ferari, Pasquali, Bertolini, etc.<\/li>\n<\/ul>\n<h2>Specificatii tehnice &#8211; <strong>Remorca motocultor BISONTE BTA-600R, capacitate 600 kg, dim.1.400 x 1.000 x 500 mm<\/strong>:<\/h2>\n<div><strong>Capacitate incarcare &#8211;<\/strong> 600 kg<\/div>\n<div><strong>Dimensiuni cuva &#8211;<\/strong> 1400 x 1.000 x 500 mm<\/div>\n<div><strong>Tip frana<\/strong> &#8211; Mecanica pe tambur<\/div>\n<div><strong>Franare de picior<\/strong> &#8211; Da<\/div>\n<div><strong>Frana de mana<\/strong> &#8211; Da<\/div>\n<div><strong>Picior de sprijin<\/strong> &#8211; Da<\/div>\n<div><strong>Sistem de basculare<\/strong> &#8211; Da<\/div>\n<div><strong>Cutie pentru sucule<\/strong> &#8211; Da<\/div>\n<div><strong>Tip Scaun<\/strong> &#8211; reglabil, cu sezut confortabil<\/div>\n<div><strong>Dimensiuni roti pneumatice<\/strong> &#8211; 4.00-12<\/div>\n<div><strong>Greutate remorca<\/strong> &#8211; 135 kg<\/div>\n<\/div>\n<\/div>\n<\/section>\n<\/div>\n<h3><span style=\"text-decoration: underline;\"><em><strong>Documentatie tehnica:<\/strong><\/em><\/span><\/h3>\n<p><strong><em><u>\ud83d\udce5 Fisa tehnica<\/u><\/em><\/strong><\/p>\n<\/div>\n<\/div>\n<\/section>\n<\/div>\n","protected":false},"excerpt":{"rendered":"<p><strong>Remorca motocultor BISONTE BTA-600R, capacitate 600 kg, dim.1.400 x 1.000 x 500 mm<\/strong> este ideala pentru transportul diferitelor recolte din gospodarie, fiind compatibila cu toate motocultoarele cu sistem de fixare cu bolt.<\/p>\n<p><em><strong>*Din cauza greutatii acest tip de echipament nu poate fi expediat prin intermediul serviciului de curierat rapid. Dupa plasarea comenzii va vom confirma pe e-mail sau veti fi contactat\/a telefonic pentru a vi se comunica costul de transport, ce va fi calculat in functie de locatia dvs.<\/strong><\/em><\/p>\n<p><em><strong>Cod produs: BT6000020<\/strong><\/em><\/p>\n","protected":false},"featured_media":82948,"comment_status":"open","ping_status":"closed","template":"","meta":{"_acf_changed":false},"product_cat":[13735,4373,4337],"product_tag":[],"woo-feed-brand":[],"class_list":{"0":"post-82938","1":"product","2":"type-product","3":"status-publish","4":"has-post-thumbnail","6":"product_brand-bisonte","7":"product_cat-accesorii-motocultoare","8":"product_cat-accesorii-utilaje-gradinarit-si-agricultura","9":"product_cat-gradinarit-agricultura","10":"pa_brand-bisonte","11":"pa_capacitate-incarcare-600-kg","12":"pa_greutate-135-kg-2","14":"first","15":"instock","16":"shipping-taxable","17":"purchasable","18":"product-type-simple"},"acf":[],"yoast_head":"<!-- This site is optimized with the Yoast SEO plugin v27.3 - https:\/\/yoast.com\/product\/yoast-seo-wordpress\/ -->\n<title>Remorca motocultor BISONTE BTA-600R, capacitate 600 kg, dim.1.400 x 1.000 x 500 mm - Eurotech Iasi<\/title>\n<meta name=\"robots\" content=\"index, follow, max-snippet:-1, max-image-preview:large, max-video-preview:-1\" \/>\n<link rel=\"canonical\" href=\"https:\/\/eurotech-iasi.ro\/magazinonline\/produs\/remorca-motocultor-bisonte-bta-600r-capacitate-600-kg-dim-1-400-x-1-000-x-500-mm\/\" \/>\n<meta property=\"og:locale\" content=\"ro_RO\" \/>\n<meta property=\"og:type\" content=\"article\" \/>\n<meta property=\"og:title\" content=\"Remorca motocultor BISONTE BTA-600R, capacitate 600 kg, dim.1.400 x 1.000 x 500 mm - Eurotech Iasi\" \/>\n<meta property=\"og:description\" content=\"Remorca motocultor BISONTE BTA-600R, capacitate 600 kg, dim.1.400 x 1.000 x 500 mm este ideala pentru transportul diferitelor recolte din gospodarie, fiind compatibila cu toate motocultoarele cu sistem de fixare cu bolt.  *Din cauza greutatii acest tip de echipament nu poate fi expediat prin intermediul serviciului de curierat rapid. Dupa plasarea comenzii va vom confirma pe e-mail sau veti fi contactat\/a telefonic pentru a vi se comunica costul de transport, ce va fi calculat in functie de locatia dvs.  Cod produs: BT6000020\" \/>\n<meta property=\"og:url\" content=\"https:\/\/eurotech-iasi.ro\/magazinonline\/produs\/remorca-motocultor-bisonte-bta-600r-capacitate-600-kg-dim-1-400-x-1-000-x-500-mm\/\" \/>\n<meta property=\"og:site_name\" content=\"Eurotech Iasi\" \/>\n<meta property=\"article:publisher\" content=\"https:\/\/www.facebook.com\/EurotechIasi\/\" \/>\n<meta property=\"article:modified_time\" content=\"2025-01-29T15:12:35+00:00\" \/>\n<meta property=\"og:image\" content=\"https:\/\/eurotech-iasi.ro\/magazinonline\/wp-content\/uploads\/2023\/02\/Remorca-motocultor-BISONTE-BTA-600R-capacitate-600-kg-dim.1.400-x-1.000-x-500-mm-2.png\" \/>\n\t<meta property=\"og:image:width\" content=\"750\" \/>\n\t<meta property=\"og:image:height\" content=\"750\" \/>\n\t<meta property=\"og:image:type\" content=\"image\/png\" \/>\n<meta name=\"twitter:label1\" content=\"Timp estimat pentru citire\" \/>\n\t<meta name=\"twitter:data1\" content=\"1 minut\" \/>\n<script type=\"application\/ld+json\" class=\"yoast-schema-graph\">{\"@context\":\"https:\\\/\\\/schema.org\",\"@graph\":[{\"@type\":\"WebPage\",\"@id\":\"https:\\\/\\\/eurotech-iasi.ro\\\/magazinonline\\\/produs\\\/remorca-motocultor-bisonte-bta-600r-capacitate-600-kg-dim-1-400-x-1-000-x-500-mm\\\/\",\"url\":\"https:\\\/\\\/eurotech-iasi.ro\\\/magazinonline\\\/produs\\\/remorca-motocultor-bisonte-bta-600r-capacitate-600-kg-dim-1-400-x-1-000-x-500-mm\\\/\",\"name\":\"Remorca motocultor BISONTE BTA-600R, capacitate 600 kg, dim.1.400 x 1.000 x 500 mm - Eurotech Iasi\",\"isPartOf\":{\"@id\":\"https:\\\/\\\/eurotech-iasi.ro\\\/magazinonline\\\/#website\"},\"primaryImageOfPage\":{\"@id\":\"https:\\\/\\\/eurotech-iasi.ro\\\/magazinonline\\\/produs\\\/remorca-motocultor-bisonte-bta-600r-capacitate-600-kg-dim-1-400-x-1-000-x-500-mm\\\/#primaryimage\"},\"image\":{\"@id\":\"https:\\\/\\\/eurotech-iasi.ro\\\/magazinonline\\\/produs\\\/remorca-motocultor-bisonte-bta-600r-capacitate-600-kg-dim-1-400-x-1-000-x-500-mm\\\/#primaryimage\"},\"thumbnailUrl\":\"https:\\\/\\\/eurotech-iasi.ro\\\/magazinonline\\\/wp-content\\\/uploads\\\/2023\\\/02\\\/Remorca-motocultor-BISONTE-BTA-600R-capacitate-600-kg-dim.1.400-x-1.000-x-500-mm-2.png\",\"datePublished\":\"2023-02-07T13:25:22+00:00\",\"dateModified\":\"2025-01-29T15:12:35+00:00\",\"breadcrumb\":{\"@id\":\"https:\\\/\\\/eurotech-iasi.ro\\\/magazinonline\\\/produs\\\/remorca-motocultor-bisonte-bta-600r-capacitate-600-kg-dim-1-400-x-1-000-x-500-mm\\\/#breadcrumb\"},\"inLanguage\":\"ro-RO\",\"potentialAction\":[{\"@type\":\"ReadAction\",\"target\":[\"https:\\\/\\\/eurotech-iasi.ro\\\/magazinonline\\\/produs\\\/remorca-motocultor-bisonte-bta-600r-capacitate-600-kg-dim-1-400-x-1-000-x-500-mm\\\/\"]}]},{\"@type\":\"ImageObject\",\"inLanguage\":\"ro-RO\",\"@id\":\"https:\\\/\\\/eurotech-iasi.ro\\\/magazinonline\\\/produs\\\/remorca-motocultor-bisonte-bta-600r-capacitate-600-kg-dim-1-400-x-1-000-x-500-mm\\\/#primaryimage\",\"url\":\"https:\\\/\\\/eurotech-iasi.ro\\\/magazinonline\\\/wp-content\\\/uploads\\\/2023\\\/02\\\/Remorca-motocultor-BISONTE-BTA-600R-capacitate-600-kg-dim.1.400-x-1.000-x-500-mm-2.png\",\"contentUrl\":\"https:\\\/\\\/eurotech-iasi.ro\\\/magazinonline\\\/wp-content\\\/uploads\\\/2023\\\/02\\\/Remorca-motocultor-BISONTE-BTA-600R-capacitate-600-kg-dim.1.400-x-1.000-x-500-mm-2.png\",\"width\":750,\"height\":750,\"caption\":\"Remorca motocultor BISONTE BTA-600R, capacitate 600 kg, dim.1.400 x 1.000 x 500 mm\"},{\"@type\":\"BreadcrumbList\",\"@id\":\"https:\\\/\\\/eurotech-iasi.ro\\\/magazinonline\\\/produs\\\/remorca-motocultor-bisonte-bta-600r-capacitate-600-kg-dim-1-400-x-1-000-x-500-mm\\\/#breadcrumb\",\"itemListElement\":[{\"@type\":\"ListItem\",\"position\":1,\"name\":\"Prima pagin\u0103\",\"item\":\"https:\\\/\\\/eurotech-iasi.ro\\\/magazinonline\\\/\"},{\"@type\":\"ListItem\",\"position\":2,\"name\":\"Shop\",\"item\":\"https:\\\/\\\/eurotech-iasi.ro\\\/magazinonline\\\/shop\\\/\"},{\"@type\":\"ListItem\",\"position\":3,\"name\":\"Remorca motocultor BISONTE BTA-600R, capacitate 600 kg, dim.1.400 x 1.000 x 500 mm\"}]},{\"@type\":\"WebSite\",\"@id\":\"https:\\\/\\\/eurotech-iasi.ro\\\/magazinonline\\\/#website\",\"url\":\"https:\\\/\\\/eurotech-iasi.ro\\\/magazinonline\\\/\",\"name\":\"Eurotech Iasi\",\"description\":\"Cu oameni seriosi\",\"publisher\":{\"@id\":\"https:\\\/\\\/eurotech-iasi.ro\\\/magazinonline\\\/#organization\"},\"potentialAction\":[{\"@type\":\"SearchAction\",\"target\":{\"@type\":\"EntryPoint\",\"urlTemplate\":\"https:\\\/\\\/eurotech-iasi.ro\\\/magazinonline\\\/?s={search_term_string}\"},\"query-input\":{\"@type\":\"PropertyValueSpecification\",\"valueRequired\":true,\"valueName\":\"search_term_string\"}}],\"inLanguage\":\"ro-RO\"},{\"@type\":\"Organization\",\"@id\":\"https:\\\/\\\/eurotech-iasi.ro\\\/magazinonline\\\/#organization\",\"name\":\"Eurotech Iasi\",\"url\":\"https:\\\/\\\/eurotech-iasi.ro\\\/magazinonline\\\/\",\"logo\":{\"@type\":\"ImageObject\",\"inLanguage\":\"ro-RO\",\"@id\":\"https:\\\/\\\/eurotech-iasi.ro\\\/magazinonline\\\/#\\\/schema\\\/logo\\\/image\\\/\",\"url\":\"https:\\\/\\\/eurotech-iasi.ro\\\/magazinonline\\\/wp-content\\\/uploads\\\/2020\\\/08\\\/logo-eurotech.png\",\"contentUrl\":\"https:\\\/\\\/eurotech-iasi.ro\\\/magazinonline\\\/wp-content\\\/uploads\\\/2020\\\/08\\\/logo-eurotech.png\",\"width\":290,\"height\":70,\"caption\":\"Eurotech Iasi\"},\"image\":{\"@id\":\"https:\\\/\\\/eurotech-iasi.ro\\\/magazinonline\\\/#\\\/schema\\\/logo\\\/image\\\/\"},\"sameAs\":[\"https:\\\/\\\/www.facebook.com\\\/EurotechIasi\\\/\"]}]}<\/script>\n<!-- \/ Yoast SEO plugin. -->","yoast_head_json":{"title":"Remorca motocultor BISONTE BTA-600R, capacitate 600 kg, dim.1.400 x 1.000 x 500 mm - Eurotech Iasi","robots":{"index":"index","follow":"follow","max-snippet":"max-snippet:-1","max-image-preview":"max-image-preview:large","max-video-preview":"max-video-preview:-1"},"canonical":"https:\/\/eurotech-iasi.ro\/magazinonline\/produs\/remorca-motocultor-bisonte-bta-600r-capacitate-600-kg-dim-1-400-x-1-000-x-500-mm\/","og_locale":"ro_RO","og_type":"article","og_title":"Remorca motocultor BISONTE BTA-600R, capacitate 600 kg, dim.1.400 x 1.000 x 500 mm - Eurotech Iasi","og_description":"Remorca motocultor BISONTE BTA-600R, capacitate 600 kg, dim.1.400 x 1.000 x 500 mm este ideala pentru transportul diferitelor recolte din gospodarie, fiind compatibila cu toate motocultoarele cu sistem de fixare cu bolt.  *Din cauza greutatii acest tip de echipament nu poate fi expediat prin intermediul serviciului de curierat rapid. Dupa plasarea comenzii va vom confirma pe e-mail sau veti fi contactat\/a telefonic pentru a vi se comunica costul de transport, ce va fi calculat in functie de locatia dvs.  Cod produs: BT6000020","og_url":"https:\/\/eurotech-iasi.ro\/magazinonline\/produs\/remorca-motocultor-bisonte-bta-600r-capacitate-600-kg-dim-1-400-x-1-000-x-500-mm\/","og_site_name":"Eurotech Iasi","article_publisher":"https:\/\/www.facebook.com\/EurotechIasi\/","article_modified_time":"2025-01-29T15:12:35+00:00","og_image":[{"width":750,"height":750,"url":"https:\/\/eurotech-iasi.ro\/magazinonline\/wp-content\/uploads\/2023\/02\/Remorca-motocultor-BISONTE-BTA-600R-capacitate-600-kg-dim.1.400-x-1.000-x-500-mm-2.png","type":"image\/png"}],"twitter_misc":{"Timp estimat pentru citire":"1 minut"},"schema":{"@context":"https:\/\/schema.org","@graph":[{"@type":"WebPage","@id":"https:\/\/eurotech-iasi.ro\/magazinonline\/produs\/remorca-motocultor-bisonte-bta-600r-capacitate-600-kg-dim-1-400-x-1-000-x-500-mm\/","url":"https:\/\/eurotech-iasi.ro\/magazinonline\/produs\/remorca-motocultor-bisonte-bta-600r-capacitate-600-kg-dim-1-400-x-1-000-x-500-mm\/","name":"Remorca motocultor BISONTE BTA-600R, capacitate 600 kg, dim.1.400 x 1.000 x 500 mm - Eurotech Iasi","isPartOf":{"@id":"https:\/\/eurotech-iasi.ro\/magazinonline\/#website"},"primaryImageOfPage":{"@id":"https:\/\/eurotech-iasi.ro\/magazinonline\/produs\/remorca-motocultor-bisonte-bta-600r-capacitate-600-kg-dim-1-400-x-1-000-x-500-mm\/#primaryimage"},"image":{"@id":"https:\/\/eurotech-iasi.ro\/magazinonline\/produs\/remorca-motocultor-bisonte-bta-600r-capacitate-600-kg-dim-1-400-x-1-000-x-500-mm\/#primaryimage"},"thumbnailUrl":"https:\/\/eurotech-iasi.ro\/magazinonline\/wp-content\/uploads\/2023\/02\/Remorca-motocultor-BISONTE-BTA-600R-capacitate-600-kg-dim.1.400-x-1.000-x-500-mm-2.png","datePublished":"2023-02-07T13:25:22+00:00","dateModified":"2025-01-29T15:12:35+00:00","breadcrumb":{"@id":"https:\/\/eurotech-iasi.ro\/magazinonline\/produs\/remorca-motocultor-bisonte-bta-600r-capacitate-600-kg-dim-1-400-x-1-000-x-500-mm\/#breadcrumb"},"inLanguage":"ro-RO","potentialAction":[{"@type":"ReadAction","target":["https:\/\/eurotech-iasi.ro\/magazinonline\/produs\/remorca-motocultor-bisonte-bta-600r-capacitate-600-kg-dim-1-400-x-1-000-x-500-mm\/"]}]},{"@type":"ImageObject","inLanguage":"ro-RO","@id":"https:\/\/eurotech-iasi.ro\/magazinonline\/produs\/remorca-motocultor-bisonte-bta-600r-capacitate-600-kg-dim-1-400-x-1-000-x-500-mm\/#primaryimage","url":"https:\/\/eurotech-iasi.ro\/magazinonline\/wp-content\/uploads\/2023\/02\/Remorca-motocultor-BISONTE-BTA-600R-capacitate-600-kg-dim.1.400-x-1.000-x-500-mm-2.png","contentUrl":"https:\/\/eurotech-iasi.ro\/magazinonline\/wp-content\/uploads\/2023\/02\/Remorca-motocultor-BISONTE-BTA-600R-capacitate-600-kg-dim.1.400-x-1.000-x-500-mm-2.png","width":750,"height":750,"caption":"Remorca motocultor BISONTE BTA-600R, capacitate 600 kg, dim.1.400 x 1.000 x 500 mm"},{"@type":"BreadcrumbList","@id":"https:\/\/eurotech-iasi.ro\/magazinonline\/produs\/remorca-motocultor-bisonte-bta-600r-capacitate-600-kg-dim-1-400-x-1-000-x-500-mm\/#breadcrumb","itemListElement":[{"@type":"ListItem","position":1,"name":"Prima pagin\u0103","item":"https:\/\/eurotech-iasi.ro\/magazinonline\/"},{"@type":"ListItem","position":2,"name":"Shop","item":"https:\/\/eurotech-iasi.ro\/magazinonline\/shop\/"},{"@type":"ListItem","position":3,"name":"Remorca motocultor BISONTE BTA-600R, capacitate 600 kg, dim.1.400 x 1.000 x 500 mm"}]},{"@type":"WebSite","@id":"https:\/\/eurotech-iasi.ro\/magazinonline\/#website","url":"https:\/\/eurotech-iasi.ro\/magazinonline\/","name":"Eurotech Iasi","description":"Cu oameni seriosi","publisher":{"@id":"https:\/\/eurotech-iasi.ro\/magazinonline\/#organization"},"potentialAction":[{"@type":"SearchAction","target":{"@type":"EntryPoint","urlTemplate":"https:\/\/eurotech-iasi.ro\/magazinonline\/?s={search_term_string}"},"query-input":{"@type":"PropertyValueSpecification","valueRequired":true,"valueName":"search_term_string"}}],"inLanguage":"ro-RO"},{"@type":"Organization","@id":"https:\/\/eurotech-iasi.ro\/magazinonline\/#organization","name":"Eurotech Iasi","url":"https:\/\/eurotech-iasi.ro\/magazinonline\/","logo":{"@type":"ImageObject","inLanguage":"ro-RO","@id":"https:\/\/eurotech-iasi.ro\/magazinonline\/#\/schema\/logo\/image\/","url":"https:\/\/eurotech-iasi.ro\/magazinonline\/wp-content\/uploads\/2020\/08\/logo-eurotech.png","contentUrl":"https:\/\/eurotech-iasi.ro\/magazinonline\/wp-content\/uploads\/2020\/08\/logo-eurotech.png","width":290,"height":70,"caption":"Eurotech Iasi"},"image":{"@id":"https:\/\/eurotech-iasi.ro\/magazinonline\/#\/schema\/logo\/image\/"},"sameAs":["https:\/\/www.facebook.com\/EurotechIasi\/"]}]}},"_links":{"self":[{"href":"https:\/\/eurotech-iasi.ro\/magazinonline\/wp-json\/wp\/v2\/product\/82938","targetHints":{"allow":["GET"]}}],"collection":[{"href":"https:\/\/eurotech-iasi.ro\/magazinonline\/wp-json\/wp\/v2\/product"}],"about":[{"href":"https:\/\/eurotech-iasi.ro\/magazinonline\/wp-json\/wp\/v2\/types\/product"}],"replies":[{"embeddable":true,"href":"https:\/\/eurotech-iasi.ro\/magazinonline\/wp-json\/wp\/v2\/comments?post=82938"}],"wp:featuredmedia":[{"embeddable":true,"href":"https:\/\/eurotech-iasi.ro\/magazinonline\/wp-json\/wp\/v2\/media\/82948"}],"wp:attachment":[{"href":"https:\/\/eurotech-iasi.ro\/magazinonline\/wp-json\/wp\/v2\/media?parent=82938"}],"wp:term":[{"taxonomy":"product_cat","embeddable":true,"href":"https:\/\/eurotech-iasi.ro\/magazinonline\/wp-json\/wp\/v2\/product_cat?post=82938"},{"taxonomy":"product_tag","embeddable":true,"href":"https:\/\/eurotech-iasi.ro\/magazinonline\/wp-json\/wp\/v2\/product_tag?post=82938"},{"taxonomy":"woo-feed-brand","embeddable":true,"href":"https:\/\/eurotech-iasi.ro\/magazinonline\/wp-json\/wp\/v2\/woo-feed-brand?post=82938"}],"curies":[{"name":"wp","href":"https:\/\/api.w.org\/{rel}","templated":true}]}}