{"id":84925,"date":"2023-03-21T15:15:02","date_gmt":"2023-03-21T13:15:02","guid":{"rendered":"https:\/\/eurotech-iasi.ro\/magazinonline\/?post_type=product&#038;p=84925"},"modified":"2025-04-07T16:56:27","modified_gmt":"2025-04-07T13:56:27","slug":"masina-de-tuns-iarba-bosch-universalrotak-450","status":"publish","type":"product","link":"https:\/\/eurotech-iasi.ro\/magazinonline\/produs\/masina-de-tuns-iarba-bosch-universalrotak-450\/","title":{"rendered":"Masina de tuns iarba BOSCH UniversalRotak 450"},"content":{"rendered":"<p><a title=\"Masina de tuns iarba BOSCH UniversalRotak 450\" href=\"https:\/\/eurotech-iasi.ro\/magazinonline\/produs\/masina-de-tuns-iarba-bosch-universalrotak-450\/\" rel=\"nofollow\"><strong>Masina de tuns iarba BOSCH UniversalRotak 450 <\/strong><\/a>este o masina de tuns iarba ideala pentru o tundere confortabila \u2013 functii de confort si rezultate excelente, avand lama LeafCollect taie iarba perfect \u015fi poate, de asemenea, s\u0103 fie utilizat\u0103 pentru adunarea frunzelor<\/p>\n<p><em><strong>Beneficii pentru utilizatori:<\/strong><\/em><\/p>\n<ul>\n<li>Inaltimea poate fi reglata pe sase niveluri, de la 25 la 70 mm, cu ajutorul unui singur buton<\/li>\n<li>Bucura-te de o pozitie confortabila si sanatoasa de lucru cu manerele ErgoFlex<\/li>\n<li>Pentru taierea ierbii, maruntirea si adunarea frunzelor<\/li>\n<li>Sacul de colectare a ierbii se pliaza pentru o depozitare usoara si previne supraincarcarea datorita indicatorului de umplere<\/li>\n<\/ul>\n<h2>Specificatii tehnice &#8211; Masina de tuns iarba BOSCH UniversalRotak 450:<\/h2>\n<p>Puterea motorului 1.300 W<br \/>\nLatime de taiere 34 cm<br \/>\nSistem de taiere Cutit din otel calit si slefuit<br \/>\nVolum colectare iarba 40 l<br \/>\nInaltime de taiere 25 \u2013 70 mm<br \/>\nReglarea inaltimii de taiere de 6 ori<br \/>\nTip maner \u201eErgoflex-System\u201c<br \/>\nDimensiuni scula (L x l x I) 1290 x 400 x 1020 mm<br \/>\nGreutate 13,5 kg<br \/>\nTavalug gazon pentru dungi<br \/>\nGreutate incl. ambalaj 14,95 kg<br \/>\nDimensiuni ambalaj (lungime) 755 mm<br \/>\nDimensiuni ambalaj (latime) 455 mm<br \/>\nDimensiuni ambalaj (inaltime) 390 mm<br \/>\nDimensiuni ambalaj (L x l x I) 755 x 455 mm<\/p>\n<p><em><strong>Functii:<\/strong><\/em><\/p>\n<ul>\n<li>Motor Powerdrive \u2713<\/li>\n<li>Pieptene de gazon \u2713<\/li>\n<li>Maner de transport integrat \u2713<\/li>\n<li>Protectie la suprasarcina motor \u2713<\/li>\n<li>Indicator nivel umplere cu iarba \u2713<\/li>\n<li>QuickClick \u2713<\/li>\n<li>LeafCollect \u2713<\/li>\n<li>Nivel presiune sonora 80 dB(A)<\/li>\n<li>Nivel putere sonora 93 dB(A)<\/li>\n<li>Incertitudine K 1 dB<\/li>\n<\/ul>\n<p>&nbsp;<\/p>\n","protected":false},"excerpt":{"rendered":"<p><strong>Masina de tuns iarba BOSCH UniversalRotak 450 <\/strong>este o masina de tuns iarba ideala pentru gradini de dimensiuni mici si medii.<\/p>\n<p><em><strong>Cod produs: 06008B9005 <\/strong><\/em><\/p>\n","protected":false},"featured_media":84933,"comment_status":"open","ping_status":"closed","template":"","meta":{"_acf_changed":false},"product_cat":[4337,4368],"product_tag":[],"woo-feed-brand":[],"class_list":{"0":"post-84925","1":"product","2":"type-product","3":"status-publish","4":"has-post-thumbnail","6":"product_brand-bosch","7":"product_cat-gradinarit-agricultura","8":"product_cat-masini-de-tuns-gazonul","9":"pa_brand-bosch","10":"pa_dimensiuni-1290-x-400-x-1020-mm","11":"pa_greutate-13-5-kg","12":"pa_inaltime-de-taiere-25-70-mm-2","13":"pa_latime-taiere-34-cm","14":"pa_putere-motor-1300-w","15":"pa_volum-cos-colector-40-l","17":"first","18":"outofstock","19":"purchasable","20":"product-type-simple"},"acf":[],"yoast_head":"<!-- This site is optimized with the Yoast SEO plugin v27.3 - https:\/\/yoast.com\/product\/yoast-seo-wordpress\/ -->\n<title>Masina de tuns iarba BOSCH UniversalRotak 450 - Eurotech Iasi<\/title>\n<meta name=\"description\" content=\"Masina de tuns gazonul Makita DLM431Z, inaltime de tundere 200-750mm, diametru de tundere 430mm, volum cos colector 50 l.\" \/>\n<meta name=\"robots\" content=\"index, follow, max-snippet:-1, max-image-preview:large, max-video-preview:-1\" \/>\n<link rel=\"canonical\" href=\"https:\/\/eurotech-iasi.ro\/magazinonline\/produs\/masina-de-tuns-iarba-bosch-universalrotak-450\/\" \/>\n<meta property=\"og:locale\" content=\"ro_RO\" \/>\n<meta property=\"og:type\" content=\"article\" \/>\n<meta property=\"og:title\" content=\"Masina de tuns iarba BOSCH UniversalRotak 450 - Eurotech Iasi\" \/>\n<meta property=\"og:description\" content=\"Masina de tuns gazonul Makita DLM431Z, inaltime de tundere 200-750mm, diametru de tundere 430mm, volum cos colector 50 l.\" \/>\n<meta property=\"og:url\" content=\"https:\/\/eurotech-iasi.ro\/magazinonline\/produs\/masina-de-tuns-iarba-bosch-universalrotak-450\/\" \/>\n<meta property=\"og:site_name\" content=\"Eurotech Iasi\" \/>\n<meta property=\"article:publisher\" content=\"https:\/\/www.facebook.com\/EurotechIasi\/\" \/>\n<meta property=\"article:modified_time\" content=\"2025-04-07T13:56:27+00:00\" \/>\n<meta property=\"og:image\" content=\"https:\/\/eurotech-iasi.ro\/magazinonline\/wp-content\/uploads\/2023\/03\/Masina-de-tuns-iarba-BOSCH-UniversalRotak-450-1.jpg\" \/>\n\t<meta property=\"og:image:width\" content=\"750\" \/>\n\t<meta property=\"og:image:height\" content=\"750\" \/>\n\t<meta property=\"og:image:type\" content=\"image\/jpeg\" \/>\n<meta name=\"twitter:label1\" content=\"Timp estimat pentru citire\" \/>\n\t<meta name=\"twitter:data1\" content=\"1 minut\" \/>\n<script type=\"application\/ld+json\" class=\"yoast-schema-graph\">{\"@context\":\"https:\\\/\\\/schema.org\",\"@graph\":[{\"@type\":\"WebPage\",\"@id\":\"https:\\\/\\\/eurotech-iasi.ro\\\/magazinonline\\\/produs\\\/masina-de-tuns-iarba-bosch-universalrotak-450\\\/\",\"url\":\"https:\\\/\\\/eurotech-iasi.ro\\\/magazinonline\\\/produs\\\/masina-de-tuns-iarba-bosch-universalrotak-450\\\/\",\"name\":\"Masina de tuns iarba BOSCH UniversalRotak 450 - Eurotech Iasi\",\"isPartOf\":{\"@id\":\"https:\\\/\\\/eurotech-iasi.ro\\\/magazinonline\\\/#website\"},\"primaryImageOfPage\":{\"@id\":\"https:\\\/\\\/eurotech-iasi.ro\\\/magazinonline\\\/produs\\\/masina-de-tuns-iarba-bosch-universalrotak-450\\\/#primaryimage\"},\"image\":{\"@id\":\"https:\\\/\\\/eurotech-iasi.ro\\\/magazinonline\\\/produs\\\/masina-de-tuns-iarba-bosch-universalrotak-450\\\/#primaryimage\"},\"thumbnailUrl\":\"https:\\\/\\\/eurotech-iasi.ro\\\/magazinonline\\\/wp-content\\\/uploads\\\/2023\\\/03\\\/Masina-de-tuns-iarba-BOSCH-UniversalRotak-450-1.jpg\",\"datePublished\":\"2023-03-21T13:15:02+00:00\",\"dateModified\":\"2025-04-07T13:56:27+00:00\",\"description\":\"Masina de tuns gazonul Makita DLM431Z, inaltime de tundere 200-750mm, diametru de tundere 430mm, volum cos colector 50 l.\",\"breadcrumb\":{\"@id\":\"https:\\\/\\\/eurotech-iasi.ro\\\/magazinonline\\\/produs\\\/masina-de-tuns-iarba-bosch-universalrotak-450\\\/#breadcrumb\"},\"inLanguage\":\"ro-RO\",\"potentialAction\":[{\"@type\":\"ReadAction\",\"target\":[\"https:\\\/\\\/eurotech-iasi.ro\\\/magazinonline\\\/produs\\\/masina-de-tuns-iarba-bosch-universalrotak-450\\\/\"]}]},{\"@type\":\"ImageObject\",\"inLanguage\":\"ro-RO\",\"@id\":\"https:\\\/\\\/eurotech-iasi.ro\\\/magazinonline\\\/produs\\\/masina-de-tuns-iarba-bosch-universalrotak-450\\\/#primaryimage\",\"url\":\"https:\\\/\\\/eurotech-iasi.ro\\\/magazinonline\\\/wp-content\\\/uploads\\\/2023\\\/03\\\/Masina-de-tuns-iarba-BOSCH-UniversalRotak-450-1.jpg\",\"contentUrl\":\"https:\\\/\\\/eurotech-iasi.ro\\\/magazinonline\\\/wp-content\\\/uploads\\\/2023\\\/03\\\/Masina-de-tuns-iarba-BOSCH-UniversalRotak-450-1.jpg\",\"width\":750,\"height\":750,\"caption\":\"Masina de tuns iarba BOSCH UniversalRotak 450\"},{\"@type\":\"BreadcrumbList\",\"@id\":\"https:\\\/\\\/eurotech-iasi.ro\\\/magazinonline\\\/produs\\\/masina-de-tuns-iarba-bosch-universalrotak-450\\\/#breadcrumb\",\"itemListElement\":[{\"@type\":\"ListItem\",\"position\":1,\"name\":\"Prima pagin\u0103\",\"item\":\"https:\\\/\\\/eurotech-iasi.ro\\\/magazinonline\\\/\"},{\"@type\":\"ListItem\",\"position\":2,\"name\":\"Shop\",\"item\":\"https:\\\/\\\/eurotech-iasi.ro\\\/magazinonline\\\/shop\\\/\"},{\"@type\":\"ListItem\",\"position\":3,\"name\":\"Masina de tuns iarba BOSCH UniversalRotak 450\"}]},{\"@type\":\"WebSite\",\"@id\":\"https:\\\/\\\/eurotech-iasi.ro\\\/magazinonline\\\/#website\",\"url\":\"https:\\\/\\\/eurotech-iasi.ro\\\/magazinonline\\\/\",\"name\":\"Eurotech Iasi\",\"description\":\"Cu oameni seriosi\",\"publisher\":{\"@id\":\"https:\\\/\\\/eurotech-iasi.ro\\\/magazinonline\\\/#organization\"},\"potentialAction\":[{\"@type\":\"SearchAction\",\"target\":{\"@type\":\"EntryPoint\",\"urlTemplate\":\"https:\\\/\\\/eurotech-iasi.ro\\\/magazinonline\\\/?s={search_term_string}\"},\"query-input\":{\"@type\":\"PropertyValueSpecification\",\"valueRequired\":true,\"valueName\":\"search_term_string\"}}],\"inLanguage\":\"ro-RO\"},{\"@type\":\"Organization\",\"@id\":\"https:\\\/\\\/eurotech-iasi.ro\\\/magazinonline\\\/#organization\",\"name\":\"Eurotech Iasi\",\"url\":\"https:\\\/\\\/eurotech-iasi.ro\\\/magazinonline\\\/\",\"logo\":{\"@type\":\"ImageObject\",\"inLanguage\":\"ro-RO\",\"@id\":\"https:\\\/\\\/eurotech-iasi.ro\\\/magazinonline\\\/#\\\/schema\\\/logo\\\/image\\\/\",\"url\":\"https:\\\/\\\/eurotech-iasi.ro\\\/magazinonline\\\/wp-content\\\/uploads\\\/2020\\\/08\\\/logo-eurotech.png\",\"contentUrl\":\"https:\\\/\\\/eurotech-iasi.ro\\\/magazinonline\\\/wp-content\\\/uploads\\\/2020\\\/08\\\/logo-eurotech.png\",\"width\":290,\"height\":70,\"caption\":\"Eurotech Iasi\"},\"image\":{\"@id\":\"https:\\\/\\\/eurotech-iasi.ro\\\/magazinonline\\\/#\\\/schema\\\/logo\\\/image\\\/\"},\"sameAs\":[\"https:\\\/\\\/www.facebook.com\\\/EurotechIasi\\\/\"]}]}<\/script>\n<!-- \/ Yoast SEO plugin. -->","yoast_head_json":{"title":"Masina de tuns iarba BOSCH UniversalRotak 450 - Eurotech Iasi","description":"Masina de tuns gazonul Makita DLM431Z, inaltime de tundere 200-750mm, diametru de tundere 430mm, volum cos colector 50 l.","robots":{"index":"index","follow":"follow","max-snippet":"max-snippet:-1","max-image-preview":"max-image-preview:large","max-video-preview":"max-video-preview:-1"},"canonical":"https:\/\/eurotech-iasi.ro\/magazinonline\/produs\/masina-de-tuns-iarba-bosch-universalrotak-450\/","og_locale":"ro_RO","og_type":"article","og_title":"Masina de tuns iarba BOSCH UniversalRotak 450 - Eurotech Iasi","og_description":"Masina de tuns gazonul Makita DLM431Z, inaltime de tundere 200-750mm, diametru de tundere 430mm, volum cos colector 50 l.","og_url":"https:\/\/eurotech-iasi.ro\/magazinonline\/produs\/masina-de-tuns-iarba-bosch-universalrotak-450\/","og_site_name":"Eurotech Iasi","article_publisher":"https:\/\/www.facebook.com\/EurotechIasi\/","article_modified_time":"2025-04-07T13:56:27+00:00","og_image":[{"width":750,"height":750,"url":"https:\/\/eurotech-iasi.ro\/magazinonline\/wp-content\/uploads\/2023\/03\/Masina-de-tuns-iarba-BOSCH-UniversalRotak-450-1.jpg","type":"image\/jpeg"}],"twitter_misc":{"Timp estimat pentru citire":"1 minut"},"schema":{"@context":"https:\/\/schema.org","@graph":[{"@type":"WebPage","@id":"https:\/\/eurotech-iasi.ro\/magazinonline\/produs\/masina-de-tuns-iarba-bosch-universalrotak-450\/","url":"https:\/\/eurotech-iasi.ro\/magazinonline\/produs\/masina-de-tuns-iarba-bosch-universalrotak-450\/","name":"Masina de tuns iarba BOSCH UniversalRotak 450 - Eurotech Iasi","isPartOf":{"@id":"https:\/\/eurotech-iasi.ro\/magazinonline\/#website"},"primaryImageOfPage":{"@id":"https:\/\/eurotech-iasi.ro\/magazinonline\/produs\/masina-de-tuns-iarba-bosch-universalrotak-450\/#primaryimage"},"image":{"@id":"https:\/\/eurotech-iasi.ro\/magazinonline\/produs\/masina-de-tuns-iarba-bosch-universalrotak-450\/#primaryimage"},"thumbnailUrl":"https:\/\/eurotech-iasi.ro\/magazinonline\/wp-content\/uploads\/2023\/03\/Masina-de-tuns-iarba-BOSCH-UniversalRotak-450-1.jpg","datePublished":"2023-03-21T13:15:02+00:00","dateModified":"2025-04-07T13:56:27+00:00","description":"Masina de tuns gazonul Makita DLM431Z, inaltime de tundere 200-750mm, diametru de tundere 430mm, volum cos colector 50 l.","breadcrumb":{"@id":"https:\/\/eurotech-iasi.ro\/magazinonline\/produs\/masina-de-tuns-iarba-bosch-universalrotak-450\/#breadcrumb"},"inLanguage":"ro-RO","potentialAction":[{"@type":"ReadAction","target":["https:\/\/eurotech-iasi.ro\/magazinonline\/produs\/masina-de-tuns-iarba-bosch-universalrotak-450\/"]}]},{"@type":"ImageObject","inLanguage":"ro-RO","@id":"https:\/\/eurotech-iasi.ro\/magazinonline\/produs\/masina-de-tuns-iarba-bosch-universalrotak-450\/#primaryimage","url":"https:\/\/eurotech-iasi.ro\/magazinonline\/wp-content\/uploads\/2023\/03\/Masina-de-tuns-iarba-BOSCH-UniversalRotak-450-1.jpg","contentUrl":"https:\/\/eurotech-iasi.ro\/magazinonline\/wp-content\/uploads\/2023\/03\/Masina-de-tuns-iarba-BOSCH-UniversalRotak-450-1.jpg","width":750,"height":750,"caption":"Masina de tuns iarba BOSCH UniversalRotak 450"},{"@type":"BreadcrumbList","@id":"https:\/\/eurotech-iasi.ro\/magazinonline\/produs\/masina-de-tuns-iarba-bosch-universalrotak-450\/#breadcrumb","itemListElement":[{"@type":"ListItem","position":1,"name":"Prima pagin\u0103","item":"https:\/\/eurotech-iasi.ro\/magazinonline\/"},{"@type":"ListItem","position":2,"name":"Shop","item":"https:\/\/eurotech-iasi.ro\/magazinonline\/shop\/"},{"@type":"ListItem","position":3,"name":"Masina de tuns iarba BOSCH UniversalRotak 450"}]},{"@type":"WebSite","@id":"https:\/\/eurotech-iasi.ro\/magazinonline\/#website","url":"https:\/\/eurotech-iasi.ro\/magazinonline\/","name":"Eurotech Iasi","description":"Cu oameni seriosi","publisher":{"@id":"https:\/\/eurotech-iasi.ro\/magazinonline\/#organization"},"potentialAction":[{"@type":"SearchAction","target":{"@type":"EntryPoint","urlTemplate":"https:\/\/eurotech-iasi.ro\/magazinonline\/?s={search_term_string}"},"query-input":{"@type":"PropertyValueSpecification","valueRequired":true,"valueName":"search_term_string"}}],"inLanguage":"ro-RO"},{"@type":"Organization","@id":"https:\/\/eurotech-iasi.ro\/magazinonline\/#organization","name":"Eurotech Iasi","url":"https:\/\/eurotech-iasi.ro\/magazinonline\/","logo":{"@type":"ImageObject","inLanguage":"ro-RO","@id":"https:\/\/eurotech-iasi.ro\/magazinonline\/#\/schema\/logo\/image\/","url":"https:\/\/eurotech-iasi.ro\/magazinonline\/wp-content\/uploads\/2020\/08\/logo-eurotech.png","contentUrl":"https:\/\/eurotech-iasi.ro\/magazinonline\/wp-content\/uploads\/2020\/08\/logo-eurotech.png","width":290,"height":70,"caption":"Eurotech Iasi"},"image":{"@id":"https:\/\/eurotech-iasi.ro\/magazinonline\/#\/schema\/logo\/image\/"},"sameAs":["https:\/\/www.facebook.com\/EurotechIasi\/"]}]}},"_links":{"self":[{"href":"https:\/\/eurotech-iasi.ro\/magazinonline\/wp-json\/wp\/v2\/product\/84925","targetHints":{"allow":["GET"]}}],"collection":[{"href":"https:\/\/eurotech-iasi.ro\/magazinonline\/wp-json\/wp\/v2\/product"}],"about":[{"href":"https:\/\/eurotech-iasi.ro\/magazinonline\/wp-json\/wp\/v2\/types\/product"}],"replies":[{"embeddable":true,"href":"https:\/\/eurotech-iasi.ro\/magazinonline\/wp-json\/wp\/v2\/comments?post=84925"}],"wp:featuredmedia":[{"embeddable":true,"href":"https:\/\/eurotech-iasi.ro\/magazinonline\/wp-json\/wp\/v2\/media\/84933"}],"wp:attachment":[{"href":"https:\/\/eurotech-iasi.ro\/magazinonline\/wp-json\/wp\/v2\/media?parent=84925"}],"wp:term":[{"taxonomy":"product_cat","embeddable":true,"href":"https:\/\/eurotech-iasi.ro\/magazinonline\/wp-json\/wp\/v2\/product_cat?post=84925"},{"taxonomy":"product_tag","embeddable":true,"href":"https:\/\/eurotech-iasi.ro\/magazinonline\/wp-json\/wp\/v2\/product_tag?post=84925"},{"taxonomy":"woo-feed-brand","embeddable":true,"href":"https:\/\/eurotech-iasi.ro\/magazinonline\/wp-json\/wp\/v2\/woo-feed-brand?post=84925"}],"curies":[{"name":"wp","href":"https:\/\/api.w.org\/{rel}","templated":true}]}}