{"id":87948,"date":"2023-05-30T16:21:20","date_gmt":"2023-05-30T13:21:20","guid":{"rendered":"https:\/\/eurotech-iasi.ro\/magazinonline\/?post_type=product&#038;p=87948"},"modified":"2024-03-15T15:08:54","modified_gmt":"2024-03-15T13:08:54","slug":"invertor-panou-solar-5kw-on-grid-trifazat-wifi-growatt-mod5000tl3-x","status":"publish","type":"product","link":"https:\/\/eurotech-iasi.ro\/magazinonline\/produs\/invertor-panou-solar-5kw-on-grid-trifazat-wifi-growatt-mod5000tl3-x\/","title":{"rendered":"Invertor Panou Solar 5kW, On Grid, trifazat, WiFi Growatt MOD5000TL3-X"},"content":{"rendered":"<p><strong><a title=\"Invertor Panou Solar 5kW, On Grid, trifazat, WiFi Growatt MOD5000TL3-X\" href=\"https:\/\/eurotech-iasi.ro\/magazinonline\/produs\/invertor-panou-solar-5kw-on-grid-trifazat-wifi-growatt-mod5000tl3-x\/\" rel=\"nofollow\">Invertor Panou Solar 5kW, On Grid, trifazat, WiFi Growatt MOD5000TL3-X<\/a>\u00a0<\/strong> are un design placut, compact, are un buton tactil pentru programare parametri si un afisaj OLED usor de utilizat. In acest fel, puteti descoperi rapid ce se intampla cu sistemul dumneavoastra.<\/p>\n<div>Pe langa utilizarea facila acesta are si o eficienta foarte mare de pana la 98,3%.<\/div>\n<div>Invertorul rezidential din seria MOD utilizeaz\u0103 materiale usoare, ignifuge, de calitate superioara, ceea ce il face usor de transportat si instalat.<\/div>\n<div>Are o greutate redusa cu pana la 35% fata de invertoarele uzuale.<\/div>\n<div><\/div>\n<div>Proiectat cu interfete standard USB, RS485 si WiFi (impreuna cu dispozitivul de monitorizare wifi &#8211; ShineWiFi-X si cu ajutorul aplicatiei disponibila online, veti putea configura si monitoriza parametrii sistemului solar).<\/div>\n<div>Invertoarele Growatt MOD au 2 MPPT, tip II SPD pe partea DC si AC, monitorizare sir.<\/div>\n<div><\/div>\n<div>Dupa stabilirea modulului de comunicatie RF USB +, conectati-va la platforma Growatt OSS (Online Intelligent Service) pentru a monitoriza sistemul dumneavoastra.<\/div>\n<div><\/div>\n<div>\n<div><strong>Date tehnice:<\/strong><\/div>\n<div>Putere maxima panouri fotovoltaice: 7500W<\/div>\n<div>Tensiune maxima: 1100Vcc<\/div>\n<div>Tensiune pornire: 160V<\/div>\n<div>Tensiune nominala: 580V<\/div>\n<div>Plaja tensiune MPP: 140V-1000V<\/div>\n<div>Numar trackere MPP: 2<\/div>\n<div>Numar legaturi fotovoltaice per tracker MPP: 1<\/div>\n<div>Curent intrare max. per tracker MPP: 13A<\/div>\n<div>Curent max. de scurt circuit per tracker MPP: 16A<\/div>\n<div><\/div>\n<div><strong>Date iesire AC:<\/strong><\/div>\n<div>Putere nominala AC: 5000W<\/div>\n<div>Putere aparenta maxima AC: 5500VA<\/div>\n<div>Tensiune nominala AC (plaja*): 220V\/380V, 230V\/400V (340-440V)<\/div>\n<div>Frecventa retelei AC (plaja*): 50\/60 Hz (45-55Hz\/55-65 Hz)<\/div>\n<div>Curent max. iesire: 10.0A<\/div>\n<div>Factor putere reglabil: 0,8 avans&#8230;0,8 intarziere<\/div>\n<div>THDi: &lt;3%<\/div>\n<div>\n<p>Tip conectare la retea AC: 3W+N+PE<\/p>\n<div><strong>*<\/strong>Tensiunea AC si intervalul de frecventa pot varia in functie de standardul specific al retelei dumneavoastra.<\/div>\n<p><strong>Eficienta:<\/strong><\/p>\n<\/div>\n<div>Eficienta maxima: 98.30%<\/div>\n<div>Eficienta europeana: 97.50%<\/div>\n<div>\n<p>Eficienta MPPT: 99.90%<\/p>\n<\/div>\n<div><\/div>\n<div><strong>Protectie:<\/strong><\/div>\n<div>Protectie la inversarea polaritatii DC: Da<\/div>\n<div>Protectie Intrerupator DC: Da<\/div>\n<div>Protectie la supratensiune AC\/DC: Tip II\/Tip II<\/div>\n<div>Monitorizarea rezistentei de izolatie: Da<\/div>\n<div>Protectie la scurt circuit AC: Da<\/div>\n<div>Monitorizarea defectiunii la impamantare: Da<\/div>\n<div>Monitorizarea retelei: Da<\/div>\n<div>Deconectare automata lipsa tensiune retea: Da<\/div>\n<div>Unitate de monitorizare a curentului rezidual: Da<\/div>\n<div>Monitorizare defectiuni siruri: Da<\/div>\n<div><\/div>\n<div><strong><br \/>\nDate generale:<\/strong><\/div>\n<div>Dimensiuni: 425x387x147mm<\/div>\n<div>Masa: 12.5kg<\/div>\n<div>Temperatura functionare: \u201325\u00b0C &#8230; +60\u00b0C<\/div>\n<div>Consumul energie pe timp de noapte: &lt;1W<\/div>\n<div>Topologie: Fara transformator<\/div>\n<div>Racire: Convectie naturala<\/div>\n<div>Grad protectie: IP66<\/div>\n<div>Umiditate relativa: 0-100%<\/div>\n<div>Altitudine: 4000m<\/div>\n<div>Conexiune DC: MC4<\/div>\n<div>Conexiune AC: Conector<\/div>\n<div>Tip afisaj: OLED+LED\/WIFI+APP<\/div>\n<div>Interfete: USB\/RS485\/WiFi<\/div>\n<div>\n<div><strong>Set livrare:<\/strong><\/div>\n<div>Inverter<\/div>\n<div>Dispozitiv de monitorizare wifi &#8211; ShineWiFi-X<\/div>\n<div>Consola fixare<\/div>\n<div>Accesorii montaj (mufe, dibluri)<\/div>\n<\/div>\n<div><strong>Certificari:<\/strong><\/div>\n<div>CE, VDE0126, Greece, EN50549, C10\/C11,<\/div>\n<div>UTE C 15-712, IEC62116, IEC61727, IEC 60068,<\/div>\n<div>IEC 61683, CEI0-21, N4105, TOR Erzeuger<\/div>\n<div>\n<p>G98\/G99, G100, AS4777, UNE217001, UNE206007, PO12.2<\/p>\n<div><\/div>\n<div><strong>ShineWiFi-X<\/strong><\/div>\n<div><strong>Descriere<\/strong><\/div>\n<div>Shine WiFi-X este solutia inteligenta si facila de monitorizare a sistemului fotovoltaic.<\/div>\n<div>Simplu de instalat si configurat.<\/div>\n<div>Se alimenteaza de la invertor.<\/div>\n<div>Dispozitivul este conectat la portul RS-232 existent si stabileste conexiunea printr-un router LAN.<\/div>\n<div>Memorie interna pentru backup. Datele invertoarelor conectate sunt salvate timp de 30 de zile, chiar si in cazul unei defectiuni a retelei de internet.<\/div>\n<div>\n<div><strong>Date tehnice:<\/strong><\/div>\n<div>Dimensiuni(Lxlxh): 135x79x29mm<\/div>\n<div>Masa: 63g<\/div>\n<div>Temperatura lucru: \u201320\u00b0C&#8230;+65\u00b0C<\/div>\n<p>Standard WiFi: 802.11 b\/g\/n<\/p>\n<\/div>\n<div>Frecventa: 2.4GHz~2.5GHz (2412MHz~2484MHz)<\/div>\n<div>Putere:<\/div>\n<div>802.11b: 16\u00b12 dBm (@11Mbps)<\/div>\n<div>802.11g: 14\u00b12 dBm (@54Mbps)<\/div>\n<div>802.11n: 13\u00b12 dBm (@HT20, MCS7)<\/div>\n<div>Sensibilitate receptor:<\/div>\n<div>CCK, 1 Mbps: -90dBm<\/div>\n<div>CCK, 11 Mbps: -85dBm<\/div>\n<div>6 Mbps (1\/2 BPSK): -88dBm<\/div>\n<div>54 Mbps (3\/4 64-QAM): -70dBm<\/div>\n<div>HT20, MCS7 (65 Mbps, 72.2 Mbps): -67dBm<\/div>\n<div><\/div>\n<div><strong>Date hardware:<\/strong><\/div>\n<div>Interfata: USB<\/div>\n<div>Tensiune lucru: 5V(\u00b15%)<\/div>\n<div>Putere nominala: 1.2W<\/div>\n<div>Display: LED<\/div>\n<div>Parametri aplicatie:<\/div>\n<div>Server: ShineServer<\/div>\n<div>Comunicare Inverter: USB (Modbus RTU protocol)<\/div>\n<div>Comunicare Server: TCP (Modbus TCP protocol)<\/div>\n<div>Interval max. de comunicare: 50m<\/div>\n<div>Configurare: APP<\/div>\n<div>Intreval transmitere date: 5minute<\/div>\n<div>Server URL implicit: server.growatt.com<\/div>\n<\/div>\n<\/div>\n","protected":false},"excerpt":{"rendered":"<p><strong>Invertor Panou Solar 5kW, On Grid, trifazat, WiFi Growatt MOD5000TL3-X\u00a0<\/strong> are un design placut, compact, are un buton tactil pentru programare parametri si un afisaj OLED usor de utilizat. In acest fel, puteti descoperi rapid ce se intampla cu sistemul dumneavoastra.<\/p>\n<p><em><strong class=\"type\">Cod produs:<\/strong>\u00a0<strong>5180MOD5000TL3X<\/strong><\/em><\/p>\n<p><strong>Conform Legii 39\/2023, TVA-ul pentru acest produs este de 5% pentru Persoanele Fizice, respectiv 19% pentru Persoanele Juridice.<\/strong><br \/>\n<strong>Pre\u021bul afi\u0219at este cu TVA 5%, pentru cump\u0103r\u0103torii Persoane Juridice valoarea total\u0103 se va comunica telefonic sau prin email.<\/strong><\/p>\n","protected":false},"featured_media":87950,"comment_status":"open","ping_status":"closed","template":"","meta":{"_acf_changed":false},"product_cat":[13582,13579],"product_tag":[],"woo-feed-brand":[],"class_list":{"0":"post-87948","1":"product","2":"type-product","3":"status-publish","4":"has-post-thumbnail","6":"product_brand-growatt","7":"product_cat-invertoare-si-controlere-panouri-solare","8":"product_cat-sisteme-fotovoltaice","10":"first","11":"instock","12":"sale","13":"shipping-taxable","14":"purchasable","15":"product-type-simple"},"acf":[],"yoast_head":"<!-- This site is optimized with the Yoast SEO plugin v27.3 - https:\/\/yoast.com\/product\/yoast-seo-wordpress\/ -->\n<title>Invertor Panou Solar 5kW, On Grid, trifazat, WiFi Growatt MOD5000TL3-X - Eurotech Iasi<\/title>\n<meta name=\"robots\" content=\"index, follow, max-snippet:-1, max-image-preview:large, max-video-preview:-1\" \/>\n<link rel=\"canonical\" href=\"https:\/\/eurotech-iasi.ro\/magazinonline\/produs\/invertor-panou-solar-5kw-on-grid-trifazat-wifi-growatt-mod5000tl3-x\/\" \/>\n<meta property=\"og:locale\" content=\"ro_RO\" \/>\n<meta property=\"og:type\" content=\"article\" \/>\n<meta property=\"og:title\" content=\"Invertor Panou Solar 5kW, On Grid, trifazat, WiFi Growatt MOD5000TL3-X - Eurotech Iasi\" \/>\n<meta property=\"og:description\" content=\"Invertor Panou Solar 5kW, On Grid, trifazat, WiFi Growatt MOD5000TL3-X\u00a0 are un design placut, compact, are un buton tactil pentru programare parametri si un afisaj OLED usor de utilizat. In acest fel, puteti descoperi rapid ce se intampla cu sistemul dumneavoastra.  Cod produs:\u00a05180MOD5000TL3X  Conform Legii 39\/2023, TVA-ul pentru acest produs este de 5% pentru Persoanele Fizice, respectiv 19% pentru Persoanele Juridice. Pre\u021bul afi\u0219at este cu TVA 5%, pentru cump\u0103r\u0103torii Persoane Juridice valoarea total\u0103 se va comunica telefonic sau prin email.\" \/>\n<meta property=\"og:url\" content=\"https:\/\/eurotech-iasi.ro\/magazinonline\/produs\/invertor-panou-solar-5kw-on-grid-trifazat-wifi-growatt-mod5000tl3-x\/\" \/>\n<meta property=\"og:site_name\" content=\"Eurotech Iasi\" \/>\n<meta property=\"article:publisher\" content=\"https:\/\/www.facebook.com\/EurotechIasi\/\" \/>\n<meta property=\"article:modified_time\" content=\"2024-03-15T13:08:54+00:00\" \/>\n<meta property=\"og:image\" content=\"https:\/\/eurotech-iasi.ro\/magazinonline\/wp-content\/uploads\/2023\/05\/Design-fara-titlu-40.png\" \/>\n\t<meta property=\"og:image:width\" content=\"750\" \/>\n\t<meta property=\"og:image:height\" content=\"750\" \/>\n\t<meta property=\"og:image:type\" content=\"image\/png\" \/>\n<meta name=\"twitter:label1\" content=\"Timp estimat pentru citire\" \/>\n\t<meta name=\"twitter:data1\" content=\"3 minute\" \/>\n<script type=\"application\/ld+json\" class=\"yoast-schema-graph\">{\"@context\":\"https:\\\/\\\/schema.org\",\"@graph\":[{\"@type\":\"WebPage\",\"@id\":\"https:\\\/\\\/eurotech-iasi.ro\\\/magazinonline\\\/produs\\\/invertor-panou-solar-5kw-on-grid-trifazat-wifi-growatt-mod5000tl3-x\\\/\",\"url\":\"https:\\\/\\\/eurotech-iasi.ro\\\/magazinonline\\\/produs\\\/invertor-panou-solar-5kw-on-grid-trifazat-wifi-growatt-mod5000tl3-x\\\/\",\"name\":\"Invertor Panou Solar 5kW, On Grid, trifazat, WiFi Growatt MOD5000TL3-X - Eurotech Iasi\",\"isPartOf\":{\"@id\":\"https:\\\/\\\/eurotech-iasi.ro\\\/magazinonline\\\/#website\"},\"primaryImageOfPage\":{\"@id\":\"https:\\\/\\\/eurotech-iasi.ro\\\/magazinonline\\\/produs\\\/invertor-panou-solar-5kw-on-grid-trifazat-wifi-growatt-mod5000tl3-x\\\/#primaryimage\"},\"image\":{\"@id\":\"https:\\\/\\\/eurotech-iasi.ro\\\/magazinonline\\\/produs\\\/invertor-panou-solar-5kw-on-grid-trifazat-wifi-growatt-mod5000tl3-x\\\/#primaryimage\"},\"thumbnailUrl\":\"https:\\\/\\\/eurotech-iasi.ro\\\/magazinonline\\\/wp-content\\\/uploads\\\/2023\\\/05\\\/Design-fara-titlu-40.png\",\"datePublished\":\"2023-05-30T13:21:20+00:00\",\"dateModified\":\"2024-03-15T13:08:54+00:00\",\"breadcrumb\":{\"@id\":\"https:\\\/\\\/eurotech-iasi.ro\\\/magazinonline\\\/produs\\\/invertor-panou-solar-5kw-on-grid-trifazat-wifi-growatt-mod5000tl3-x\\\/#breadcrumb\"},\"inLanguage\":\"ro-RO\",\"potentialAction\":[{\"@type\":\"ReadAction\",\"target\":[\"https:\\\/\\\/eurotech-iasi.ro\\\/magazinonline\\\/produs\\\/invertor-panou-solar-5kw-on-grid-trifazat-wifi-growatt-mod5000tl3-x\\\/\"]}]},{\"@type\":\"ImageObject\",\"inLanguage\":\"ro-RO\",\"@id\":\"https:\\\/\\\/eurotech-iasi.ro\\\/magazinonline\\\/produs\\\/invertor-panou-solar-5kw-on-grid-trifazat-wifi-growatt-mod5000tl3-x\\\/#primaryimage\",\"url\":\"https:\\\/\\\/eurotech-iasi.ro\\\/magazinonline\\\/wp-content\\\/uploads\\\/2023\\\/05\\\/Design-fara-titlu-40.png\",\"contentUrl\":\"https:\\\/\\\/eurotech-iasi.ro\\\/magazinonline\\\/wp-content\\\/uploads\\\/2023\\\/05\\\/Design-fara-titlu-40.png\",\"width\":750,\"height\":750,\"caption\":\"Invertor Panou Solar 5kW, On Grid, trifazat, WiFi Growatt MOD5000TL3-X\u00a0\"},{\"@type\":\"BreadcrumbList\",\"@id\":\"https:\\\/\\\/eurotech-iasi.ro\\\/magazinonline\\\/produs\\\/invertor-panou-solar-5kw-on-grid-trifazat-wifi-growatt-mod5000tl3-x\\\/#breadcrumb\",\"itemListElement\":[{\"@type\":\"ListItem\",\"position\":1,\"name\":\"Prima pagin\u0103\",\"item\":\"https:\\\/\\\/eurotech-iasi.ro\\\/magazinonline\\\/\"},{\"@type\":\"ListItem\",\"position\":2,\"name\":\"Shop\",\"item\":\"https:\\\/\\\/eurotech-iasi.ro\\\/magazinonline\\\/shop\\\/\"},{\"@type\":\"ListItem\",\"position\":3,\"name\":\"Invertor Panou Solar 5kW, On Grid, trifazat, WiFi Growatt MOD5000TL3-X\"}]},{\"@type\":\"WebSite\",\"@id\":\"https:\\\/\\\/eurotech-iasi.ro\\\/magazinonline\\\/#website\",\"url\":\"https:\\\/\\\/eurotech-iasi.ro\\\/magazinonline\\\/\",\"name\":\"Eurotech Iasi\",\"description\":\"Cu oameni seriosi\",\"publisher\":{\"@id\":\"https:\\\/\\\/eurotech-iasi.ro\\\/magazinonline\\\/#organization\"},\"potentialAction\":[{\"@type\":\"SearchAction\",\"target\":{\"@type\":\"EntryPoint\",\"urlTemplate\":\"https:\\\/\\\/eurotech-iasi.ro\\\/magazinonline\\\/?s={search_term_string}\"},\"query-input\":{\"@type\":\"PropertyValueSpecification\",\"valueRequired\":true,\"valueName\":\"search_term_string\"}}],\"inLanguage\":\"ro-RO\"},{\"@type\":\"Organization\",\"@id\":\"https:\\\/\\\/eurotech-iasi.ro\\\/magazinonline\\\/#organization\",\"name\":\"Eurotech Iasi\",\"url\":\"https:\\\/\\\/eurotech-iasi.ro\\\/magazinonline\\\/\",\"logo\":{\"@type\":\"ImageObject\",\"inLanguage\":\"ro-RO\",\"@id\":\"https:\\\/\\\/eurotech-iasi.ro\\\/magazinonline\\\/#\\\/schema\\\/logo\\\/image\\\/\",\"url\":\"https:\\\/\\\/eurotech-iasi.ro\\\/magazinonline\\\/wp-content\\\/uploads\\\/2020\\\/08\\\/logo-eurotech.png\",\"contentUrl\":\"https:\\\/\\\/eurotech-iasi.ro\\\/magazinonline\\\/wp-content\\\/uploads\\\/2020\\\/08\\\/logo-eurotech.png\",\"width\":290,\"height\":70,\"caption\":\"Eurotech Iasi\"},\"image\":{\"@id\":\"https:\\\/\\\/eurotech-iasi.ro\\\/magazinonline\\\/#\\\/schema\\\/logo\\\/image\\\/\"},\"sameAs\":[\"https:\\\/\\\/www.facebook.com\\\/EurotechIasi\\\/\"]}]}<\/script>\n<!-- \/ Yoast SEO plugin. -->","yoast_head_json":{"title":"Invertor Panou Solar 5kW, On Grid, trifazat, WiFi Growatt MOD5000TL3-X - Eurotech Iasi","robots":{"index":"index","follow":"follow","max-snippet":"max-snippet:-1","max-image-preview":"max-image-preview:large","max-video-preview":"max-video-preview:-1"},"canonical":"https:\/\/eurotech-iasi.ro\/magazinonline\/produs\/invertor-panou-solar-5kw-on-grid-trifazat-wifi-growatt-mod5000tl3-x\/","og_locale":"ro_RO","og_type":"article","og_title":"Invertor Panou Solar 5kW, On Grid, trifazat, WiFi Growatt MOD5000TL3-X - Eurotech Iasi","og_description":"Invertor Panou Solar 5kW, On Grid, trifazat, WiFi Growatt MOD5000TL3-X\u00a0 are un design placut, compact, are un buton tactil pentru programare parametri si un afisaj OLED usor de utilizat. In acest fel, puteti descoperi rapid ce se intampla cu sistemul dumneavoastra.  Cod produs:\u00a05180MOD5000TL3X  Conform Legii 39\/2023, TVA-ul pentru acest produs este de 5% pentru Persoanele Fizice, respectiv 19% pentru Persoanele Juridice. Pre\u021bul afi\u0219at este cu TVA 5%, pentru cump\u0103r\u0103torii Persoane Juridice valoarea total\u0103 se va comunica telefonic sau prin email.","og_url":"https:\/\/eurotech-iasi.ro\/magazinonline\/produs\/invertor-panou-solar-5kw-on-grid-trifazat-wifi-growatt-mod5000tl3-x\/","og_site_name":"Eurotech Iasi","article_publisher":"https:\/\/www.facebook.com\/EurotechIasi\/","article_modified_time":"2024-03-15T13:08:54+00:00","og_image":[{"width":750,"height":750,"url":"https:\/\/eurotech-iasi.ro\/magazinonline\/wp-content\/uploads\/2023\/05\/Design-fara-titlu-40.png","type":"image\/png"}],"twitter_misc":{"Timp estimat pentru citire":"3 minute"},"schema":{"@context":"https:\/\/schema.org","@graph":[{"@type":"WebPage","@id":"https:\/\/eurotech-iasi.ro\/magazinonline\/produs\/invertor-panou-solar-5kw-on-grid-trifazat-wifi-growatt-mod5000tl3-x\/","url":"https:\/\/eurotech-iasi.ro\/magazinonline\/produs\/invertor-panou-solar-5kw-on-grid-trifazat-wifi-growatt-mod5000tl3-x\/","name":"Invertor Panou Solar 5kW, On Grid, trifazat, WiFi Growatt MOD5000TL3-X - Eurotech Iasi","isPartOf":{"@id":"https:\/\/eurotech-iasi.ro\/magazinonline\/#website"},"primaryImageOfPage":{"@id":"https:\/\/eurotech-iasi.ro\/magazinonline\/produs\/invertor-panou-solar-5kw-on-grid-trifazat-wifi-growatt-mod5000tl3-x\/#primaryimage"},"image":{"@id":"https:\/\/eurotech-iasi.ro\/magazinonline\/produs\/invertor-panou-solar-5kw-on-grid-trifazat-wifi-growatt-mod5000tl3-x\/#primaryimage"},"thumbnailUrl":"https:\/\/eurotech-iasi.ro\/magazinonline\/wp-content\/uploads\/2023\/05\/Design-fara-titlu-40.png","datePublished":"2023-05-30T13:21:20+00:00","dateModified":"2024-03-15T13:08:54+00:00","breadcrumb":{"@id":"https:\/\/eurotech-iasi.ro\/magazinonline\/produs\/invertor-panou-solar-5kw-on-grid-trifazat-wifi-growatt-mod5000tl3-x\/#breadcrumb"},"inLanguage":"ro-RO","potentialAction":[{"@type":"ReadAction","target":["https:\/\/eurotech-iasi.ro\/magazinonline\/produs\/invertor-panou-solar-5kw-on-grid-trifazat-wifi-growatt-mod5000tl3-x\/"]}]},{"@type":"ImageObject","inLanguage":"ro-RO","@id":"https:\/\/eurotech-iasi.ro\/magazinonline\/produs\/invertor-panou-solar-5kw-on-grid-trifazat-wifi-growatt-mod5000tl3-x\/#primaryimage","url":"https:\/\/eurotech-iasi.ro\/magazinonline\/wp-content\/uploads\/2023\/05\/Design-fara-titlu-40.png","contentUrl":"https:\/\/eurotech-iasi.ro\/magazinonline\/wp-content\/uploads\/2023\/05\/Design-fara-titlu-40.png","width":750,"height":750,"caption":"Invertor Panou Solar 5kW, On Grid, trifazat, WiFi Growatt MOD5000TL3-X\u00a0"},{"@type":"BreadcrumbList","@id":"https:\/\/eurotech-iasi.ro\/magazinonline\/produs\/invertor-panou-solar-5kw-on-grid-trifazat-wifi-growatt-mod5000tl3-x\/#breadcrumb","itemListElement":[{"@type":"ListItem","position":1,"name":"Prima pagin\u0103","item":"https:\/\/eurotech-iasi.ro\/magazinonline\/"},{"@type":"ListItem","position":2,"name":"Shop","item":"https:\/\/eurotech-iasi.ro\/magazinonline\/shop\/"},{"@type":"ListItem","position":3,"name":"Invertor Panou Solar 5kW, On Grid, trifazat, WiFi Growatt MOD5000TL3-X"}]},{"@type":"WebSite","@id":"https:\/\/eurotech-iasi.ro\/magazinonline\/#website","url":"https:\/\/eurotech-iasi.ro\/magazinonline\/","name":"Eurotech Iasi","description":"Cu oameni seriosi","publisher":{"@id":"https:\/\/eurotech-iasi.ro\/magazinonline\/#organization"},"potentialAction":[{"@type":"SearchAction","target":{"@type":"EntryPoint","urlTemplate":"https:\/\/eurotech-iasi.ro\/magazinonline\/?s={search_term_string}"},"query-input":{"@type":"PropertyValueSpecification","valueRequired":true,"valueName":"search_term_string"}}],"inLanguage":"ro-RO"},{"@type":"Organization","@id":"https:\/\/eurotech-iasi.ro\/magazinonline\/#organization","name":"Eurotech Iasi","url":"https:\/\/eurotech-iasi.ro\/magazinonline\/","logo":{"@type":"ImageObject","inLanguage":"ro-RO","@id":"https:\/\/eurotech-iasi.ro\/magazinonline\/#\/schema\/logo\/image\/","url":"https:\/\/eurotech-iasi.ro\/magazinonline\/wp-content\/uploads\/2020\/08\/logo-eurotech.png","contentUrl":"https:\/\/eurotech-iasi.ro\/magazinonline\/wp-content\/uploads\/2020\/08\/logo-eurotech.png","width":290,"height":70,"caption":"Eurotech Iasi"},"image":{"@id":"https:\/\/eurotech-iasi.ro\/magazinonline\/#\/schema\/logo\/image\/"},"sameAs":["https:\/\/www.facebook.com\/EurotechIasi\/"]}]}},"_links":{"self":[{"href":"https:\/\/eurotech-iasi.ro\/magazinonline\/wp-json\/wp\/v2\/product\/87948","targetHints":{"allow":["GET"]}}],"collection":[{"href":"https:\/\/eurotech-iasi.ro\/magazinonline\/wp-json\/wp\/v2\/product"}],"about":[{"href":"https:\/\/eurotech-iasi.ro\/magazinonline\/wp-json\/wp\/v2\/types\/product"}],"replies":[{"embeddable":true,"href":"https:\/\/eurotech-iasi.ro\/magazinonline\/wp-json\/wp\/v2\/comments?post=87948"}],"wp:featuredmedia":[{"embeddable":true,"href":"https:\/\/eurotech-iasi.ro\/magazinonline\/wp-json\/wp\/v2\/media\/87950"}],"wp:attachment":[{"href":"https:\/\/eurotech-iasi.ro\/magazinonline\/wp-json\/wp\/v2\/media?parent=87948"}],"wp:term":[{"taxonomy":"product_cat","embeddable":true,"href":"https:\/\/eurotech-iasi.ro\/magazinonline\/wp-json\/wp\/v2\/product_cat?post=87948"},{"taxonomy":"product_tag","embeddable":true,"href":"https:\/\/eurotech-iasi.ro\/magazinonline\/wp-json\/wp\/v2\/product_tag?post=87948"},{"taxonomy":"woo-feed-brand","embeddable":true,"href":"https:\/\/eurotech-iasi.ro\/magazinonline\/wp-json\/wp\/v2\/woo-feed-brand?post=87948"}],"curies":[{"name":"wp","href":"https:\/\/api.w.org\/{rel}","templated":true}]}}