{"id":88620,"date":"2023-06-20T08:58:40","date_gmt":"2023-06-20T05:58:40","guid":{"rendered":"https:\/\/eurotech-iasi.ro\/magazinonline\/?post_type=product&#038;p=88620"},"modified":"2025-12-29T12:22:23","modified_gmt":"2025-12-29T10:22:23","slug":"fierastrau-circular-pentru-acumulatori-gks-185-li-bosch","status":"publish","type":"product","link":"https:\/\/eurotech-iasi.ro\/magazinonline\/produs\/fierastrau-circular-pentru-acumulatori-gks-185-li-bosch\/","title":{"rendered":"Fierastrau circular pentru acumulatori GKS 185-Li BOSCH"},"content":{"rendered":"<p><a title=\"Fierastrau circular pentru acumulatori GKS 185-Li BOSCH\" href=\"https:\/\/eurotech-iasi.ro\/magazinonline\/produs\/fierastrau-circular-pentru-acumulatori-gks-185-li-bosch\/\" rel=\"nofollow\"><strong>Fierastrau circular pentru acumulatori GKS 185-Li BOSCH<\/strong><\/a> ce taie cu usurinta fara cabluri avand o performanta impresionanta datorita motorului fara perii puternic de 18 V.<\/p>\n<p><em>Beneficii pentru utilizatori:<\/em><\/p>\n<ul>\n<li>Portul de aspirare a prafului se conecteaza la aspiratoarele Bosch pentru lucru fara praf<\/li>\n<li>Panza optimizata fara cablu de alimentare taie curat si precis<\/li>\n<li>Platforma flexibila pentru acumulatori si timp de functionare maximizat al acumulatorului pentru o durata de functionare indelungata<\/li>\n<li>Dimensiunea compacta si greutatea redusa au drept rezultat o experienta de taiere optimizata<\/li>\n<\/ul>\n<h2>Specificatii tehnice &#8211; Fierastrau circular pentru acumulatori GKS 185-Li BOSCH:<\/h2>\n<ul>\n<li><strong>Adancime de taiere maxima (la 90\u00b0): <\/strong>57 mm<\/li>\n<li><strong>Diametru disc (panza): <\/strong>165 mm<\/li>\n<li><strong>Diametru orificiu panza: <\/strong>20 mm<\/li>\n<li><strong>Sina de ghidare compatibila:<\/strong> nu<\/li>\n<li><strong>Turatie la mers in gol: <\/strong>5000 rpm<\/li>\n<li><strong>Tensiune acumulator compatibil: <\/strong>18.0 V<\/li>\n<li><strong>Capacitate acumulator:\u00a0<\/strong>Se livreaza fara acumulatori<\/li>\n<li><strong>Greutate: <\/strong>2.80 kg<\/li>\n<li><strong>Dimensiuni (L x l x h): <\/strong>345 x 174 x 256 mm<\/li>\n<li><strong>Nivel presiune sonora:<\/strong> 93 dB(A)<\/li>\n<li><strong>Nivel putere sonora:<\/strong> 104 dB(A)<\/li>\n<li><strong>Incertitudine:<\/strong> K 3 dB<\/li>\n<\/ul>\n<p><em>Set de livrare:<\/em><\/p>\n<ul>\n<li>1 p\u00e2nz\u0103 de fer\u0103str\u0103u circular, Standard for Wood, 165 x 1,5\/1,0 x 20 mm, 24 dinti (<span class=\"detail\">2 608 842 540)<\/span><\/li>\n<li>Limitator paralel\/adaptor \u015fin\u0103 de ghidare<\/li>\n<li>Cutie de carton<\/li>\n<\/ul>\n","protected":false},"excerpt":{"rendered":"<p><strong>Fierastrau circular pentru acumulatori GKS 185-Li BOSCH<\/strong> ce taie cu usurinta fara cabluri avand o performanta impresionanta datorita motorului fara perii puternic de 18 V.<\/p>\n<p><em><strong>Cod produs: 06016C1221<\/strong><\/em><\/p>\n<p><strong><em><span style=\"color: #ff0000;\">ATENTIE:<\/span> <\/em><em><span style=\"color: red;\">Setul de livrare nu include acumulator si incarcator!<\/span><\/em><\/strong><\/p>\n","protected":false},"featured_media":88691,"comment_status":"open","ping_status":"closed","template":"","meta":{"_acf_changed":false},"product_cat":[9847,4335],"product_tag":[],"woo-feed-brand":[],"class_list":{"0":"post-88620","1":"product","2":"type-product","3":"status-publish","4":"has-post-thumbnail","6":"product_brand-bosch","7":"product_cat-debitare-si-taiere","8":"product_cat-scule-electrice-cu-acumulatori","9":"pa_brand-bosch","10":"pa_greutate-2-8-kg","12":"first","13":"instock","14":"shipping-taxable","15":"purchasable","16":"product-type-simple"},"acf":[],"yoast_head":"<!-- This site is optimized with the Yoast SEO plugin v27.3 - https:\/\/yoast.com\/product\/yoast-seo-wordpress\/ -->\n<title>Fierastrau circular pentru acumulatori GKS 185-Li BOSCH - Eurotech Iasi<\/title>\n<meta name=\"robots\" content=\"index, follow, max-snippet:-1, max-image-preview:large, max-video-preview:-1\" \/>\n<link rel=\"canonical\" href=\"https:\/\/eurotech-iasi.ro\/magazinonline\/produs\/fierastrau-circular-pentru-acumulatori-gks-185-li-bosch\/\" \/>\n<meta property=\"og:locale\" content=\"ro_RO\" \/>\n<meta property=\"og:type\" content=\"article\" \/>\n<meta property=\"og:title\" content=\"Fierastrau circular pentru acumulatori GKS 185-Li BOSCH - Eurotech Iasi\" \/>\n<meta property=\"og:description\" content=\"Fierastrau circular pentru acumulatori GKS 185-Li BOSCH ce taie cu usurinta fara cabluri avand o performanta impresionanta datorita motorului fara perii puternic de 18 V.  Cod produs: 06016C1221  ATENTIE: Setul de livrare nu include acumulator si incarcator!\" \/>\n<meta property=\"og:url\" content=\"https:\/\/eurotech-iasi.ro\/magazinonline\/produs\/fierastrau-circular-pentru-acumulatori-gks-185-li-bosch\/\" \/>\n<meta property=\"og:site_name\" content=\"Eurotech Iasi\" \/>\n<meta property=\"article:publisher\" content=\"https:\/\/www.facebook.com\/EurotechIasi\/\" \/>\n<meta property=\"article:modified_time\" content=\"2025-12-29T10:22:23+00:00\" \/>\n<meta property=\"og:image\" content=\"https:\/\/eurotech-iasi.ro\/magazinonline\/wp-content\/uploads\/2023\/06\/Fierastrau-circular-pentru-acumulatori-GKS-185-Li-BOSCH-1.png\" \/>\n\t<meta property=\"og:image:width\" content=\"750\" \/>\n\t<meta property=\"og:image:height\" content=\"750\" \/>\n\t<meta property=\"og:image:type\" content=\"image\/png\" \/>\n<meta name=\"twitter:label1\" content=\"Timp estimat pentru citire\" \/>\n\t<meta name=\"twitter:data1\" content=\"1 minut\" \/>\n<script type=\"application\/ld+json\" class=\"yoast-schema-graph\">{\"@context\":\"https:\\\/\\\/schema.org\",\"@graph\":[{\"@type\":\"WebPage\",\"@id\":\"https:\\\/\\\/eurotech-iasi.ro\\\/magazinonline\\\/produs\\\/fierastrau-circular-pentru-acumulatori-gks-185-li-bosch\\\/\",\"url\":\"https:\\\/\\\/eurotech-iasi.ro\\\/magazinonline\\\/produs\\\/fierastrau-circular-pentru-acumulatori-gks-185-li-bosch\\\/\",\"name\":\"Fierastrau circular pentru acumulatori GKS 185-Li BOSCH - Eurotech Iasi\",\"isPartOf\":{\"@id\":\"https:\\\/\\\/eurotech-iasi.ro\\\/magazinonline\\\/#website\"},\"primaryImageOfPage\":{\"@id\":\"https:\\\/\\\/eurotech-iasi.ro\\\/magazinonline\\\/produs\\\/fierastrau-circular-pentru-acumulatori-gks-185-li-bosch\\\/#primaryimage\"},\"image\":{\"@id\":\"https:\\\/\\\/eurotech-iasi.ro\\\/magazinonline\\\/produs\\\/fierastrau-circular-pentru-acumulatori-gks-185-li-bosch\\\/#primaryimage\"},\"thumbnailUrl\":\"https:\\\/\\\/eurotech-iasi.ro\\\/magazinonline\\\/wp-content\\\/uploads\\\/2023\\\/06\\\/Fierastrau-circular-pentru-acumulatori-GKS-185-Li-BOSCH-1.png\",\"datePublished\":\"2023-06-20T05:58:40+00:00\",\"dateModified\":\"2025-12-29T10:22:23+00:00\",\"breadcrumb\":{\"@id\":\"https:\\\/\\\/eurotech-iasi.ro\\\/magazinonline\\\/produs\\\/fierastrau-circular-pentru-acumulatori-gks-185-li-bosch\\\/#breadcrumb\"},\"inLanguage\":\"ro-RO\",\"potentialAction\":[{\"@type\":\"ReadAction\",\"target\":[\"https:\\\/\\\/eurotech-iasi.ro\\\/magazinonline\\\/produs\\\/fierastrau-circular-pentru-acumulatori-gks-185-li-bosch\\\/\"]}]},{\"@type\":\"ImageObject\",\"inLanguage\":\"ro-RO\",\"@id\":\"https:\\\/\\\/eurotech-iasi.ro\\\/magazinonline\\\/produs\\\/fierastrau-circular-pentru-acumulatori-gks-185-li-bosch\\\/#primaryimage\",\"url\":\"https:\\\/\\\/eurotech-iasi.ro\\\/magazinonline\\\/wp-content\\\/uploads\\\/2023\\\/06\\\/Fierastrau-circular-pentru-acumulatori-GKS-185-Li-BOSCH-1.png\",\"contentUrl\":\"https:\\\/\\\/eurotech-iasi.ro\\\/magazinonline\\\/wp-content\\\/uploads\\\/2023\\\/06\\\/Fierastrau-circular-pentru-acumulatori-GKS-185-Li-BOSCH-1.png\",\"width\":750,\"height\":750,\"caption\":\"Fierastrau circular pentru acumulatori GKS 185-Li BOSCH\"},{\"@type\":\"BreadcrumbList\",\"@id\":\"https:\\\/\\\/eurotech-iasi.ro\\\/magazinonline\\\/produs\\\/fierastrau-circular-pentru-acumulatori-gks-185-li-bosch\\\/#breadcrumb\",\"itemListElement\":[{\"@type\":\"ListItem\",\"position\":1,\"name\":\"Prima pagin\u0103\",\"item\":\"https:\\\/\\\/eurotech-iasi.ro\\\/magazinonline\\\/\"},{\"@type\":\"ListItem\",\"position\":2,\"name\":\"Shop\",\"item\":\"https:\\\/\\\/eurotech-iasi.ro\\\/magazinonline\\\/shop\\\/\"},{\"@type\":\"ListItem\",\"position\":3,\"name\":\"Fierastrau circular pentru acumulatori GKS 185-Li BOSCH\"}]},{\"@type\":\"WebSite\",\"@id\":\"https:\\\/\\\/eurotech-iasi.ro\\\/magazinonline\\\/#website\",\"url\":\"https:\\\/\\\/eurotech-iasi.ro\\\/magazinonline\\\/\",\"name\":\"Eurotech Iasi\",\"description\":\"Cu oameni seriosi\",\"publisher\":{\"@id\":\"https:\\\/\\\/eurotech-iasi.ro\\\/magazinonline\\\/#organization\"},\"potentialAction\":[{\"@type\":\"SearchAction\",\"target\":{\"@type\":\"EntryPoint\",\"urlTemplate\":\"https:\\\/\\\/eurotech-iasi.ro\\\/magazinonline\\\/?s={search_term_string}\"},\"query-input\":{\"@type\":\"PropertyValueSpecification\",\"valueRequired\":true,\"valueName\":\"search_term_string\"}}],\"inLanguage\":\"ro-RO\"},{\"@type\":\"Organization\",\"@id\":\"https:\\\/\\\/eurotech-iasi.ro\\\/magazinonline\\\/#organization\",\"name\":\"Eurotech Iasi\",\"url\":\"https:\\\/\\\/eurotech-iasi.ro\\\/magazinonline\\\/\",\"logo\":{\"@type\":\"ImageObject\",\"inLanguage\":\"ro-RO\",\"@id\":\"https:\\\/\\\/eurotech-iasi.ro\\\/magazinonline\\\/#\\\/schema\\\/logo\\\/image\\\/\",\"url\":\"https:\\\/\\\/eurotech-iasi.ro\\\/magazinonline\\\/wp-content\\\/uploads\\\/2020\\\/08\\\/logo-eurotech.png\",\"contentUrl\":\"https:\\\/\\\/eurotech-iasi.ro\\\/magazinonline\\\/wp-content\\\/uploads\\\/2020\\\/08\\\/logo-eurotech.png\",\"width\":290,\"height\":70,\"caption\":\"Eurotech Iasi\"},\"image\":{\"@id\":\"https:\\\/\\\/eurotech-iasi.ro\\\/magazinonline\\\/#\\\/schema\\\/logo\\\/image\\\/\"},\"sameAs\":[\"https:\\\/\\\/www.facebook.com\\\/EurotechIasi\\\/\"]}]}<\/script>\n<!-- \/ Yoast SEO plugin. -->","yoast_head_json":{"title":"Fierastrau circular pentru acumulatori GKS 185-Li BOSCH - Eurotech Iasi","robots":{"index":"index","follow":"follow","max-snippet":"max-snippet:-1","max-image-preview":"max-image-preview:large","max-video-preview":"max-video-preview:-1"},"canonical":"https:\/\/eurotech-iasi.ro\/magazinonline\/produs\/fierastrau-circular-pentru-acumulatori-gks-185-li-bosch\/","og_locale":"ro_RO","og_type":"article","og_title":"Fierastrau circular pentru acumulatori GKS 185-Li BOSCH - Eurotech Iasi","og_description":"Fierastrau circular pentru acumulatori GKS 185-Li BOSCH ce taie cu usurinta fara cabluri avand o performanta impresionanta datorita motorului fara perii puternic de 18 V.  Cod produs: 06016C1221  ATENTIE: Setul de livrare nu include acumulator si incarcator!","og_url":"https:\/\/eurotech-iasi.ro\/magazinonline\/produs\/fierastrau-circular-pentru-acumulatori-gks-185-li-bosch\/","og_site_name":"Eurotech Iasi","article_publisher":"https:\/\/www.facebook.com\/EurotechIasi\/","article_modified_time":"2025-12-29T10:22:23+00:00","og_image":[{"width":750,"height":750,"url":"https:\/\/eurotech-iasi.ro\/magazinonline\/wp-content\/uploads\/2023\/06\/Fierastrau-circular-pentru-acumulatori-GKS-185-Li-BOSCH-1.png","type":"image\/png"}],"twitter_misc":{"Timp estimat pentru citire":"1 minut"},"schema":{"@context":"https:\/\/schema.org","@graph":[{"@type":"WebPage","@id":"https:\/\/eurotech-iasi.ro\/magazinonline\/produs\/fierastrau-circular-pentru-acumulatori-gks-185-li-bosch\/","url":"https:\/\/eurotech-iasi.ro\/magazinonline\/produs\/fierastrau-circular-pentru-acumulatori-gks-185-li-bosch\/","name":"Fierastrau circular pentru acumulatori GKS 185-Li BOSCH - Eurotech Iasi","isPartOf":{"@id":"https:\/\/eurotech-iasi.ro\/magazinonline\/#website"},"primaryImageOfPage":{"@id":"https:\/\/eurotech-iasi.ro\/magazinonline\/produs\/fierastrau-circular-pentru-acumulatori-gks-185-li-bosch\/#primaryimage"},"image":{"@id":"https:\/\/eurotech-iasi.ro\/magazinonline\/produs\/fierastrau-circular-pentru-acumulatori-gks-185-li-bosch\/#primaryimage"},"thumbnailUrl":"https:\/\/eurotech-iasi.ro\/magazinonline\/wp-content\/uploads\/2023\/06\/Fierastrau-circular-pentru-acumulatori-GKS-185-Li-BOSCH-1.png","datePublished":"2023-06-20T05:58:40+00:00","dateModified":"2025-12-29T10:22:23+00:00","breadcrumb":{"@id":"https:\/\/eurotech-iasi.ro\/magazinonline\/produs\/fierastrau-circular-pentru-acumulatori-gks-185-li-bosch\/#breadcrumb"},"inLanguage":"ro-RO","potentialAction":[{"@type":"ReadAction","target":["https:\/\/eurotech-iasi.ro\/magazinonline\/produs\/fierastrau-circular-pentru-acumulatori-gks-185-li-bosch\/"]}]},{"@type":"ImageObject","inLanguage":"ro-RO","@id":"https:\/\/eurotech-iasi.ro\/magazinonline\/produs\/fierastrau-circular-pentru-acumulatori-gks-185-li-bosch\/#primaryimage","url":"https:\/\/eurotech-iasi.ro\/magazinonline\/wp-content\/uploads\/2023\/06\/Fierastrau-circular-pentru-acumulatori-GKS-185-Li-BOSCH-1.png","contentUrl":"https:\/\/eurotech-iasi.ro\/magazinonline\/wp-content\/uploads\/2023\/06\/Fierastrau-circular-pentru-acumulatori-GKS-185-Li-BOSCH-1.png","width":750,"height":750,"caption":"Fierastrau circular pentru acumulatori GKS 185-Li BOSCH"},{"@type":"BreadcrumbList","@id":"https:\/\/eurotech-iasi.ro\/magazinonline\/produs\/fierastrau-circular-pentru-acumulatori-gks-185-li-bosch\/#breadcrumb","itemListElement":[{"@type":"ListItem","position":1,"name":"Prima pagin\u0103","item":"https:\/\/eurotech-iasi.ro\/magazinonline\/"},{"@type":"ListItem","position":2,"name":"Shop","item":"https:\/\/eurotech-iasi.ro\/magazinonline\/shop\/"},{"@type":"ListItem","position":3,"name":"Fierastrau circular pentru acumulatori GKS 185-Li BOSCH"}]},{"@type":"WebSite","@id":"https:\/\/eurotech-iasi.ro\/magazinonline\/#website","url":"https:\/\/eurotech-iasi.ro\/magazinonline\/","name":"Eurotech Iasi","description":"Cu oameni seriosi","publisher":{"@id":"https:\/\/eurotech-iasi.ro\/magazinonline\/#organization"},"potentialAction":[{"@type":"SearchAction","target":{"@type":"EntryPoint","urlTemplate":"https:\/\/eurotech-iasi.ro\/magazinonline\/?s={search_term_string}"},"query-input":{"@type":"PropertyValueSpecification","valueRequired":true,"valueName":"search_term_string"}}],"inLanguage":"ro-RO"},{"@type":"Organization","@id":"https:\/\/eurotech-iasi.ro\/magazinonline\/#organization","name":"Eurotech Iasi","url":"https:\/\/eurotech-iasi.ro\/magazinonline\/","logo":{"@type":"ImageObject","inLanguage":"ro-RO","@id":"https:\/\/eurotech-iasi.ro\/magazinonline\/#\/schema\/logo\/image\/","url":"https:\/\/eurotech-iasi.ro\/magazinonline\/wp-content\/uploads\/2020\/08\/logo-eurotech.png","contentUrl":"https:\/\/eurotech-iasi.ro\/magazinonline\/wp-content\/uploads\/2020\/08\/logo-eurotech.png","width":290,"height":70,"caption":"Eurotech Iasi"},"image":{"@id":"https:\/\/eurotech-iasi.ro\/magazinonline\/#\/schema\/logo\/image\/"},"sameAs":["https:\/\/www.facebook.com\/EurotechIasi\/"]}]}},"_links":{"self":[{"href":"https:\/\/eurotech-iasi.ro\/magazinonline\/wp-json\/wp\/v2\/product\/88620","targetHints":{"allow":["GET"]}}],"collection":[{"href":"https:\/\/eurotech-iasi.ro\/magazinonline\/wp-json\/wp\/v2\/product"}],"about":[{"href":"https:\/\/eurotech-iasi.ro\/magazinonline\/wp-json\/wp\/v2\/types\/product"}],"replies":[{"embeddable":true,"href":"https:\/\/eurotech-iasi.ro\/magazinonline\/wp-json\/wp\/v2\/comments?post=88620"}],"wp:featuredmedia":[{"embeddable":true,"href":"https:\/\/eurotech-iasi.ro\/magazinonline\/wp-json\/wp\/v2\/media\/88691"}],"wp:attachment":[{"href":"https:\/\/eurotech-iasi.ro\/magazinonline\/wp-json\/wp\/v2\/media?parent=88620"}],"wp:term":[{"taxonomy":"product_cat","embeddable":true,"href":"https:\/\/eurotech-iasi.ro\/magazinonline\/wp-json\/wp\/v2\/product_cat?post=88620"},{"taxonomy":"product_tag","embeddable":true,"href":"https:\/\/eurotech-iasi.ro\/magazinonline\/wp-json\/wp\/v2\/product_tag?post=88620"},{"taxonomy":"woo-feed-brand","embeddable":true,"href":"https:\/\/eurotech-iasi.ro\/magazinonline\/wp-json\/wp\/v2\/woo-feed-brand?post=88620"}],"curies":[{"name":"wp","href":"https:\/\/api.w.org\/{rel}","templated":true}]}}