{"id":92260,"date":"2023-06-22T16:48:31","date_gmt":"2023-06-22T13:48:31","guid":{"rendered":"https:\/\/eurotech-iasi.ro\/magazinonline\/produs\/aparat-de-spalat-cu-presiune-hds-12-18-4-sx-kaercher\/"},"modified":"2024-06-20T11:56:58","modified_gmt":"2024-06-20T08:56:58","slug":"aparat-de-spalat-cu-presiune-hds-12-18-4-sx-karcher","status":"publish","type":"product","link":"https:\/\/eurotech-iasi.ro\/magazinonline\/produs\/aparat-de-spalat-cu-presiune-hds-12-18-4-sx-karcher\/","title":{"rendered":"Aparat de spalat cu presiune HDS 12\/18-4 SX Karcher"},"content":{"rendered":"<h4>Aparat de spalat cu presiune profesional Karcher HDS 12\/18 -4SX EU-I, \u00a0cu apa calda sub presiune din noua clasa Super de la Karcher este caracterizat de gama larga de dotari pe care o ofera, cat si de randamentul sau.<\/h4>\n<h4>Aparat de spalat cu presiune Karcher HDS 12\/18 -4SX EU-I este prevazut cu un tambur integrat si cu furtun inalta presiune de 20 m . Datorita caracteristicii de a aduce un volum mare de apa, acest aparat de curatat sub presiune poate fi folosit pentru a economisi timp, cu 2 lancii de pulverizare. Tehnologia patentata a duzei, pompa axiala cu 3 pistoane ceramice si suflanta turbo, eficienta crescuta a pompei alaturi de alte accesorii, asigura un randament de curatare deosebit. Modul ecoefficiency, arzatorul imbunatatit si celelalte dotari precum comutatorul pentru reglarea precisa a detergentului asigura eficienta maxima si o maniera de utilizare prietenoasa cu mediul, ce ii usureaza totodata si operatorului munca. Toate operatiunile de service pot fi efectuate direct &#8211; datorita usurintei cu care se pot recupera datele si componentelor la care se ajunge usor.<\/h4>\n<h3><span style=\"text-decoration: underline;\">Caracteristici Aparat de spalat cu presiune Karcher HDS 12\/18 -4SX EU-I:<\/span><\/h3>\n<div class=\"ki-features-area\"><b>Eficien\u021b\u0103 ridicat\u0103<\/b><\/p>\n<ul>\n<li>\u00cen treapta ECO aparatul lucreaz\u0103 \u00een zona de temperatur\u0103 de cea mai mare rentabilitate (60 \u00b0C) &#8211; \u0219i asta la debit maxim al apei<\/li>\n<li>Printr-o adaptare optim\u0103 a ciclurilor de ardere consumul de combustibil este redus cu pana la 20% fata de consumul normal<\/li>\n<\/ul>\n<p><b>Fiabilitate<\/b><\/p>\n<ul>\n<li>Sistem de amortizare soft (SDS) compenseaza vibratiile si varfurile de presiune in sistemul de inalta presiune<\/li>\n<li>Filtru fin de apa, mare, usor accesibil, pentru protejarea pompei contra particulelor de praf din apa.<\/li>\n<li>Acces la datele tehnice ale aparatului pentru timp de utilizare si intervalele service necesare<\/li>\n<\/ul>\n<p><b>Eficien\u021b\u0103 maxim\u0103<\/b><\/p>\n<ul>\n<li>Tehnologie cu arz\u0103toare \u00eencercate \u0219i testate, cu eficien\u021b\u0103 ridicat\u0103.<\/li>\n<li>Electromotor \u00een 4 poli cu pompa axiala cu 3 pistoane<\/li>\n<li>Motor r\u0103cit cu ap\u0103 pentru un nivel \u00eenalt de performan\u021b\u0103 \u0219i durabilitate.<\/li>\n<\/ul>\n<p><b>Depozitare<\/b><\/p>\n<ul>\n<li>Tamburul \u00eencorporat cu furtun de presiune de 20 m permite o raz\u0103 de operare mare.<\/li>\n<li>La indemna pentru stangaci si dreptaci precum si pentru functionare cu doua lance<\/li>\n<\/ul>\n<p><b>Dozarea detergentului<\/b><\/p>\n<ul>\n<li>Ventilul pentru dozare exacta asigura un consum scazut<\/li>\n<li>Permutare simpla intre rezervorul 1 si 2 de detergent<\/li>\n<li>La pozitia 0 se deruleaza automat clatirea<\/li>\n<\/ul>\n<p><b>Economise\u0219te timp \u0219i energie: Pistol de \u00eenalt\u0103 presiune EASY!Force \u0219i elemente de fixare cu eliberare rapid\u0103 EASY!Lock<\/b><\/p>\n<ul>\n<li>In sfarsit &#8211; lucrezi fara sa obosesti: pistolul de inalta presiune EASY!Force<\/li>\n<li>EASY!Lock conectori cu eliberare rapida: durabil si rezistent. Si de cinci ori mai rapid decat cei prin insurubare.<\/li>\n<\/ul>\n<h3><span style=\"text-decoration: underline;\">Avantaje Aparat de spalat cu presiune Karcher HDS 12\/18 -4SX EU-I:<\/span><\/h3>\n<ul>\n<li>Presiune de decuplare<\/li>\n<li>Lance de pulverizare, 1050 mm<\/li>\n<li>Pistol de pulverizat, EASY!Force Advanced<\/li>\n<li>High-pressure hose, 20<\/li>\n<li>High-pressure hose, Longlife<\/li>\n<li>Tambur furtun de inalta presiune -integrat<\/li>\n<li>Pol-stecher de perete(3~)<\/li>\n<li>Duz\u0103 de putere<\/li>\n<li>Sistem de amortizare soft (SDS)<\/li>\n<li>Electronica de service<\/li>\n<li>Protec\u021bie \u00eempotriva func\u021bion\u0103rii pe uscat<\/li>\n<li>2 rezervoare pentru detergenti<\/li>\n<\/ul>\n<h3><span style=\"text-decoration: underline;\">Aplicatii Aparat de spalat cu presiune Karcher HDS 12\/18 -4SX EU-I:<\/span><\/h3>\n<div class=\"ki-product-list\">\n<ul>\n<li>Curatarea vehiculelor<\/li>\n<li>Curatarea aparatelor si masinilor<\/li>\n<li>Curatarea atelierelor<\/li>\n<li>Curatarea de zone exterioare<\/li>\n<li>Curatarea rezervoarelor<\/li>\n<li>Curatarea fatadelor<\/li>\n<li>Curatarea bazinelor<\/li>\n<li>Curatarea de stadioane sportive<\/li>\n<li>Curatare in cadrul proceselor de productie<\/li>\n<li>Curatarea de instalatii de productie<\/li>\n<\/ul>\n<\/div>\n<\/div>\n<h2>Specificatii tehnice<\/h2>\n<div class=\"row ki-row\"><\/div>\n<div class=\"row ki-row\">\n<div class=\"col-md-7 ki-row-label\">Tipul de curent. -Ph \/ V \/ Hz 3 \/ 400 \/ 50<\/div>\n<\/div>\n<div class=\"row ki-row\">\n<div class=\"col-md-7 ki-row-label\">Debit transportat &#8211;\u00a0 l\/h 600 \u2013 1200<br \/>\nPresiune de lucru bar \/ M &#8211; Pa 30 \u2013 180 \/ 3 \u2013 18<br \/>\nTemperatura maxima (la alimentare 12\u00b0C) \u00b0C &#8211;\u00a0 Min. 80 \u2013 Max. 155<br \/>\nConsum motorina, incarcare completa kg\/h &#8211; 7,7<br \/>\nConsumul de ulei de \u00eenc\u0103lzire, eficien\u021ba ecologic\u0103 kg\/h 6,2<br \/>\nPutere &#8211; kW 8,4<br \/>\nCablu de racordare &#8211; m 5<br \/>\nRezervor combustibil &#8211; l 25<br \/>\nGreutatea cu accesorii &#8211; kg 184<br \/>\nGreutate cu ambalaj. &#8211; kg 196<br \/>\nDimensiuni (L \u00d7 l \u00d7 H). mm &#8211; 1330 \u00d7 750 \u00d7 1060<\/div>\n<\/div>\n","protected":false},"excerpt":{"rendered":"<h4>Aparat de spalat cu presiune profesional Karcher HDS 12\/18 -4SX EU-I, \u00a0cu apa calda sub presiune este ideal pentru curatarea fatadelor, curatarea de stadioane sportive, curatarea bazinelor, curatarea de zone exterioare, curatarea atelierelor, curatarea aparatelor si masinilor etc.<\/h4>\n<p><em><strong>Cod produs: 1.071-925.0 <\/strong><\/em><\/p>\n<p><span style=\"color: #ff0000;\"><strong>*Livrare in 2 &#8211; 15 zile lucratoare de la data comenzii.<\/strong><\/span><\/p>\n","protected":false},"featured_media":97907,"comment_status":"open","ping_status":"closed","template":"","meta":{"_acf_changed":false},"product_cat":[4387,4339],"product_tag":[],"woo-feed-brand":[],"class_list":{"0":"post-92260","1":"product","2":"type-product","3":"status-publish","4":"has-post-thumbnail","6":"product_brand-karcher","7":"product_cat-aparate-de-spalat-cu-presiune-turbojet","8":"product_cat-echipamente-pentru-curatenie","9":"pa_brand-karcher","11":"first","12":"instock","13":"shipping-taxable","14":"purchasable","15":"product-type-simple"},"acf":[],"yoast_head":"<!-- This site is optimized with the Yoast SEO plugin v27.5 - https:\/\/yoast.com\/product\/yoast-seo-wordpress\/ -->\n<title>Aparat de spalat cu presiune HDS 12\/18-4 SX Karcher - Eurotech Iasi<\/title>\n<meta name=\"robots\" content=\"index, follow, max-snippet:-1, max-image-preview:large, max-video-preview:-1\" \/>\n<link rel=\"canonical\" href=\"https:\/\/eurotech-iasi.ro\/magazinonline\/produs\/aparat-de-spalat-cu-presiune-hds-12-18-4-sx-karcher\/\" \/>\n<meta property=\"og:locale\" content=\"ro_RO\" \/>\n<meta property=\"og:type\" content=\"article\" \/>\n<meta property=\"og:title\" content=\"Aparat de spalat cu presiune HDS 12\/18-4 SX Karcher - Eurotech Iasi\" \/>\n<meta property=\"og:description\" content=\"Aparat de spalat cu presiune profesional Karcher HDS 12\/18 -4SX EU-I, \u00a0cu apa calda sub presiune este ideal pentru curatarea fatadelor, curatarea de stadioane sportive, curatarea bazinelor, curatarea de zone exterioare, curatarea atelierelor, curatarea aparatelor si masinilor etc. Cod produs: 1.071-925.0   *Livrare in 2 - 15 zile lucratoare de la data comenzii.\" \/>\n<meta property=\"og:url\" content=\"https:\/\/eurotech-iasi.ro\/magazinonline\/produs\/aparat-de-spalat-cu-presiune-hds-12-18-4-sx-karcher\/\" \/>\n<meta property=\"og:site_name\" content=\"Eurotech Iasi\" \/>\n<meta property=\"article:publisher\" content=\"https:\/\/www.facebook.com\/EurotechIasi\/\" \/>\n<meta property=\"article:modified_time\" content=\"2024-06-20T08:56:58+00:00\" \/>\n<meta property=\"og:image\" content=\"https:\/\/eurotech-iasi.ro\/magazinonline\/wp-content\/uploads\/2023\/06\/Aparat-de-spalat-cu-presiune-HDS-1218-4-SX-Karcher-2.png\" \/>\n\t<meta property=\"og:image:width\" content=\"750\" \/>\n\t<meta property=\"og:image:height\" content=\"750\" \/>\n\t<meta property=\"og:image:type\" content=\"image\/png\" \/>\n<meta name=\"twitter:label1\" content=\"Timp estimat pentru citire\" \/>\n\t<meta name=\"twitter:data1\" content=\"3 minute\" \/>\n<script type=\"application\/ld+json\" class=\"yoast-schema-graph\">{\"@context\":\"https:\\\/\\\/schema.org\",\"@graph\":[{\"@type\":\"WebPage\",\"@id\":\"https:\\\/\\\/eurotech-iasi.ro\\\/magazinonline\\\/produs\\\/aparat-de-spalat-cu-presiune-hds-12-18-4-sx-karcher\\\/\",\"url\":\"https:\\\/\\\/eurotech-iasi.ro\\\/magazinonline\\\/produs\\\/aparat-de-spalat-cu-presiune-hds-12-18-4-sx-karcher\\\/\",\"name\":\"Aparat de spalat cu presiune HDS 12\\\/18-4 SX Karcher - Eurotech Iasi\",\"isPartOf\":{\"@id\":\"https:\\\/\\\/eurotech-iasi.ro\\\/magazinonline\\\/#website\"},\"primaryImageOfPage\":{\"@id\":\"https:\\\/\\\/eurotech-iasi.ro\\\/magazinonline\\\/produs\\\/aparat-de-spalat-cu-presiune-hds-12-18-4-sx-karcher\\\/#primaryimage\"},\"image\":{\"@id\":\"https:\\\/\\\/eurotech-iasi.ro\\\/magazinonline\\\/produs\\\/aparat-de-spalat-cu-presiune-hds-12-18-4-sx-karcher\\\/#primaryimage\"},\"thumbnailUrl\":\"https:\\\/\\\/eurotech-iasi.ro\\\/magazinonline\\\/wp-content\\\/uploads\\\/2023\\\/06\\\/Aparat-de-spalat-cu-presiune-HDS-1218-4-SX-Karcher-2.png\",\"datePublished\":\"2023-06-22T13:48:31+00:00\",\"dateModified\":\"2024-06-20T08:56:58+00:00\",\"breadcrumb\":{\"@id\":\"https:\\\/\\\/eurotech-iasi.ro\\\/magazinonline\\\/produs\\\/aparat-de-spalat-cu-presiune-hds-12-18-4-sx-karcher\\\/#breadcrumb\"},\"inLanguage\":\"ro-RO\",\"potentialAction\":[{\"@type\":\"ReadAction\",\"target\":[\"https:\\\/\\\/eurotech-iasi.ro\\\/magazinonline\\\/produs\\\/aparat-de-spalat-cu-presiune-hds-12-18-4-sx-karcher\\\/\"]}]},{\"@type\":\"ImageObject\",\"inLanguage\":\"ro-RO\",\"@id\":\"https:\\\/\\\/eurotech-iasi.ro\\\/magazinonline\\\/produs\\\/aparat-de-spalat-cu-presiune-hds-12-18-4-sx-karcher\\\/#primaryimage\",\"url\":\"https:\\\/\\\/eurotech-iasi.ro\\\/magazinonline\\\/wp-content\\\/uploads\\\/2023\\\/06\\\/Aparat-de-spalat-cu-presiune-HDS-1218-4-SX-Karcher-2.png\",\"contentUrl\":\"https:\\\/\\\/eurotech-iasi.ro\\\/magazinonline\\\/wp-content\\\/uploads\\\/2023\\\/06\\\/Aparat-de-spalat-cu-presiune-HDS-1218-4-SX-Karcher-2.png\",\"width\":750,\"height\":750,\"caption\":\"Aparat de spalat cu presiune HDS 12\\\/18-4 SX Karcher\"},{\"@type\":\"BreadcrumbList\",\"@id\":\"https:\\\/\\\/eurotech-iasi.ro\\\/magazinonline\\\/produs\\\/aparat-de-spalat-cu-presiune-hds-12-18-4-sx-karcher\\\/#breadcrumb\",\"itemListElement\":[{\"@type\":\"ListItem\",\"position\":1,\"name\":\"Prima pagin\u0103\",\"item\":\"https:\\\/\\\/eurotech-iasi.ro\\\/magazinonline\\\/\"},{\"@type\":\"ListItem\",\"position\":2,\"name\":\"Shop\",\"item\":\"https:\\\/\\\/eurotech-iasi.ro\\\/magazinonline\\\/shop\\\/\"},{\"@type\":\"ListItem\",\"position\":3,\"name\":\"Aparat de spalat cu presiune HDS 12\\\/18-4 SX Karcher\"}]},{\"@type\":\"WebSite\",\"@id\":\"https:\\\/\\\/eurotech-iasi.ro\\\/magazinonline\\\/#website\",\"url\":\"https:\\\/\\\/eurotech-iasi.ro\\\/magazinonline\\\/\",\"name\":\"Eurotech Iasi\",\"description\":\"Cu oameni seriosi\",\"publisher\":{\"@id\":\"https:\\\/\\\/eurotech-iasi.ro\\\/magazinonline\\\/#organization\"},\"potentialAction\":[{\"@type\":\"SearchAction\",\"target\":{\"@type\":\"EntryPoint\",\"urlTemplate\":\"https:\\\/\\\/eurotech-iasi.ro\\\/magazinonline\\\/?s={search_term_string}\"},\"query-input\":{\"@type\":\"PropertyValueSpecification\",\"valueRequired\":true,\"valueName\":\"search_term_string\"}}],\"inLanguage\":\"ro-RO\"},{\"@type\":\"Organization\",\"@id\":\"https:\\\/\\\/eurotech-iasi.ro\\\/magazinonline\\\/#organization\",\"name\":\"Eurotech Iasi\",\"url\":\"https:\\\/\\\/eurotech-iasi.ro\\\/magazinonline\\\/\",\"logo\":{\"@type\":\"ImageObject\",\"inLanguage\":\"ro-RO\",\"@id\":\"https:\\\/\\\/eurotech-iasi.ro\\\/magazinonline\\\/#\\\/schema\\\/logo\\\/image\\\/\",\"url\":\"https:\\\/\\\/eurotech-iasi.ro\\\/magazinonline\\\/wp-content\\\/uploads\\\/2020\\\/08\\\/logo-eurotech.png\",\"contentUrl\":\"https:\\\/\\\/eurotech-iasi.ro\\\/magazinonline\\\/wp-content\\\/uploads\\\/2020\\\/08\\\/logo-eurotech.png\",\"width\":290,\"height\":70,\"caption\":\"Eurotech Iasi\"},\"image\":{\"@id\":\"https:\\\/\\\/eurotech-iasi.ro\\\/magazinonline\\\/#\\\/schema\\\/logo\\\/image\\\/\"},\"sameAs\":[\"https:\\\/\\\/www.facebook.com\\\/EurotechIasi\\\/\"]}]}<\/script>\n<!-- \/ Yoast SEO plugin. -->","yoast_head_json":{"title":"Aparat de spalat cu presiune HDS 12\/18-4 SX Karcher - Eurotech Iasi","robots":{"index":"index","follow":"follow","max-snippet":"max-snippet:-1","max-image-preview":"max-image-preview:large","max-video-preview":"max-video-preview:-1"},"canonical":"https:\/\/eurotech-iasi.ro\/magazinonline\/produs\/aparat-de-spalat-cu-presiune-hds-12-18-4-sx-karcher\/","og_locale":"ro_RO","og_type":"article","og_title":"Aparat de spalat cu presiune HDS 12\/18-4 SX Karcher - Eurotech Iasi","og_description":"Aparat de spalat cu presiune profesional Karcher HDS 12\/18 -4SX EU-I, \u00a0cu apa calda sub presiune este ideal pentru curatarea fatadelor, curatarea de stadioane sportive, curatarea bazinelor, curatarea de zone exterioare, curatarea atelierelor, curatarea aparatelor si masinilor etc. Cod produs: 1.071-925.0   *Livrare in 2 - 15 zile lucratoare de la data comenzii.","og_url":"https:\/\/eurotech-iasi.ro\/magazinonline\/produs\/aparat-de-spalat-cu-presiune-hds-12-18-4-sx-karcher\/","og_site_name":"Eurotech Iasi","article_publisher":"https:\/\/www.facebook.com\/EurotechIasi\/","article_modified_time":"2024-06-20T08:56:58+00:00","og_image":[{"width":750,"height":750,"url":"https:\/\/eurotech-iasi.ro\/magazinonline\/wp-content\/uploads\/2023\/06\/Aparat-de-spalat-cu-presiune-HDS-1218-4-SX-Karcher-2.png","type":"image\/png"}],"twitter_misc":{"Timp estimat pentru citire":"3 minute"},"schema":{"@context":"https:\/\/schema.org","@graph":[{"@type":"WebPage","@id":"https:\/\/eurotech-iasi.ro\/magazinonline\/produs\/aparat-de-spalat-cu-presiune-hds-12-18-4-sx-karcher\/","url":"https:\/\/eurotech-iasi.ro\/magazinonline\/produs\/aparat-de-spalat-cu-presiune-hds-12-18-4-sx-karcher\/","name":"Aparat de spalat cu presiune HDS 12\/18-4 SX Karcher - Eurotech Iasi","isPartOf":{"@id":"https:\/\/eurotech-iasi.ro\/magazinonline\/#website"},"primaryImageOfPage":{"@id":"https:\/\/eurotech-iasi.ro\/magazinonline\/produs\/aparat-de-spalat-cu-presiune-hds-12-18-4-sx-karcher\/#primaryimage"},"image":{"@id":"https:\/\/eurotech-iasi.ro\/magazinonline\/produs\/aparat-de-spalat-cu-presiune-hds-12-18-4-sx-karcher\/#primaryimage"},"thumbnailUrl":"https:\/\/eurotech-iasi.ro\/magazinonline\/wp-content\/uploads\/2023\/06\/Aparat-de-spalat-cu-presiune-HDS-1218-4-SX-Karcher-2.png","datePublished":"2023-06-22T13:48:31+00:00","dateModified":"2024-06-20T08:56:58+00:00","breadcrumb":{"@id":"https:\/\/eurotech-iasi.ro\/magazinonline\/produs\/aparat-de-spalat-cu-presiune-hds-12-18-4-sx-karcher\/#breadcrumb"},"inLanguage":"ro-RO","potentialAction":[{"@type":"ReadAction","target":["https:\/\/eurotech-iasi.ro\/magazinonline\/produs\/aparat-de-spalat-cu-presiune-hds-12-18-4-sx-karcher\/"]}]},{"@type":"ImageObject","inLanguage":"ro-RO","@id":"https:\/\/eurotech-iasi.ro\/magazinonline\/produs\/aparat-de-spalat-cu-presiune-hds-12-18-4-sx-karcher\/#primaryimage","url":"https:\/\/eurotech-iasi.ro\/magazinonline\/wp-content\/uploads\/2023\/06\/Aparat-de-spalat-cu-presiune-HDS-1218-4-SX-Karcher-2.png","contentUrl":"https:\/\/eurotech-iasi.ro\/magazinonline\/wp-content\/uploads\/2023\/06\/Aparat-de-spalat-cu-presiune-HDS-1218-4-SX-Karcher-2.png","width":750,"height":750,"caption":"Aparat de spalat cu presiune HDS 12\/18-4 SX Karcher"},{"@type":"BreadcrumbList","@id":"https:\/\/eurotech-iasi.ro\/magazinonline\/produs\/aparat-de-spalat-cu-presiune-hds-12-18-4-sx-karcher\/#breadcrumb","itemListElement":[{"@type":"ListItem","position":1,"name":"Prima pagin\u0103","item":"https:\/\/eurotech-iasi.ro\/magazinonline\/"},{"@type":"ListItem","position":2,"name":"Shop","item":"https:\/\/eurotech-iasi.ro\/magazinonline\/shop\/"},{"@type":"ListItem","position":3,"name":"Aparat de spalat cu presiune HDS 12\/18-4 SX Karcher"}]},{"@type":"WebSite","@id":"https:\/\/eurotech-iasi.ro\/magazinonline\/#website","url":"https:\/\/eurotech-iasi.ro\/magazinonline\/","name":"Eurotech Iasi","description":"Cu oameni seriosi","publisher":{"@id":"https:\/\/eurotech-iasi.ro\/magazinonline\/#organization"},"potentialAction":[{"@type":"SearchAction","target":{"@type":"EntryPoint","urlTemplate":"https:\/\/eurotech-iasi.ro\/magazinonline\/?s={search_term_string}"},"query-input":{"@type":"PropertyValueSpecification","valueRequired":true,"valueName":"search_term_string"}}],"inLanguage":"ro-RO"},{"@type":"Organization","@id":"https:\/\/eurotech-iasi.ro\/magazinonline\/#organization","name":"Eurotech Iasi","url":"https:\/\/eurotech-iasi.ro\/magazinonline\/","logo":{"@type":"ImageObject","inLanguage":"ro-RO","@id":"https:\/\/eurotech-iasi.ro\/magazinonline\/#\/schema\/logo\/image\/","url":"https:\/\/eurotech-iasi.ro\/magazinonline\/wp-content\/uploads\/2020\/08\/logo-eurotech.png","contentUrl":"https:\/\/eurotech-iasi.ro\/magazinonline\/wp-content\/uploads\/2020\/08\/logo-eurotech.png","width":290,"height":70,"caption":"Eurotech Iasi"},"image":{"@id":"https:\/\/eurotech-iasi.ro\/magazinonline\/#\/schema\/logo\/image\/"},"sameAs":["https:\/\/www.facebook.com\/EurotechIasi\/"]}]}},"_links":{"self":[{"href":"https:\/\/eurotech-iasi.ro\/magazinonline\/wp-json\/wp\/v2\/product\/92260","targetHints":{"allow":["GET"]}}],"collection":[{"href":"https:\/\/eurotech-iasi.ro\/magazinonline\/wp-json\/wp\/v2\/product"}],"about":[{"href":"https:\/\/eurotech-iasi.ro\/magazinonline\/wp-json\/wp\/v2\/types\/product"}],"replies":[{"embeddable":true,"href":"https:\/\/eurotech-iasi.ro\/magazinonline\/wp-json\/wp\/v2\/comments?post=92260"}],"wp:featuredmedia":[{"embeddable":true,"href":"https:\/\/eurotech-iasi.ro\/magazinonline\/wp-json\/wp\/v2\/media\/97907"}],"wp:attachment":[{"href":"https:\/\/eurotech-iasi.ro\/magazinonline\/wp-json\/wp\/v2\/media?parent=92260"}],"wp:term":[{"taxonomy":"product_cat","embeddable":true,"href":"https:\/\/eurotech-iasi.ro\/magazinonline\/wp-json\/wp\/v2\/product_cat?post=92260"},{"taxonomy":"product_tag","embeddable":true,"href":"https:\/\/eurotech-iasi.ro\/magazinonline\/wp-json\/wp\/v2\/product_tag?post=92260"},{"taxonomy":"woo-feed-brand","embeddable":true,"href":"https:\/\/eurotech-iasi.ro\/magazinonline\/wp-json\/wp\/v2\/woo-feed-brand?post=92260"}],"curies":[{"name":"wp","href":"https:\/\/api.w.org\/{rel}","templated":true}]}}